192.178.16.96 - - [04/Apr/2026:05:55:01 -0700] "GET /wp-content/plugins/jet-elements/assets/js/lib/anime-js/anime.min.js?ver=2.2.0 HTTP/1.1" 200 5935 "https://wanderlustyacht.co/?s=4a9242" "Mozilla/5.0 (X11; Linux x86_64) AppleWebKit/537.36 (KHTML, like Gecko) Chrome/146.0.7680.164 Safari/537.36" 15 **0/15252**
192.178.16.105 - - [04/Apr/2026:05:55:01 -0700] "GET /wp-content/plugins/elementor-pro/assets/js/webpack-pro.runtime.min.js?ver=3.31.2 HTTP/1.1" 200 2623 "https://wanderlustyacht.co/?s=4a9242" "Mozilla/5.0 (X11; Linux x86_64) AppleWebKit/537.36 (KHTML, like Gecko) Chrome/146.0.7680.164 Safari/537.36" 23 **0/23838**
192.178.16.104 - - [04/Apr/2026:05:55:01 -0700] "GET /wp-content/plugins/jet-blocks/assets/js/jet-blocks.min.js?ver=1.3.16 HTTP/1.1" 200 5419 "https://wanderlustyacht.co/?s=4a9242" "Mozilla/5.0 (X11; Linux x86_64) AppleWebKit/537.36 (KHTML, like Gecko) Chrome/146.0.7680.164 Safari/537.36" 22 **0/22332**
192.178.16.96 - - [04/Apr/2026:05:55:01 -0700] "GET /wp-content/plugins/elementor-pro/assets/lib/smartmenus/jquery.smartmenus.min.js?ver=1.2.1 HTTP/1.1" 200 6877 "https://wanderlustyacht.co/?s=4a9242" "Mozilla/5.0 (X11; Linux x86_64) AppleWebKit/537.36 (KHTML, like Gecko) Chrome/146.0.7680.164 Safari/537.36" 21 **0/21320**
192.178.16.96 - - [04/Apr/2026:05:55:01 -0700] "GET /wp-includes/js/dist/hooks.min.js?ver=dd5603f07f9220ed27f1 HTTP/1.1" 200 1855 "https://wanderlustyacht.co/?s=4a9242" "Mozilla/5.0 (X11; Linux x86_64) AppleWebKit/537.36 (KHTML, like Gecko) Chrome/146.0.7680.164 Safari/537.36" 62 **0/62465**
192.178.16.96 - - [04/Apr/2026:05:55:02 -0700] "GET /wp-content/plugins/jet-elements/assets/js/jet-elements.min.js?ver=2.7.2.1 HTTP/1.1" 200 23789 "https://wanderlustyacht.co/?s=4a9242" "Mozilla/5.0 (X11; Linux x86_64) AppleWebKit/537.36 (KHTML, like Gecko) Chrome/146.0.7680.164 Safari/537.36" 74 **0/74056**
192.178.16.104 - - [04/Apr/2026:05:55:02 -0700] "GET /wp-includes/js/hoverIntent.min.js?ver=1.10.2 HTTP/1.1" 200 669 "https://wanderlustyacht.co/?s=4a9242" "Mozilla/5.0 (X11; Linux x86_64) AppleWebKit/537.36 (KHTML, like Gecko) Chrome/146.0.7680.164 Safari/537.36" 9 **0/9303**
192.178.16.105 - - [04/Apr/2026:05:55:02 -0700] "GET /wp-content/plugins/jet-search/assets/lib/jet-plugins/jet-plugins.js?ver=1.0.0 HTTP/1.1" 200 2171 "https://wanderlustyacht.co/?s=4a9242" "Mozilla/5.0 (X11; Linux x86_64) AppleWebKit/537.36 (KHTML, like Gecko) Chrome/146.0.7680.164 Safari/537.36" 13 **0/13210**
192.178.16.105 - - [04/Apr/2026:05:55:02 -0700] "GET /wp-content/plugins/elementor/assets/js/frontend-modules.min.js?ver=4.0.1 HTTP/1.1" 200 15454 "https://wanderlustyacht.co/?s=4a9242" "Mozilla/5.0 (X11; Linux x86_64) AppleWebKit/537.36 (KHTML, like Gecko) Chrome/146.0.7680.164 Safari/537.36" 60 **0/60095**
192.178.16.105 - - [04/Apr/2026:05:55:02 -0700] "GET /wp-includes/js/jquery/ui/core.min.js?ver=1.13.3 HTTP/1.1" 200 6820 "https://wanderlustyacht.co/?s=4a9242" "Mozilla/5.0 (X11; Linux x86_64) AppleWebKit/537.36 (KHTML, like Gecko) Chrome/146.0.7680.164 Safari/537.36" 12 **0/12932**
192.178.16.105 - - [04/Apr/2026:05:55:02 -0700] "GET /wp-includes/js/dist/api-fetch.min.js?ver=3a4d9af2b423048b0dee HTTP/1.1" 200 2304 "https://wanderlustyacht.co/?s=4a9242" "Mozilla/5.0 (X11; Linux x86_64) AppleWebKit/537.36 (KHTML, like Gecko) Chrome/146.0.7680.164 Safari/537.36" 18 **0/18820**
192.178.16.105 - - [04/Apr/2026:05:55:02 -0700] "GET /wp-content/plugins/wpbf-premium/js/site.js?ver=2.10.4 HTTP/1.1" 200 2623 "https://wanderlustyacht.co/?s=4a9242" "Mozilla/5.0 (X11; Linux x86_64) AppleWebKit/537.36 (KHTML, like Gecko) Chrome/146.0.7680.164 Safari/537.36" 20 **0/20285**
192.178.16.104 - - [04/Apr/2026:05:55:02 -0700] "GET /wp-content/plugins/jet-popup/assets/js/jet-popup-frontend.js?ver=2.0.10 HTTP/1.1" 200 6520 "https://wanderlustyacht.co/?s=4a9242" "Mozilla/5.0 (X11; Linux x86_64) AppleWebKit/537.36 (KHTML, like Gecko) Chrome/146.0.7680.164 Safari/537.36" 23 **0/23667**
192.178.16.105 - - [04/Apr/2026:05:55:03 -0700] "GET /wp-content/plugins/jet-blog/assets/js/jet-blog.min.js?ver=2.4.2 HTTP/1.1" 200 3338 "https://wanderlustyacht.co/?s=4a9242" "Mozilla/5.0 (X11; Linux x86_64) AppleWebKit/537.36 (KHTML, like Gecko) Chrome/146.0.7680.164 Safari/537.36" 24 **0/24820**
192.178.16.104 - - [04/Apr/2026:05:55:03 -0700] "GET /wp-content/plugins/jet-tabs/assets/js/jet-tabs-frontend.min.js?ver=2.2.6.2 HTTP/1.1" 200 5807 "https://wanderlustyacht.co/?s=4a9242" "Mozilla/5.0 (X11; Linux x86_64) AppleWebKit/537.36 (KHTML, like Gecko) Chrome/146.0.7680.164 Safari/537.36" 17 **0/17809**
192.178.16.104 - - [04/Apr/2026:05:55:03 -0700] "GET /wp-content/plugins/jet-menu/assets/public/js/jet-menu-public-scripts.js?ver=2.4.7.1 HTTP/1.1" 200 10503 "https://wanderlustyacht.co/?s=4a9242" "Mozilla/5.0 (X11; Linux x86_64) AppleWebKit/537.36 (KHTML, like Gecko) Chrome/146.0.7680.164 Safari/537.36" 22 **0/22651**
192.178.16.104 - - [04/Apr/2026:05:55:03 -0700] "GET /wp-content/plugins/jet-popup/includes/elementor/assets/js/jet-popup-elementor-frontend.js?ver=2.0.10 HTTP/1.1" 200 2147 "https://wanderlustyacht.co/?s=4a9242" "Mozilla/5.0 (X11; Linux x86_64) AppleWebKit/537.36 (KHTML, like Gecko) Chrome/146.0.7680.164 Safari/537.36" 17 **0/17007**
192.178.16.104 - - [04/Apr/2026:05:55:04 -0700] "GET /wp-content/uploads/2024/08/times.ttf HTTP/1.1" 200 190263 "https://wanderlustyacht.co/?s=4a9242" "Mozilla/5.0 (X11; Linux x86_64) AppleWebKit/537.36 (KHTML, like Gecko) Chrome/146.0.7680.164 Safari/537.36" 153 **0/153545**
192.178.16.104 - - [04/Apr/2026:05:55:04 -0700] "GET /wp-content/plugins/elementor/assets/js/shared-frontend-handlers.03caa53373b56d3bab67.bundle.min.js HTTP/1.1" 200 2515 "https://wanderlustyacht.co/?s=4a9242" "Mozilla/5.0 (X11; Linux x86_64) AppleWebKit/537.36 (KHTML, like Gecko) Chrome/146.0.7680.164 Safari/537.36" 12 **0/12029**
192.178.16.105 - - [04/Apr/2026:05:55:05 -0700] "GET /wp-content/plugins/elementor/assets/js/section-frontend-handlers.d85ab872da118940910d.bundle.min.js HTTP/1.1" 200 230 "https://wanderlustyacht.co/?s=4a9242" "Mozilla/5.0 (X11; Linux x86_64) AppleWebKit/537.36 (KHTML, like Gecko) Chrome/146.0.7680.164 Safari/537.36" 16 **0/16673**
192.178.16.104 - - [04/Apr/2026:05:55:05 -0700] "GET /wp-content/plugins/elementor-pro/assets/js/nav-menu.a23fbd67486c5bedf26c.bundle.min.js HTTP/1.1" 200 1756 "https://wanderlustyacht.co/?s=4a9242" "Mozilla/5.0 (X11; Linux x86_64) AppleWebKit/537.36 (KHTML, like Gecko) Chrome/146.0.7680.164 Safari/537.36" 25 **0/25994**
192.178.16.105 - - [04/Apr/2026:05:55:05 -0700] "GET /wp-content/plugins/elementor/assets/js/text-editor.45609661e409413f1cef.bundle.min.js HTTP/1.1" 200 592 "https://wanderlustyacht.co/?s=4a9242" "Mozilla/5.0 (X11; Linux x86_64) AppleWebKit/537.36 (KHTML, like Gecko) Chrome/146.0.7680.164 Safari/537.36" 18 **0/18700**
192.178.16.104 - - [04/Apr/2026:05:55:05 -0700] "GET /wp-content/uploads/2024/07/footer-cards.png HTTP/1.1" 200 67493 "https://wanderlustyacht.co/?s=4a9242" "Mozilla/5.0 (X11; Linux x86_64) AppleWebKit/537.36 (KHTML, like Gecko) Chrome/146.0.7680.164 Safari/537.36" 11 **0/11011**
192.178.16.104 - - [04/Apr/2026:05:55:07 -0700] "GET /index.php/?s=523fa6 HTTP/1.1" 200 18920 "-" "Mozilla/5.0 (X11; Linux x86_64) AppleWebKit/537.36 (KHTML, like Gecko) Chrome/146.0.7680.164 Safari/537.36" 3500 **3/3500141**
208.109.40.231 - - [04/Apr/2026:05:56:11 -0700] "POST /wp-cron.php?doing_wp_cron=1775307371.6341829299926757812500 HTTP/1.1" 200 - "-" "WordPress/6.9.4; https://wanderlustyacht.co" 136 **0/136638**
192.178.4.104 - - [04/Apr/2026:05:56:07 -0700] "GET /index.php/?s=63b293 HTTP/1.1" 200 18919 "-" "Mozilla/5.0 (compatible; Googlebot/2.1; +http://www.google.com/bot.html)" 4247 **4/4247794**
208.109.40.231 - - [04/Apr/2026:05:58:00 -0700] "POST /wp-cron.php?doing_wp_cron=1775307480.2335610389709472656250 HTTP/1.1" 200 - "-" "WordPress/6.9.4; https://wanderlustyacht.co" 208 **0/208789**
192.178.4.105 - - [04/Apr/2026:05:57:52 -0700] "GET /?s=433b1b HTTP/1.1" 200 18921 "-" "Mozilla/5.0 (Linux; Android 6.0.1; Nexus 5X Build/MMB29P) AppleWebKit/537.36 (KHTML, like Gecko) Chrome/146.0.7680.177 Mobile Safari/537.36 (compatible; Googlebot/2.1; +http://www.google.com/bot.html)" 7841 **7/7841891**
192.178.4.105 - - [04/Apr/2026:05:57:56 -0700] "GET /?s=4617aa HTTP/1.1" 200 18922 "-" "Mozilla/5.0 (Linux; Android 6.0.1; Nexus 5X Build/MMB29P) AppleWebKit/537.36 (KHTML, like Gecko) Chrome/146.0.7680.177 Mobile Safari/537.36 (compatible; Googlebot/2.1; +http://www.google.com/bot.html)" 7682 **7/7682249**
192.178.4.105 - - [04/Apr/2026:05:58:04 -0700] "GET /wp-content/plugins/jet-theme-core/assets/css/frontend.css?ver=2.2.2.1 HTTP/1.1" 200 1 "https://wanderlustyacht.co/?s=433b1b" "Mozilla/5.0 (Linux; Android 6.0.1; Nexus 5X Build/MMB29P) AppleWebKit/537.36 (KHTML, like Gecko) Chrome/146.0.7680.177 Mobile Safari/537.36 (compatible; Googlebot/2.1; +http://www.google.com/bot.html)" 11 **0/11527**
192.178.4.104 - - [04/Apr/2026:05:58:26 -0700] "GET /?s=43d73d HTTP/1.1" 200 18922 "-" "Mozilla/5.0 (Linux; Android 6.0.1; Nexus 5X Build/MMB29P) AppleWebKit/537.36 (KHTML, like Gecko) Chrome/146.0.7680.177 Mobile Safari/537.36 (compatible; Googlebot/2.1; +http://www.google.com/bot.html)" 1450 **1/1450233**
192.178.4.96 - - [04/Apr/2026:06:02:15 -0700] "GET /index.php/?s=48a3db HTTP/1.1" 200 18921 "-" "Mozilla/5.0 (Linux; Android 6.0.1; Nexus 5X Build/MMB29P) AppleWebKit/537.36 (KHTML, like Gecko) Chrome/146.0.7680.177 Mobile Safari/537.36 (compatible; GoogleOther)" 9446 **9/9446739**
192.178.4.104 - - [04/Apr/2026:06:02:29 -0700] "GET /wp-content/plugins/jet-menu/assets/public/css/public.css?ver=2.4.7.1 HTTP/1.1" 200 6405 "https://wanderlustyacht.co/index.php/?s=48a3db" "Mozilla/5.0 (Linux; Android 6.0.1; Nexus 5X Build/MMB29P) AppleWebKit/537.36 (KHTML, like Gecko) Chrome/146.0.7680.177 Mobile Safari/537.36 (compatible; GoogleOther)" 14 **0/14196**
192.178.4.104 - - [04/Apr/2026:06:02:29 -0700] "GET /wp-content/plugins/elementor-pro/assets/js/webpack-pro.runtime.min.js?ver=3.31.2 HTTP/1.1" 200 2623 "https://wanderlustyacht.co/index.php/?s=48a3db" "Mozilla/5.0 (Linux; Android 6.0.1; Nexus 5X Build/MMB29P) AppleWebKit/537.36 (KHTML, like Gecko) Chrome/146.0.7680.177 Mobile Safari/537.36 (compatible; GoogleOther)" 8 **0/8121**
192.178.4.96 - - [04/Apr/2026:06:05:21 -0700] "GET /?s=4363ae HTTP/1.1" 200 18922 "-" "Mozilla/5.0 (Linux; Android 6.0.1; Nexus 5X Build/MMB29P) AppleWebKit/537.36 (KHTML, like Gecko) Chrome/146.0.7680.177 Mobile Safari/537.36 (compatible; Googlebot/2.1; +http://www.google.com/bot.html)" 12897 **12/12897913**
208.109.40.231 - - [04/Apr/2026:06:07:26 -0700] "POST /wp-cron.php?doing_wp_cron=1775308046.6471788883209228515625 HTTP/1.1" 200 - "-" "WordPress/6.9.4; https://wanderlustyacht.co" 244 **0/244462**
192.178.16.105 - - [04/Apr/2026:06:07:24 -0700] "GET /?s=30924a HTTP/1.1" 200 18920 "-" "Mozilla/5.0 (X11; Linux x86_64) AppleWebKit/537.36 (KHTML, like Gecko) Chrome/146.0.7680.164 Safari/537.36" 2618 **2/2618604**
208.109.40.231 - - [04/Apr/2026:06:08:15 -0700] "POST /wp-cron.php?doing_wp_cron=1775308095.8525650501251220703125 HTTP/1.1" 200 - "-" "WordPress/6.9.4; https://wanderlustyacht.co" 304 **0/304636**
192.178.4.104 - - [04/Apr/2026:06:08:13 -0700] "GET /index.php/?s=5455ad HTTP/1.1" 200 18922 "-" "Mozilla/5.0 (Linux; Android 6.0.1; Nexus 5X Build/MMB29P) AppleWebKit/537.36 (KHTML, like Gecko) Chrome/146.0.7680.177 Mobile Safari/537.36 (compatible; Googlebot/2.1; +http://www.google.com/bot.html)" 3120 **3/3120157**
192.178.4.104 - - [04/Apr/2026:06:10:23 -0700] "GET /index.php/?s=590232 HTTP/1.1" 200 18922 "-" "Mozilla/5.0 (Linux; Android 6.0.1; Nexus 5X Build/MMB29P) AppleWebKit/537.36 (KHTML, like Gecko) Chrome/146.0.7680.177 Mobile Safari/537.36 (compatible; Googlebot/2.1; +http://www.google.com/bot.html)" 12768 **12/12768211**
208.109.40.231 - - [04/Apr/2026:06:12:29 -0700] "POST /wp-cron.php?doing_wp_cron=1775308349.7192480564117431640625 HTTP/1.1" 200 - "-" "WordPress/6.9.4; https://wanderlustyacht.co" 507 **0/507152**
192.178.4.96 - - [04/Apr/2026:06:12:18 -0700] "GET /index.php/?s=364b20 HTTP/1.1" 200 18920 "-" "Mozilla/5.0 (Linux; Android 6.0.1; Nexus 5X Build/MMB29P) AppleWebKit/537.36 (KHTML, like Gecko) Chrome/146.0.7680.177 Mobile Safari/537.36 (compatible; Googlebot/2.1; +http://www.google.com/bot.html)" 11982 **11/11982217**
192.178.4.105 - - [04/Apr/2026:06:15:19 -0700] "GET /?s=4d5804 HTTP/1.1" 503 - "-" "Mozilla/5.0 (compatible; Googlebot/2.1; +http://www.google.com/bot.html)" 1414 **1/1414270**
66.249.73.128 - - [04/Apr/2026:06:16:33 -0700] "GET /wp-content/plugins/jet-woo-product-gallery/assets/lib/photoswipe/css/default-skin/default-skin.min.css?ver=2.1.20 HTTP/1.1" 200 1730 "https://wanderlustyacht.co/index.php/?s=590232" "Mozilla/5.0 (Linux; Android 6.0.1; Nexus 5X Build/MMB29P) AppleWebKit/537.36 (KHTML, like Gecko) Chrome/146.0.7680.177 Mobile Safari/537.36 (compatible; Googlebot/2.1; +http://www.google.com/bot.html)" 7 **0/7399**
208.109.40.231 - - [04/Apr/2026:06:18:40 -0700] "POST /wp-cron.php?doing_wp_cron=1775308720.9454469680786132812500 HTTP/1.1" 200 - "-" "WordPress/6.9.4; https://wanderlustyacht.co" 38 **0/38315**
66.249.83.74 - - [04/Apr/2026:06:18:38 -0700] "GET /?s=307f8b HTTP/1.1" 200 18919 "-" "Mozilla/5.0 (X11; Linux x86_64; Storebot-Google/1.0) AppleWebKit/537.36 (KHTML, like Gecko) Chrome/121.0.0.0 Safari/537.36" 2365 **2/2365013**
66.249.83.74 - - [04/Apr/2026:06:18:41 -0700] "GET /wp-content/plugins/fluentform/assets/css/fluent-forms-elementor-widget.css?ver=6.2.0 HTTP/1.1" 200 772 "https://wanderlustyacht.co/?s=307f8b" "Mozilla/5.0 (X11; Linux x86_64; Storebot-Google/1.0) AppleWebKit/537.36 (KHTML, like Gecko) Chrome/121.0.0.0 Safari/537.36" 10 **0/10881**
66.249.83.72 - - [04/Apr/2026:06:18:41 -0700] "GET /wp-content/themes/page-builder-framework/css/min/iconfont-min.css?ver=2.11.9 HTTP/1.1" 200 551 "https://wanderlustyacht.co/?s=307f8b" "Mozilla/5.0 (X11; Linux x86_64; Storebot-Google/1.0) AppleWebKit/537.36 (KHTML, like Gecko) Chrome/121.0.0.0 Safari/537.36" 7 **0/7185**
66.249.83.73 - - [04/Apr/2026:06:18:41 -0700] "GET /wp-content/plugins/jet-woo-product-gallery/assets/lib/photoswipe/css/photoswipe.min.css?ver=2.1.20 HTTP/1.1" 200 857 "https://wanderlustyacht.co/?s=307f8b" "Mozilla/5.0 (X11; Linux x86_64; Storebot-Google/1.0) AppleWebKit/537.36 (KHTML, like Gecko) Chrome/121.0.0.0 Safari/537.36" 9 **0/9865**
66.249.83.73 - - [04/Apr/2026:06:18:41 -0700] "GET /wp-content/plugins/jet-engine/assets/css/frontend.css?ver=3.6.2 HTTP/1.1" 200 7170 "https://wanderlustyacht.co/?s=307f8b" "Mozilla/5.0 (X11; Linux x86_64; Storebot-Google/1.0) AppleWebKit/537.36 (KHTML, like Gecko) Chrome/121.0.0.0 Safari/537.36" 11 **0/11239**
66.249.83.72 - - [04/Apr/2026:06:18:41 -0700] "GET /wp-includes/js/mediaelement/mediaelementplayer-legacy.min.css?ver=4.2.17 HTTP/1.1" 200 2397 "https://wanderlustyacht.co/?s=307f8b" "Mozilla/5.0 (X11; Linux x86_64; Storebot-Google/1.0) AppleWebKit/537.36 (KHTML, like Gecko) Chrome/121.0.0.0 Safari/537.36" 11 **0/11265**
66.249.83.74 - - [04/Apr/2026:06:18:41 -0700] "GET /wp-includes/css/dist/block-library/style.min.css?ver=6.9.4 HTTP/1.1" 200 14701 "https://wanderlustyacht.co/?s=307f8b" "Mozilla/5.0 (X11; Linux x86_64; Storebot-Google/1.0) AppleWebKit/537.36 (KHTML, like Gecko) Chrome/121.0.0.0 Safari/537.36" 19 **0/19604**
66.249.83.73 - - [04/Apr/2026:06:18:41 -0700] "GET /wp-content/plugins/jet-popup/assets/css/jet-popup-frontend.css?ver=2.0.10 HTTP/1.1" 200 2624 "https://wanderlustyacht.co/?s=307f8b" "Mozilla/5.0 (X11; Linux x86_64; Storebot-Google/1.0) AppleWebKit/537.36 (KHTML, like Gecko) Chrome/121.0.0.0 Safari/537.36" 10 **0/10049**
66.249.83.73 - - [04/Apr/2026:06:18:41 -0700] "GET /wp-content/plugins/jet-woo-product-gallery/assets/lib/photoswipe/css/default-skin/default-skin.min.css?ver=2.1.20 HTTP/1.1" 200 1730 "https://wanderlustyacht.co/?s=307f8b" "Mozilla/5.0 (X11; Linux x86_64; Storebot-Google/1.0) AppleWebKit/537.36 (KHTML, like Gecko) Chrome/121.0.0.0 Safari/537.36" 9 **0/9314**
66.249.83.72 - - [04/Apr/2026:06:18:41 -0700] "GET /wp-content/themes/page-builder-framework/css/min/style-min.css?ver=2.11.9 HTTP/1.1" 200 6202 "https://wanderlustyacht.co/?s=307f8b" "Mozilla/5.0 (X11; Linux x86_64; Storebot-Google/1.0) AppleWebKit/537.36 (KHTML, like Gecko) Chrome/121.0.0.0 Safari/537.36" 14 **0/14592**
66.249.83.74 - - [04/Apr/2026:06:18:41 -0700] "GET /wp-content/plugins/jet-menu/assets/public/css/public.css?ver=2.4.7.1 HTTP/1.1" 200 6405 "https://wanderlustyacht.co/?s=307f8b" "Mozilla/5.0 (X11; Linux x86_64; Storebot-Google/1.0) AppleWebKit/537.36 (KHTML, like Gecko) Chrome/121.0.0.0 Safari/537.36" 15 **0/15618**
66.249.83.73 - - [04/Apr/2026:06:18:41 -0700] "GET /wp-content/plugins/jet-reviews/assets/css/jet-reviews.css?ver=2.3.6 HTTP/1.1" 200 3906 "https://wanderlustyacht.co/?s=307f8b" "Mozilla/5.0 (X11; Linux x86_64; Storebot-Google/1.0) AppleWebKit/537.36 (KHTML, like Gecko) Chrome/121.0.0.0 Safari/537.36" 11 **0/11269**
66.249.83.72 - - [04/Apr/2026:06:18:41 -0700] "GET /wp-content/plugins/jet-woo-product-gallery/assets/css/frontend.css?ver=2.1.20 HTTP/1.1" 200 2531 "https://wanderlustyacht.co/?s=307f8b" "Mozilla/5.0 (X11; Linux x86_64; Storebot-Google/1.0) AppleWebKit/537.36 (KHTML, like Gecko) Chrome/121.0.0.0 Safari/537.36" 14 **0/14694**
66.249.83.73 - - [04/Apr/2026:06:18:41 -0700] "GET /wp-content/plugins/jet-woo-product-gallery/assets/css/widgets/gallery-anchor-nav.css?ver=2.1.20 HTTP/1.1" 200 455 "https://wanderlustyacht.co/?s=307f8b" "Mozilla/5.0 (X11; Linux x86_64; Storebot-Google/1.0) AppleWebKit/537.36 (KHTML, like Gecko) Chrome/121.0.0.0 Safari/537.36" 12 **0/12153**
66.249.83.73 - - [04/Apr/2026:06:18:41 -0700] "GET /wp-content/plugins/jet-theme-core/assets/css/frontend.css?ver=2.2.2.1 HTTP/1.1" 200 1 "https://wanderlustyacht.co/?s=307f8b" "Mozilla/5.0 (X11; Linux x86_64; Storebot-Google/1.0) AppleWebKit/537.36 (KHTML, like Gecko) Chrome/121.0.0.0 Safari/537.36" 7 **0/7893**
66.249.83.73 - - [04/Apr/2026:06:18:41 -0700] "GET /wp-content/uploads/elementor/css/custom-jet-blocks.css?ver=1.3.16 HTTP/1.1" 200 4674 "https://wanderlustyacht.co/?s=307f8b" "Mozilla/5.0 (X11; Linux x86_64; Storebot-Google/1.0) AppleWebKit/537.36 (KHTML, like Gecko) Chrome/121.0.0.0 Safari/537.36" 19 **0/19458**
66.249.83.72 - - [04/Apr/2026:06:18:41 -0700] "GET /wp-content/plugins/jet-woo-product-gallery/assets/css/widgets/gallery-slider.css?ver=2.1.20 HTTP/1.1" 200 2171 "https://wanderlustyacht.co/?s=307f8b" "Mozilla/5.0 (X11; Linux x86_64; Storebot-Google/1.0) AppleWebKit/537.36 (KHTML, like Gecko) Chrome/121.0.0.0 Safari/537.36" 17 **0/17473**
66.249.83.73 - - [04/Apr/2026:06:18:41 -0700] "GET /wp-content/themes/page-builder-framework/css/min/responsive-min.css?ver=2.11.9 HTTP/1.1" 200 1236 "https://wanderlustyacht.co/?s=307f8b" "Mozilla/5.0 (X11; Linux x86_64; Storebot-Google/1.0) AppleWebKit/537.36 (KHTML, like Gecko) Chrome/121.0.0.0 Safari/537.36" 17 **0/17884**
66.249.83.74 - - [04/Apr/2026:06:18:41 -0700] "GET /wp-content/plugins/jet-woo-product-gallery/assets/css/widgets/gallery-grid.css?ver=2.1.20 HTTP/1.1" 200 322 "https://wanderlustyacht.co/?s=307f8b" "Mozilla/5.0 (X11; Linux x86_64; Storebot-Google/1.0) AppleWebKit/537.36 (KHTML, like Gecko) Chrome/121.0.0.0 Safari/537.36" 7 **0/7579**
66.249.83.74 - - [04/Apr/2026:06:18:41 -0700] "GET /wp-content/uploads/elementor/css/post-17.css?ver=1775245824 HTTP/1.1" 200 342 "-" "Mozilla/5.0 (X11; Linux x86_64; Storebot-Google/1.0) AppleWebKit/537.36 (KHTML, like Gecko) Chrome/121.0.0.0 Safari/537.36" 8 **0/8559**
66.249.83.73 - - [04/Apr/2026:06:18:41 -0700] "GET /wp-content/plugins/elementor/assets/css/frontend.min.css?ver=4.0.1 HTTP/1.1" 200 6618 "https://wanderlustyacht.co/?s=307f8b" "Mozilla/5.0 (X11; Linux x86_64; Storebot-Google/1.0) AppleWebKit/537.36 (KHTML, like Gecko) Chrome/121.0.0.0 Safari/537.36" 12 **0/12488**
66.249.83.73 - - [04/Apr/2026:06:18:41 -0700] "GET /wp-content/uploads/elementor/css/post-606.css?ver=1775245824 HTTP/1.1" 200 1366 "-" "Mozilla/5.0 (X11; Linux x86_64; Storebot-Google/1.0) AppleWebKit/537.36 (KHTML, like Gecko) Chrome/121.0.0.0 Safari/537.36" 9 **0/9881**
66.249.83.73 - - [04/Apr/2026:06:18:41 -0700] "GET /wp-content/plugins/jet-tabs/assets/css/jet-tabs-frontend.css?ver=2.2.6.2 HTTP/1.1" 200 3774 "https://wanderlustyacht.co/?s=307f8b" "Mozilla/5.0 (X11; Linux x86_64; Storebot-Google/1.0) AppleWebKit/537.36 (KHTML, like Gecko) Chrome/121.0.0.0 Safari/537.36" 15 **0/15002**
66.249.83.74 - - [04/Apr/2026:06:18:41 -0700] "GET /wp-content/plugins/wpbf-premium/css/wpbf-premium.css?ver=2.10.4 HTTP/1.1" 200 3541 "https://wanderlustyacht.co/?s=307f8b" "Mozilla/5.0 (X11; Linux x86_64; Storebot-Google/1.0) AppleWebKit/537.36 (KHTML, like Gecko) Chrome/121.0.0.0 Safari/537.36" 14 **0/14086**
66.249.83.72 - - [04/Apr/2026:06:18:41 -0700] "GET /wp-content/plugins/jet-blog/assets/css/jet-blog.css?ver=2.4.2 HTTP/1.1" 200 8169 "https://wanderlustyacht.co/?s=307f8b" "Mozilla/5.0 (X11; Linux x86_64; Storebot-Google/1.0) AppleWebKit/537.36 (KHTML, like Gecko) Chrome/121.0.0.0 Safari/537.36" 17 **0/17137**
66.249.83.74 - - [04/Apr/2026:06:18:41 -0700] "GET /wp-content/plugins/jet-search/assets/css/jet-search.css?ver=3.5.5.1 HTTP/1.1" 200 8246 "https://wanderlustyacht.co/?s=307f8b" "Mozilla/5.0 (X11; Linux x86_64; Storebot-Google/1.0) AppleWebKit/537.36 (KHTML, like Gecko) Chrome/121.0.0.0 Safari/537.36" 16 **0/16323**
66.249.83.73 - - [04/Apr/2026:06:18:41 -0700] "GET /wp-content/plugins/jet-woo-product-gallery/assets/css/widgets/gallery-modern.css?ver=2.1.20 HTTP/1.1" 200 199 "https://wanderlustyacht.co/?s=307f8b" "Mozilla/5.0 (X11; Linux x86_64; Storebot-Google/1.0) AppleWebKit/537.36 (KHTML, like Gecko) Chrome/121.0.0.0 Safari/537.36" 10 **0/10155**
66.249.83.73 - - [04/Apr/2026:06:18:41 -0700] "GET /wp-content/plugins/jet-search/assets/lib/chosen/chosen.min.css?ver=1.8.7 HTTP/1.1" 200 2051 "https://wanderlustyacht.co/?s=307f8b" "Mozilla/5.0 (X11; Linux x86_64; Storebot-Google/1.0) AppleWebKit/537.36 (KHTML, like Gecko) Chrome/121.0.0.0 Safari/537.36" 12 **0/12133**
66.249.83.72 - - [04/Apr/2026:06:18:41 -0700] "GET /wp-content/uploads/2024/09/wanderlust-logo-1-m.png HTTP/1.1" 200 81812 "-" "Mozilla/5.0 (X11; Linux x86_64; Storebot-Google/1.0) AppleWebKit/537.36 (KHTML, like Gecko) Chrome/121.0.0.0 Safari/537.36" 6 **0/6290**
66.249.83.72 - - [04/Apr/2026:06:18:41 -0700] "GET /wp-includes/js/imagesloaded.min.js?ver=6.9.4 HTTP/1.1" 200 1687 "https://wanderlustyacht.co/?s=307f8b" "Mozilla/5.0 (X11; Linux x86_64; Storebot-Google/1.0) AppleWebKit/537.36 (KHTML, like Gecko) Chrome/121.0.0.0 Safari/537.36" 8 **0/8377**
66.249.83.73 - - [04/Apr/2026:06:18:41 -0700] "GET /wp-includes/js/jquery/jquery.min.js?ver=3.7.1 HTTP/1.1" 200 29769 "https://wanderlustyacht.co/?s=307f8b" "Mozilla/5.0 (X11; Linux x86_64; Storebot-Google/1.0) AppleWebKit/537.36 (KHTML, like Gecko) Chrome/121.0.0.0 Safari/537.36" 21 **0/21776**
66.249.83.72 - - [04/Apr/2026:06:18:41 -0700] "GET /wp-content/uploads/elementor/css/post-30.css?ver=1775245825 HTTP/1.1" 200 1603 "-" "Mozilla/5.0 (X11; Linux x86_64; Storebot-Google/1.0) AppleWebKit/537.36 (KHTML, like Gecko) Chrome/121.0.0.0 Safari/537.36" 7 **0/7280**
66.249.83.73 - - [04/Apr/2026:06:18:42 -0700] "GET /wp-content/plugins/elementor/assets/css/widget-image.min.css?ver=4.0.1 HTTP/1.1" 200 96 "https://wanderlustyacht.co/?s=307f8b" "Mozilla/5.0 (X11; Linux x86_64; Storebot-Google/1.0) AppleWebKit/537.36 (KHTML, like Gecko) Chrome/121.0.0.0 Safari/537.36" 7 **0/7080**
66.249.83.72 - - [04/Apr/2026:06:18:42 -0700] "GET /wp-includes/js/jquery/jquery-migrate.min.js?ver=3.4.1 HTTP/1.1" 200 4685 "https://wanderlustyacht.co/?s=307f8b" "Mozilla/5.0 (X11; Linux x86_64; Storebot-Google/1.0) AppleWebKit/537.36 (KHTML, like Gecko) Chrome/121.0.0.0 Safari/537.36" 13 **0/13101**
66.249.83.72 - - [04/Apr/2026:06:18:42 -0700] "GET /wp-content/plugins/elementor-pro/assets/css/widget-nav-menu.min.css?ver=3.31.2 HTTP/1.1" 200 3246 "https://wanderlustyacht.co/?s=307f8b" "Mozilla/5.0 (X11; Linux x86_64; Storebot-Google/1.0) AppleWebKit/537.36 (KHTML, like Gecko) Chrome/121.0.0.0 Safari/537.36" 15 **0/15256**
66.249.83.72 - - [04/Apr/2026:06:18:42 -0700] "GET /wp-content/uploads/2024/07/Screenshot.png HTTP/1.1" 200 26062 "-" "Mozilla/5.0 (X11; Linux x86_64; Storebot-Google/1.0) AppleWebKit/537.36 (KHTML, like Gecko) Chrome/121.0.0.0 Safari/537.36" 7 **0/7352**
66.249.83.74 - - [04/Apr/2026:06:18:42 -0700] "GET /wp-content/plugins/elementor/assets/css/widget-heading.min.css?ver=4.0.1 HTTP/1.1" 200 127 "https://wanderlustyacht.co/?s=307f8b" "Mozilla/5.0 (X11; Linux x86_64; Storebot-Google/1.0) AppleWebKit/537.36 (KHTML, like Gecko) Chrome/121.0.0.0 Safari/537.36" 7 **0/7782**
66.249.83.72 - - [04/Apr/2026:06:18:42 -0700] "GET /wp-content/plugins/fluentform/assets/js/fluent-forms-elementor-widget.js?ver=6.2.0 HTTP/1.1" 200 367 "https://wanderlustyacht.co/?s=307f8b" "Mozilla/5.0 (X11; Linux x86_64; Storebot-Google/1.0) AppleWebKit/537.36 (KHTML, like Gecko) Chrome/121.0.0.0 Safari/537.36" 7 **0/7774**
66.249.83.72 - - [04/Apr/2026:06:18:42 -0700] "GET /wp-content/plugins/elementor/assets/css/widget-icon-list.min.css?ver=4.0.1 HTTP/1.1" 200 928 "https://wanderlustyacht.co/?s=307f8b" "Mozilla/5.0 (X11; Linux x86_64; Storebot-Google/1.0) AppleWebKit/537.36 (KHTML, like Gecko) Chrome/121.0.0.0 Safari/537.36" 8 **0/8373**
66.249.83.74 - - [04/Apr/2026:06:18:42 -0700] "GET /wp-includes/js/underscore.min.js?ver=1.13.7 HTTP/1.1" 200 7201 "https://wanderlustyacht.co/?s=307f8b" "Mozilla/5.0 (X11; Linux x86_64; Storebot-Google/1.0) AppleWebKit/537.36 (KHTML, like Gecko) Chrome/121.0.0.0 Safari/537.36" 10 **0/10294**
66.249.83.72 - - [04/Apr/2026:06:18:42 -0700] "GET /wp-includes/js/wp-util.min.js?ver=6.9.4 HTTP/1.1" 200 693 "https://wanderlustyacht.co/?s=307f8b" "Mozilla/5.0 (X11; Linux x86_64; Storebot-Google/1.0) AppleWebKit/537.36 (KHTML, like Gecko) Chrome/121.0.0.0 Safari/537.36" 8 **0/8241**
66.249.83.72 - - [04/Apr/2026:06:18:42 -0700] "GET /wp-content/plugins/jet-search/assets/lib/chosen/chosen.jquery.min.js?ver=1.8.7 HTTP/1.1" 200 6438 "https://wanderlustyacht.co/?s=307f8b" "Mozilla/5.0 (X11; Linux x86_64; Storebot-Google/1.0) AppleWebKit/537.36 (KHTML, like Gecko) Chrome/121.0.0.0 Safari/537.36" 9 **0/9976**
66.249.83.74 - - [04/Apr/2026:06:18:42 -0700] "GET /wp-content/plugins/jet-search/assets/lib/jet-plugins/jet-plugins.js?ver=1.0.0 HTTP/1.1" 200 2171 "https://wanderlustyacht.co/?s=307f8b" "Mozilla/5.0 (X11; Linux x86_64; Storebot-Google/1.0) AppleWebKit/537.36 (KHTML, like Gecko) Chrome/121.0.0.0 Safari/537.36" 16 **0/16919**
66.249.83.74 - - [04/Apr/2026:06:18:42 -0700] "GET /wp-content/plugins/jet-search/assets/js/jet-search.js?ver=3.5.5.1 HTTP/1.1" 200 13241 "https://wanderlustyacht.co/?s=307f8b" "Mozilla/5.0 (X11; Linux x86_64; Storebot-Google/1.0) AppleWebKit/537.36 (KHTML, like Gecko) Chrome/121.0.0.0 Safari/537.36" 15 **0/15100**
66.249.83.73 - - [04/Apr/2026:06:18:42 -0700] "GET /wp-content/themes/page-builder-framework/js/min/site-jquery-min.js?ver=2.11.9 HTTP/1.1" 200 2076 "https://wanderlustyacht.co/?s=307f8b" "Mozilla/5.0 (X11; Linux x86_64; Storebot-Google/1.0) AppleWebKit/537.36 (KHTML, like Gecko) Chrome/121.0.0.0 Safari/537.36" 13 **0/13359**
66.249.83.73 - - [04/Apr/2026:06:18:42 -0700] "GET /wp-includes/js/dist/hooks.min.js?ver=dd5603f07f9220ed27f1 HTTP/1.1" 200 1855 "https://wanderlustyacht.co/?s=307f8b" "Mozilla/5.0 (X11; Linux x86_64; Storebot-Google/1.0) AppleWebKit/537.36 (KHTML, like Gecko) Chrome/121.0.0.0 Safari/537.36" 7 **0/7666**
66.249.83.72 - - [04/Apr/2026:06:18:42 -0700] "GET /wp-content/plugins/jet-reviews/assets/js/lib/vue.min.js?ver=2.6.11 HTTP/1.1" 200 33164 "https://wanderlustyacht.co/?s=307f8b" "Mozilla/5.0 (X11; Linux x86_64; Storebot-Google/1.0) AppleWebKit/537.36 (KHTML, like Gecko) Chrome/121.0.0.0 Safari/537.36" 17 **0/17400**
66.249.83.73 - - [04/Apr/2026:06:18:42 -0700] "GET /wp-content/uploads/2024/08/times.ttf HTTP/1.1" 200 190263 "-" "Mozilla/5.0 (X11; Linux x86_64; Storebot-Google/1.0) AppleWebKit/537.36 (KHTML, like Gecko) Chrome/121.0.0.0 Safari/537.36" 128 **0/128921**
66.249.83.73 - - [04/Apr/2026:06:18:42 -0700] "GET /wp-content/plugins/jet-menu/assets/public/js/jet-menu-public-scripts.js?ver=2.4.7.1 HTTP/1.1" 200 10503 "https://wanderlustyacht.co/?s=307f8b" "Mozilla/5.0 (X11; Linux x86_64; Storebot-Google/1.0) AppleWebKit/537.36 (KHTML, like Gecko) Chrome/121.0.0.0 Safari/537.36" 18 **0/18252**
66.249.83.73 - - [04/Apr/2026:06:18:42 -0700] "GET /wp-content/uploads/2024/07/footer-cards.png HTTP/1.1" 200 67493 "-" "Mozilla/5.0 (X11; Linux x86_64; Storebot-Google/1.0) AppleWebKit/537.36 (KHTML, like Gecko) Chrome/121.0.0.0 Safari/537.36" 10 **0/10999**
66.249.83.72 - - [04/Apr/2026:06:18:42 -0700] "GET /wp-content/plugins/jet-popup/assets/js/jet-popup-frontend.js?ver=2.0.10 HTTP/1.1" 200 6520 "https://wanderlustyacht.co/?s=307f8b" "Mozilla/5.0 (X11; Linux x86_64; Storebot-Google/1.0) AppleWebKit/537.36 (KHTML, like Gecko) Chrome/121.0.0.0 Safari/537.36" 12 **0/12394**
66.249.83.73 - - [04/Apr/2026:06:18:42 -0700] "GET /wp-content/plugins/elementor/assets/js/frontend-modules.min.js?ver=4.0.1 HTTP/1.1" 200 15454 "https://wanderlustyacht.co/?s=307f8b" "Mozilla/5.0 (X11; Linux x86_64; Storebot-Google/1.0) AppleWebKit/537.36 (KHTML, like Gecko) Chrome/121.0.0.0 Safari/537.36" 19 **0/19161**
66.249.83.72 - - [04/Apr/2026:06:18:42 -0700] "GET /wp-content/plugins/jet-elements/assets/js/lib/anime-js/anime.min.js?ver=2.2.0 HTTP/1.1" 200 5935 "https://wanderlustyacht.co/?s=307f8b" "Mozilla/5.0 (X11; Linux x86_64; Storebot-Google/1.0) AppleWebKit/537.36 (KHTML, like Gecko) Chrome/121.0.0.0 Safari/537.36" 15 **0/15872**
66.249.83.72 - - [04/Apr/2026:06:18:42 -0700] "GET /wp-includes/js/jquery/ui/core.min.js?ver=1.13.3 HTTP/1.1" 200 6820 "https://wanderlustyacht.co/?s=307f8b" "Mozilla/5.0 (X11; Linux x86_64; Storebot-Google/1.0) AppleWebKit/537.36 (KHTML, like Gecko) Chrome/121.0.0.0 Safari/537.36" 10 **0/10967**
66.249.83.73 - - [04/Apr/2026:06:18:42 -0700] "GET /wp-content/plugins/elementor/assets/js/webpack.runtime.min.js?ver=4.0.1 HTTP/1.1" 200 2282 "https://wanderlustyacht.co/?s=307f8b" "Mozilla/5.0 (X11; Linux x86_64; Storebot-Google/1.0) AppleWebKit/537.36 (KHTML, like Gecko) Chrome/121.0.0.0 Safari/537.36" 15 **0/15124**
66.249.83.74 - - [04/Apr/2026:06:18:42 -0700] "GET /wp-content/plugins/elementor/assets/js/frontend.min.js?ver=4.0.1 HTTP/1.1" 200 10063 "https://wanderlustyacht.co/?s=307f8b" "Mozilla/5.0 (X11; Linux x86_64; Storebot-Google/1.0) AppleWebKit/537.36 (KHTML, like Gecko) Chrome/121.0.0.0 Safari/537.36" 27 **0/27121**
66.249.83.74 - - [04/Apr/2026:06:18:42 -0700] "GET /wp-content/plugins/wpbf-premium/js/site.js?ver=2.10.4 HTTP/1.1" 200 2623 "https://wanderlustyacht.co/?s=307f8b" "Mozilla/5.0 (X11; Linux x86_64; Storebot-Google/1.0) AppleWebKit/537.36 (KHTML, like Gecko) Chrome/121.0.0.0 Safari/537.36" 7 **0/7501**
66.249.83.73 - - [04/Apr/2026:06:18:42 -0700] "GET /wp-content/plugins/elementor-pro/assets/js/webpack-pro.runtime.min.js?ver=3.31.2 HTTP/1.1" 200 2623 "https://wanderlustyacht.co/?s=307f8b" "Mozilla/5.0 (X11; Linux x86_64; Storebot-Google/1.0) AppleWebKit/537.36 (KHTML, like Gecko) Chrome/121.0.0.0 Safari/537.36" 10 **0/10254**
66.249.83.73 - - [04/Apr/2026:06:18:42 -0700] "GET /wp-includes/js/hoverIntent.min.js?ver=1.10.2 HTTP/1.1" 200 669 "https://wanderlustyacht.co/?s=307f8b" "Mozilla/5.0 (X11; Linux x86_64; Storebot-Google/1.0) AppleWebKit/537.36 (KHTML, like Gecko) Chrome/121.0.0.0 Safari/537.36" 6 **0/6871**
66.249.83.73 - - [04/Apr/2026:06:18:42 -0700] "GET /wp-includes/js/dist/i18n.min.js?ver=c26c3dc7bed366793375 HTTP/1.1" 200 2118 "https://wanderlustyacht.co/?s=307f8b" "Mozilla/5.0 (X11; Linux x86_64; Storebot-Google/1.0) AppleWebKit/537.36 (KHTML, like Gecko) Chrome/121.0.0.0 Safari/537.36" 10 **0/10931**
66.249.83.74 - - [04/Apr/2026:06:18:42 -0700] "GET /wp-content/plugins/elementor-pro/assets/lib/smartmenus/jquery.smartmenus.min.js?ver=1.2.1 HTTP/1.1" 200 6877 "https://wanderlustyacht.co/?s=307f8b" "Mozilla/5.0 (X11; Linux x86_64; Storebot-Google/1.0) AppleWebKit/537.36 (KHTML, like Gecko) Chrome/121.0.0.0 Safari/537.36" 10 **0/10360**
66.249.83.73 - - [04/Apr/2026:06:18:42 -0700] "GET /wp-content/plugins/elementor-pro/assets/js/frontend.min.js?ver=3.31.2 HTTP/1.1" 200 6287 "https://wanderlustyacht.co/?s=307f8b" "Mozilla/5.0 (X11; Linux x86_64; Storebot-Google/1.0) AppleWebKit/537.36 (KHTML, like Gecko) Chrome/121.0.0.0 Safari/537.36" 9 **0/9277**
66.249.83.72 - - [04/Apr/2026:06:18:42 -0700] "GET /wp-content/plugins/jet-blocks/assets/js/jet-blocks.min.js?ver=1.3.16 HTTP/1.1" 200 5419 "https://wanderlustyacht.co/?s=307f8b" "Mozilla/5.0 (X11; Linux x86_64; Storebot-Google/1.0) AppleWebKit/537.36 (KHTML, like Gecko) Chrome/121.0.0.0 Safari/537.36" 8 **0/8421**
66.249.83.72 - - [04/Apr/2026:06:18:42 -0700] "GET /wp-content/plugins/elementor-pro/assets/js/elements-handlers.min.js?ver=3.31.2 HTTP/1.1" 200 10194 "https://wanderlustyacht.co/?s=307f8b" "Mozilla/5.0 (X11; Linux x86_64; Storebot-Google/1.0) AppleWebKit/537.36 (KHTML, like Gecko) Chrome/121.0.0.0 Safari/537.36" 10 **0/10625**
66.249.83.74 - - [04/Apr/2026:06:18:42 -0700] "GET /wp-content/plugins/jet-popup/includes/elementor/assets/js/jet-popup-elementor-frontend.js?ver=2.0.10 HTTP/1.1" 200 2147 "https://wanderlustyacht.co/?s=307f8b" "Mozilla/5.0 (X11; Linux x86_64; Storebot-Google/1.0) AppleWebKit/537.36 (KHTML, like Gecko) Chrome/121.0.0.0 Safari/537.36" 9 **0/9522**
66.249.83.72 - - [04/Apr/2026:06:18:42 -0700] "GET /wp-content/plugins/jet-menu/includes/elementor/assets/public/js/widgets-scripts.js?ver=2.4.7.1 HTTP/1.1" 200 3278 "https://wanderlustyacht.co/?s=307f8b" "Mozilla/5.0 (X11; Linux x86_64; Storebot-Google/1.0) AppleWebKit/537.36 (KHTML, like Gecko) Chrome/121.0.0.0 Safari/537.36" 12 **0/12239**
66.249.83.74 - - [04/Apr/2026:06:18:42 -0700] "GET /wp-content/plugins/jet-reviews/assets/js/jet-reviews-frontend.js?ver=2.3.6 HTTP/1.1" 200 8919 "https://wanderlustyacht.co/?s=307f8b" "Mozilla/5.0 (X11; Linux x86_64; Storebot-Google/1.0) AppleWebKit/537.36 (KHTML, like Gecko) Chrome/121.0.0.0 Safari/537.36" 15 **0/15558**
66.249.83.72 - - [04/Apr/2026:06:18:42 -0700] "GET /wp-includes/js/dist/url.min.js?ver=9e178c9516d1222dc834 HTTP/1.1" 200 3656 "https://wanderlustyacht.co/?s=307f8b" "Mozilla/5.0 (X11; Linux x86_64; Storebot-Google/1.0) AppleWebKit/537.36 (KHTML, like Gecko) Chrome/121.0.0.0 Safari/537.36" 10 **0/10614**
66.249.83.72 - - [04/Apr/2026:06:18:42 -0700] "GET /wp-includes/js/dist/api-fetch.min.js?ver=3a4d9af2b423048b0dee HTTP/1.1" 200 2304 "https://wanderlustyacht.co/?s=307f8b" "Mozilla/5.0 (X11; Linux x86_64; Storebot-Google/1.0) AppleWebKit/537.36 (KHTML, like Gecko) Chrome/121.0.0.0 Safari/537.36" 8 **0/8451**
66.249.83.72 - - [04/Apr/2026:06:18:42 -0700] "GET /wp-content/plugins/jet-blog/assets/js/jet-blog.min.js?ver=2.4.2 HTTP/1.1" 200 3338 "https://wanderlustyacht.co/?s=307f8b" "Mozilla/5.0 (X11; Linux x86_64; Storebot-Google/1.0) AppleWebKit/537.36 (KHTML, like Gecko) Chrome/121.0.0.0 Safari/537.36" 14 **0/14470**
66.249.83.74 - - [04/Apr/2026:06:18:42 -0700] "GET /wp-content/plugins/jet-elements/assets/js/jet-elements.min.js?ver=2.7.2.1 HTTP/1.1" 200 23789 "https://wanderlustyacht.co/?s=307f8b" "Mozilla/5.0 (X11; Linux x86_64; Storebot-Google/1.0) AppleWebKit/537.36 (KHTML, like Gecko) Chrome/121.0.0.0 Safari/537.36" 28 **0/28153**
66.249.83.74 - - [04/Apr/2026:06:18:42 -0700] "GET /wp-content/plugins/jet-tabs/assets/js/jet-tabs-frontend.min.js?ver=2.2.6.2 HTTP/1.1" 200 5807 "https://wanderlustyacht.co/?s=307f8b" "Mozilla/5.0 (X11; Linux x86_64; Storebot-Google/1.0) AppleWebKit/537.36 (KHTML, like Gecko) Chrome/121.0.0.0 Safari/537.36" 15 **0/15990**
66.249.83.72 - - [04/Apr/2026:06:18:43 -0700] "GET /wp-content/plugins/elementor/assets/js/shared-frontend-handlers.03caa53373b56d3bab67.bundle.min.js HTTP/1.1" 200 2515 "-" "Mozilla/5.0 (X11; Linux x86_64; Storebot-Google/1.0) AppleWebKit/537.36 (KHTML, like Gecko) Chrome/121.0.0.0 Safari/537.36" 10 **0/10787**
66.249.83.72 - - [04/Apr/2026:06:18:43 -0700] "GET /wp-content/plugins/elementor-pro/assets/js/nav-menu.a23fbd67486c5bedf26c.bundle.min.js HTTP/1.1" 200 1756 "-" "Mozilla/5.0 (X11; Linux x86_64; Storebot-Google/1.0) AppleWebKit/537.36 (KHTML, like Gecko) Chrome/121.0.0.0 Safari/537.36" 13 **0/13997**
66.249.83.72 - - [04/Apr/2026:06:18:43 -0700] "GET /wp-content/plugins/elementor/assets/js/text-editor.45609661e409413f1cef.bundle.min.js HTTP/1.1" 200 592 "-" "Mozilla/5.0 (X11; Linux x86_64; Storebot-Google/1.0) AppleWebKit/537.36 (KHTML, like Gecko) Chrome/121.0.0.0 Safari/537.36" 7 **0/7834**
66.249.83.73 - - [04/Apr/2026:06:18:43 -0700] "GET /wp-content/plugins/elementor/assets/js/section-frontend-handlers.d85ab872da118940910d.bundle.min.js HTTP/1.1" 200 230 "-" "Mozilla/5.0 (X11; Linux x86_64; Storebot-Google/1.0) AppleWebKit/537.36 (KHTML, like Gecko) Chrome/121.0.0.0 Safari/537.36" 9 **0/9830**
66.249.83.74 - - [04/Apr/2026:06:18:43 -0700] "GET /wp-includes/js/wp-emoji-release.min.js?ver=6.9.4 HTTP/1.1" 200 4940 "https://wanderlustyacht.co/?s=307f8b" "Mozilla/5.0 (X11; Linux x86_64; Storebot-Google/1.0) AppleWebKit/537.36 (KHTML, like Gecko) Chrome/121.0.0.0 Safari/537.36" 17 **0/17337**
66.249.83.74 - - [04/Apr/2026:06:18:43 -0700] "GET /wp-content/uploads/2025/03/cropped-sketch1725223185456-32x32.png HTTP/1.1" 304 - "-" "Mozilla/5.0 (X11; Linux x86_64; Storebot-Google/1.0) AppleWebKit/537.36 (KHTML, like Gecko) Chrome/121.0.0.0 Safari/537.36" 12 **0/12289**
208.109.40.231 - - [04/Apr/2026:06:20:06 -0700] "POST /wp-cron.php?doing_wp_cron=1775308806.2379100322723388671875 HTTP/1.1" 200 - "-" "WordPress/6.9.4; https://wanderlustyacht.co" 468 **0/468713**
192.178.4.96 - - [04/Apr/2026:06:20:00 -0700] "GET /index.php/?s=570826 HTTP/1.1" 200 18922 "-" "Mozilla/5.0 (Linux; Android 6.0.1; Nexus 5X Build/MMB29P) AppleWebKit/537.36 (KHTML, like Gecko) Chrome/146.0.7680.177 Mobile Safari/537.36 (compatible; Googlebot/2.1; +http://www.google.com/bot.html)" 6387 **6/6387057**
192.178.4.104 - - [04/Apr/2026:06:20:17 -0700] "GET /index.php/?s=47ac51 HTTP/1.1" 200 18922 "-" "Mozilla/5.0 (Linux; Android 6.0.1; Nexus 5X Build/MMB29P) AppleWebKit/537.36 (KHTML, like Gecko) Chrome/146.0.7680.177 Mobile Safari/537.36 (compatible; GoogleOther)" 12032 **12/12032271**
98.88.137.2 - - [04/Apr/2026:06:20:47 -0700] "GET / HTTP/1.1" 421 362 "-" "RecordedFuture Global Inventory Crawler" 1 **0/1443**
208.109.40.231 - - [04/Apr/2026:06:23:06 -0700] "POST /wp-cron.php?doing_wp_cron=1775308986.7661828994750976562500 HTTP/1.1" 200 - "-" "WordPress/6.9.4; https://wanderlustyacht.co" 226 **0/226895**
192.178.4.104 - - [04/Apr/2026:06:22:56 -0700] "GET /index.php/?s=504a83 HTTP/1.1" 200 18922 "-" "Mozilla/5.0 (Linux; Android 6.0.1; Nexus 5X Build/MMB29P) AppleWebKit/537.36 (KHTML, like Gecko) Chrome/146.0.7680.177 Mobile Safari/537.36 (compatible; Googlebot/2.1; +http://www.google.com/bot.html)" 10335 **10/10335105**
208.109.40.231 - - [04/Apr/2026:06:23:55 -0700] "POST /wp-cron.php?doing_wp_cron=1775309035.3622019290924072265625 HTTP/1.1" 200 - "-" "WordPress/6.9.4; https://wanderlustyacht.co" 24 **0/24009**
192.178.4.104 - - [04/Apr/2026:06:23:52 -0700] "GET /index.php/?s=421950 HTTP/1.1" 200 18918 "-" "Mozilla/5.0 (Linux; Android 6.0.1; Nexus 5X Build/MMB29P) AppleWebKit/537.36 (KHTML, like Gecko) Chrome/146.0.7680.177 Mobile Safari/537.36 (compatible; Googlebot/2.1; +http://www.google.com/bot.html)" 3151 **3/3151922**
208.109.40.231 - - [04/Apr/2026:06:29:58 -0700] "POST /wp-cron.php?doing_wp_cron=1775309398.4566879272460937500000 HTTP/1.1" 200 - "-" "WordPress/6.9.4; https://wanderlustyacht.co" 383 **0/383373**
192.178.4.104 - - [04/Apr/2026:06:29:55 -0700] "GET /?s=4888a6 HTTP/1.1" 200 18922 "-" "Mozilla/5.0 (Linux; Android 6.0.1; Nexus 5X Build/MMB29P) AppleWebKit/537.36 (KHTML, like Gecko) Chrome/146.0.7680.177 Mobile Safari/537.36 (compatible; GoogleOther)" 3209 **3/3209531**
208.109.40.231 - - [04/Apr/2026:06:32:32 -0700] "POST /wp-cron.php?doing_wp_cron=1775309552.8404490947723388671875 HTTP/1.1" 200 - "-" "WordPress/6.9.4; https://wanderlustyacht.co" 327 **0/327606**
192.178.4.105 - - [04/Apr/2026:06:32:28 -0700] "GET /?s=50ddab HTTP/1.1" 200 18921 "-" "Mozilla/5.0 (Linux; Android 6.0.1; Nexus 5X Build/MMB29P) AppleWebKit/537.36 (KHTML, like Gecko) Chrome/146.0.7680.177 Mobile Safari/537.36 (compatible; Googlebot/2.1; +http://www.google.com/bot.html)" 4924 **4/4924678**
208.109.40.231 - - [04/Apr/2026:06:34:25 -0700] "POST /wp-cron.php?doing_wp_cron=1775309665.4252049922943115234375 HTTP/1.1" 200 - "-" "WordPress/6.9.4; https://wanderlustyacht.co" 312 **0/312198**
192.178.4.104 - - [04/Apr/2026:06:34:21 -0700] "GET /?s=32410b HTTP/1.1" 200 18920 "-" "Mozilla/5.0 (compatible; Googlebot/2.1; +http://www.google.com/bot.html)" 4440 **4/4440832**
43.135.115.233 - - [04/Apr/2026:06:36:26 -0700] "GET / HTTP/1.1" 200 23212 "http://www.wanderlustyacht.co" "Mozilla/5.0 (iPhone; CPU iPhone OS 13_2_3 like Mac OS X) AppleWebKit/605.1.15 (KHTML, like Gecko) Version/13.0.3 Mobile/15E148 Safari/604.1" 5336 **5/5336953**
192.178.4.96 - - [04/Apr/2026:06:36:30 -0700] "GET /index.php/?s=531a64 HTTP/1.1" 200 18922 "-" "Mozilla/5.0 (Linux; Android 6.0.1; Nexus 5X Build/MMB29P) AppleWebKit/537.36 (KHTML, like Gecko) Chrome/146.0.7680.177 Mobile Safari/537.36 (compatible; Googlebot/2.1; +http://www.google.com/bot.html)" 5906 **5/5906063**
38.154.15.206 - - [04/Apr/2026:06:36:37 -0700] "GET /?s=2fd255 HTTP/2.0" 200 18920 "-" "Mozilla/5.0 (Macintosh; Intel Mac OS X 10_15_7) AppleWebKit/537.36 (KHTML, like Gecko) Chrome/142.0.0.0 Safari/537.36" 4126 **4/4126256**
192.178.4.105 - - [04/Apr/2026:06:38:23 -0700] "GET /?s=34c9c4 HTTP/1.1" 200 18922 "-" "Mozilla/5.0 (Linux; Android 6.0.1; Nexus 5X Build/MMB29P) AppleWebKit/537.36 (KHTML, like Gecko) Chrome/146.0.7680.177 Mobile Safari/537.36 (compatible; Googlebot/2.1; +http://www.google.com/bot.html)" 11557 **11/11557188**
208.109.40.231 - - [04/Apr/2026:06:41:43 -0700] "POST /wp-cron.php?doing_wp_cron=1775310103.1579749584197998046875 HTTP/1.1" 200 - "-" "WordPress/6.9.4; https://wanderlustyacht.co" 152 **0/152074**
192.178.4.104 - - [04/Apr/2026:06:41:41 -0700] "GET /?s=48cc2b HTTP/1.1" 200 18920 "-" "Mozilla/5.0 (Linux; Android 6.0.1; Nexus 5X Build/MMB29P) AppleWebKit/537.36 (KHTML, like Gecko) Chrome/146.0.7680.177 Mobile Safari/537.36 (compatible; GoogleOther)" 2378 **2/2378550**
208.109.40.231 - - [04/Apr/2026:06:41:44 -0700] "POST /wp-cron.php?doing_wp_cron=1775310103.9397780895233154296875 HTTP/1.1" 200 - "-" "WordPress/6.9.4; https://wanderlustyacht.co" 232 **0/232500**
192.178.4.96 - - [04/Apr/2026:06:41:42 -0700] "GET /index.php/?s=3e5bca HTTP/1.1" 200 18920 "-" "Mozilla/5.0 (Linux; Android 6.0.1; Nexus 5X Build/MMB29P) AppleWebKit/537.36 (KHTML, like Gecko) Chrome/146.0.7680.177 Mobile Safari/537.36 (compatible; Googlebot/2.1; +http://www.google.com/bot.html)" 2160 **2/2160981**
208.109.40.231 - - [04/Apr/2026:06:42:15 -0700] "POST /wp-cron.php?doing_wp_cron=1775310135.4231081008911132812500 HTTP/1.1" 200 - "-" "WordPress/6.9.4; https://wanderlustyacht.co" 306 **0/306952**
192.178.4.105 - - [04/Apr/2026:06:42:11 -0700] "GET /?s=5e6ba7 HTTP/1.1" 200 18920 "-" "Mozilla/5.0 (Linux; Android 6.0.1; Nexus 5X Build/MMB29P) AppleWebKit/537.36 (KHTML, like Gecko) Chrome/146.0.7680.177 Mobile Safari/537.36 (compatible; Googlebot/2.1; +http://www.google.com/bot.html)" 4303 **4/4303278**
192.178.4.96 - - [04/Apr/2026:06:47:57 -0700] "GET /index.php/?s=50262e HTTP/1.1" 200 18922 "-" "Mozilla/5.0 (Linux; Android 6.0.1; Nexus 5X Build/MMB29P) AppleWebKit/537.36 (KHTML, like Gecko) Chrome/146.0.7680.177 Mobile Safari/537.36 (compatible; Googlebot/2.1; +http://www.google.com/bot.html)" 16253 **16/16253277**
208.109.40.231 - - [04/Apr/2026:06:48:14 -0700] "POST /wp-cron.php?doing_wp_cron=1775310493.9166340827941894531250 HTTP/1.1" 200 - "-" "WordPress/6.9.4; https://wanderlustyacht.co" 204 **0/204158**
192.178.4.104 - - [04/Apr/2026:06:47:52 -0700] "GET /?s=5c231b HTTP/1.1" 200 18922 "-" "Mozilla/5.0 (Linux; Android 6.0.1; Nexus 5X Build/MMB29P) AppleWebKit/537.36 (KHTML, like Gecko) Chrome/146.0.7680.177 Mobile Safari/537.36 (compatible; Googlebot/2.1; +http://www.google.com/bot.html)" 21421 **21/21421988**
208.109.40.231 - - [04/Apr/2026:06:51:32 -0700] "POST /wp-cron.php?doing_wp_cron=1775310691.9177510738372802734375 HTTP/1.1" 200 - "-" "WordPress/6.9.4; https://wanderlustyacht.co" 597 **0/597654**
182.63.42.53 - - [04/Apr/2026:06:51:23 -0700] "GET /investment/ HTTP/1.1" 200 20850 "-" "Mozilla/5.0 (iPhone; CPU iPhone OS 10_3_4 like Mac OS X) AppleWebKit/536.2 (KHTML, like Gecko) FxiOS/18.9p6921.0 Mobile/44C199 Safari/536.2" 9579 **9/9579293**
179.162.127.48 - - [04/Apr/2026:06:51:34 -0700] "GET /investment/ HTTP/1.1" 200 20849 "-" "Opera/9.42.(X11; Linux i686; uk-UA) Presto/2.9.189 Version/11.00" 4644 **4/4644381**
208.109.40.231 - - [04/Apr/2026:06:56:25 -0700] "POST /wp-cron.php?doing_wp_cron=1775310984.9642319679260253906250 HTTP/1.1" 200 - "-" "WordPress/6.9.4; https://wanderlustyacht.co" 416 **0/416576**
192.178.4.105 - - [04/Apr/2026:06:56:22 -0700] "GET /?s=3a445b HTTP/1.1" 200 18920 "-" "Mozilla/5.0 (Linux; Android 6.0.1; Nexus 5X Build/MMB29P) AppleWebKit/537.36 (KHTML, like Gecko) Chrome/146.0.7680.177 Mobile Safari/537.36 (compatible; GoogleOther)" 2740 **2/2740044**
208.109.40.231 - - [04/Apr/2026:07:05:27 -0700] "POST /wp-cron.php?doing_wp_cron=1775311527.4003601074218750000000 HTTP/1.1" 200 - "-" "WordPress/6.9.4; https://wanderlustyacht.co" 294 **0/294029**
192.178.4.105 - - [04/Apr/2026:07:05:02 -0700] "GET /?s=4c0f2d HTTP/1.1" 200 18923 "-" "Mozilla/5.0 (Linux; Android 6.0.1; Nexus 5X Build/MMB29P) AppleWebKit/537.36 (KHTML, like Gecko) Chrome/146.0.7680.177 Mobile Safari/537.36 (compatible; GoogleOther)" 25618 **25/25618036**
18.206.47.187 - - [04/Apr/2026:07:08:20 -0700] "GET /robots.txt HTTP/1.1" 200 24 "-" "Mozilla/5.0 AppleWebKit/537.36 (KHTML, like Gecko; compatible; Amazonbot/0.1; +https://developer.amazon.com/support/amazonbot) Chrome/119.0.6045.214 Safari/537.36" 13 **0/13459**
208.109.40.231 - - [04/Apr/2026:07:08:24 -0700] "POST /wp-cron.php?doing_wp_cron=1775311704.6412889957427978515625 HTTP/1.1" 200 - "-" "WordPress/6.9.4; https://wanderlustyacht.co" 475 **0/475025**
54.88.84.219 - - [04/Apr/2026:07:08:23 -0700] "GET /motoryacht HTTP/1.1" 301 - "-" "Mozilla/5.0 AppleWebKit/537.36 (KHTML, like Gecko; compatible; Amazonbot/0.1; +https://developer.amazon.com/support/amazonbot) Chrome/119.0.6045.214 Safari/537.36" 1161 **1/1161070**
54.88.84.219 - - [04/Apr/2026:07:08:25 -0700] "GET /training/motoryacht/ HTTP/1.1" 403 94624 "-" "Mozilla/5.0 AppleWebKit/537.36 (KHTML, like Gecko; compatible; Amazonbot/0.1; +https://developer.amazon.com/support/amazonbot) Chrome/119.0.6045.214 Safari/537.36" 1337 **1/1337632**
192.178.4.96 - - [04/Apr/2026:07:08:29 -0700] "GET /?s=61aa56 HTTP/1.1" 200 18922 "-" "Mozilla/5.0 (Linux; Android 6.0.1; Nexus 5X Build/MMB29P) AppleWebKit/537.36 (KHTML, like Gecko) Chrome/146.0.7680.177 Mobile Safari/537.36 (compatible; Googlebot/2.1; +http://www.google.com/bot.html)" 1593 **1/1593967**
208.109.40.231 - - [04/Apr/2026:07:08:49 -0700] "POST /wp-cron.php?doing_wp_cron=1775311729.8180909156799316406250 HTTP/1.1" 200 - "-" "WordPress/6.9.4; https://wanderlustyacht.co" 108 **0/108522**
111.225.148.175 - - [04/Apr/2026:07:08:49 -0700] "GET /robots.txt HTTP/1.1" 403 119 "-" "Mozilla/5.0 (Linux; Android 5.0) AppleWebKit/537.36 (KHTML, like Gecko) Mobile Safari/537.36 (compatible; Bytespider; https://zhanzhang.toutiao.com/)" 1037 **1/1037802**
44.205.124.129 - - [04/Apr/2026:07:10:36 -0700] "HEAD /motoryacht HTTP/1.1" 503 - "-" "Mozilla/5.0 AppleWebKit/605.1.15 (KHTML, like Gecko) Chrome/139.0.0.0 Safari/605.1.15" 432 **0/432848**
208.109.40.231 - - [04/Apr/2026:07:11:06 -0700] "POST /wp-cron.php?doing_wp_cron=1775311866.7193241119384765625000 HTTP/1.1" 200 - "-" "WordPress/6.9.4; https://wanderlustyacht.co" 601 **0/601336**
192.178.4.104 - - [04/Apr/2026:07:10:56 -0700] "GET /?s=2ed503 HTTP/1.1" 200 18920 "-" "Mozilla/5.0 (compatible; Googlebot/2.1; +http://www.google.com/bot.html)" 11303 **11/11303701**
52.167.144.59 - - [04/Apr/2026:07:11:14 -0700] "GET /robots.txt HTTP/2.0" 200 28 "-" "Mozilla/5.0 AppleWebKit/537.36 (KHTML, like Gecko; compatible; bingbot/2.0; +http://www.bing.com/bingbot.htm) Chrome/116.0.1938.76 Safari/537.36" 15 **0/15224**
40.77.167.230 - - [04/Apr/2026:07:11:25 -0700] "GET /?s=3802a3 HTTP/2.0" 200 18919 "-" "Mozilla/5.0 AppleWebKit/537.36 (KHTML, like Gecko; compatible; bingbot/2.0; +http://www.bing.com/bingbot.htm) Chrome/116.0.1938.76 Safari/537.36" 7587 **7/7587796**
52.167.144.59 - - [04/Apr/2026:07:11:38 -0700] "GET /robots.txt HTTP/2.0" 200 28 "-" "Mozilla/5.0 AppleWebKit/537.36 (KHTML, like Gecko; compatible; bingbot/2.0; +http://www.bing.com/bingbot.htm) Chrome/116.0.1938.76 Safari/537.36" 11 **0/11533**
40.77.167.224 - - [04/Apr/2026:07:11:40 -0700] "GET /wp-content/plugins/elementor/assets/js/frontend-modules.min.js?ver=4.0.1 HTTP/2.0" 200 15454 "-" "Mozilla/5.0 AppleWebKit/537.36 (KHTML, like Gecko; compatible; bingbot/2.0; +http://www.bing.com/bingbot.htm) Chrome/116.0.1938.76 Safari/537.36" 22 **0/22083**
40.77.167.224 - - [04/Apr/2026:07:11:40 -0700] "GET /wp-content/plugins/fluentform/assets/js/fluent-forms-elementor-widget.js?ver=6.2.0 HTTP/2.0" 200 367 "-" "Mozilla/5.0 AppleWebKit/537.36 (KHTML, like Gecko; compatible; bingbot/2.0; +http://www.bing.com/bingbot.htm) Chrome/116.0.1938.76 Safari/537.36" 24 **0/24701**
40.77.167.224 - - [04/Apr/2026:07:11:40 -0700] "GET /wp-content/plugins/elementor/assets/js/webpack.runtime.min.js?ver=4.0.1 HTTP/2.0" 200 2282 "-" "Mozilla/5.0 AppleWebKit/537.36 (KHTML, like Gecko; compatible; bingbot/2.0; +http://www.bing.com/bingbot.htm) Chrome/116.0.1938.76 Safari/537.36" 16 **0/16000**
