shell bypass 403

GrazzMean Shell

: /home/nayff91c5tsx/access-logs/ [ drwxr-x--- ]
Uname: Linux p3plzcpnl499967.prod.phx3.secureserver.net 4.18.0-553.54.1.lve.el8.x86_64 #1 SMP Wed Jun 4 13:01:13 UTC 2025 x86_64
Software: Apache
PHP version: 8.2.30 [ PHP INFO ] PHP os: Linux
Server Ip: 208.109.40.231
Your Ip: 216.73.216.173
User: nayff91c5tsx (10005085) | Group: nayff91c5tsx (10005085)
Safe Mode: OFF
Disable Function:
NONE

name : wanderlustyacht.co-ssl_log
208.109.40.231 - - [04/Apr/2026:02:33:52 -0700] "POST /wp-cron.php?doing_wp_cron=1775295231.9284410476684570312500 HTTP/1.1" 200 - "-" "WordPress/6.9.4; https://wanderlustyacht.co" 336 **0/336971**
192.178.4.96 - - [04/Apr/2026:02:33:29 -0700] "GET /index.php/?s=501ea5 HTTP/1.1" 200 18918 "-" "Mozilla/5.0 (compatible; Googlebot/2.1; +http://www.google.com/bot.html)" 23211 **23/23211787**
43.159.148.221 - - [04/Apr/2026:02:42:13 -0700] "GET / HTTP/1.1" 200 23211 "http://wanderlustyacht.co" "Mozilla/5.0 (iPhone; CPU iPhone OS 13_2_3 like Mac OS X) AppleWebKit/605.1.15 (KHTML, like Gecko) Version/13.0.3 Mobile/15E148 Safari/604.1" 3021 **3/3021756**
192.178.4.96 - - [04/Apr/2026:02:42:57 -0700] "GET /robots.txt HTTP/1.1" 200 28 "-" "Mozilla/5.0 (compatible; Googlebot/2.1; +http://www.google.com/bot.html)" 9 **0/9047**
208.109.40.231 - - [04/Apr/2026:02:42:59 -0700] "POST /wp-cron.php?doing_wp_cron=1775295779.1398510932922363281250 HTTP/1.1" 200 - "-" "WordPress/6.9.4; https://wanderlustyacht.co" 174 **0/174732**
192.178.4.96 - - [04/Apr/2026:02:42:57 -0700] "GET /?s=43b250 HTTP/1.1" 200 18917 "-" "Mozilla/5.0 (compatible; Googlebot/2.1; +http://www.google.com/bot.html)" 2053 **2/2053022**
192.178.4.104 - - [04/Apr/2026:02:45:30 -0700] "GET /robots.txt HTTP/1.1" 200 28 "-" "Mozilla/5.0 (compatible; Googlebot/2.1; +http://www.google.com/bot.html)" 4 **0/4461**
208.109.40.231 - - [04/Apr/2026:02:45:31 -0700] "POST /wp-cron.php?doing_wp_cron=1775295931.8295829296112060546875 HTTP/1.1" 200 - "-" "WordPress/6.9.4; https://wanderlustyacht.co" 187 **0/187140**
192.178.4.104 - - [04/Apr/2026:02:45:30 -0700] "GET /?s=45295e HTTP/1.1" 200 18918 "-" "Mozilla/5.0 (compatible; Googlebot/2.1; +http://www.google.com/bot.html)" 1764 **1/1764296**
192.178.4.105 - - [04/Apr/2026:02:51:38 -0700] "GET /robots.txt HTTP/1.1" 200 28 "-" "Mozilla/5.0 (compatible; Googlebot/2.1; +http://www.google.com/bot.html)" 9 **0/9704**
208.109.40.231 - - [04/Apr/2026:02:51:43 -0700] "POST /wp-cron.php?doing_wp_cron=1775296303.1654388904571533203125 HTTP/1.1" 200 - "-" "WordPress/6.9.4; https://wanderlustyacht.co" 15 **0/15973**
192.178.4.104 - - [04/Apr/2026:02:51:38 -0700] "GET /?s=4abe67 HTTP/1.1" 200 18919 "-" "Mozilla/5.0 (Linux; Android 6.0.1; Nexus 5X Build/MMB29P) AppleWebKit/537.36 (KHTML, like Gecko) Chrome/146.0.7680.177 Mobile Safari/537.36 (compatible; Googlebot/2.1; +http://www.google.com/bot.html)" 5067 **5/5067769**
192.178.4.96 - - [04/Apr/2026:02:52:59 -0700] "GET /robots.txt HTTP/1.1" 200 28 "-" "Mozilla/5.0 (compatible; Googlebot/2.1; +http://www.google.com/bot.html)" 6 **0/6487**
208.109.40.231 - - [04/Apr/2026:02:53:01 -0700] "POST /wp-cron.php?doing_wp_cron=1775296381.6479449272155761718750 HTTP/1.1" 200 - "-" "WordPress/6.9.4; https://wanderlustyacht.co" 67 **0/67469**
192.178.4.104 - - [04/Apr/2026:02:52:59 -0700] "GET /index.php/?s=4804a4 HTTP/1.1" 200 18918 "-" "Mozilla/5.0 (compatible; Googlebot/2.1; +http://www.google.com/bot.html)" 2265 **2/2265753**
208.109.40.231 - - [04/Apr/2026:03:00:31 -0700] "POST /wp-cron.php?doing_wp_cron=1775296831.2203900814056396484375 HTTP/1.1" 200 - "-" "WordPress/6.9.4; https://wanderlustyacht.co" 23 **0/23302**
192.178.4.96 - - [04/Apr/2026:03:00:26 -0700] "GET /?s=60073a HTTP/1.1" 200 18918 "-" "Mozilla/5.0 (compatible; Googlebot/2.1; +http://www.google.com/bot.html)" 4997 **4/4997929**
208.109.40.231 - - [04/Apr/2026:03:13:01 -0700] "POST /wp-cron.php?doing_wp_cron=1775297581.2603149414062500000000 HTTP/1.1" 200 - "-" "WordPress/6.9.4; https://wanderlustyacht.co" 106 **0/106334**
192.178.4.104 - - [04/Apr/2026:03:12:55 -0700] "GET /?s=65c976 HTTP/1.1" 200 18920 "-" "Mozilla/5.0 (Linux; Android 6.0.1; Nexus 5X Build/MMB29P) AppleWebKit/537.36 (KHTML, like Gecko) Chrome/146.0.7680.177 Mobile Safari/537.36 (compatible; Googlebot/2.1; +http://www.google.com/bot.html)" 5738 **5/5738265**
43.173.175.35 - - [04/Apr/2026:03:16:33 -0700] "GET / HTTP/1.1" 200 23211 "http://wanderlustyacht.co" "Mozilla/5.0 (Windows NT 10.0; Win64; x64) AppleWebKit/537.36 (KHTML, like Gecko) Chrome/110.0.0.0 Safari/537.36" 1064 **1/1064071**
192.178.4.104 - - [04/Apr/2026:03:16:38 -0700] "GET /index.php/?s=4437b1 HTTP/1.1" 200 18920 "-" "Mozilla/5.0 (Linux; Android 6.0.1; Nexus 5X Build/MMB29P) AppleWebKit/537.36 (KHTML, like Gecko) Chrome/146.0.7680.177 Mobile Safari/537.36 (compatible; Googlebot/2.1; +http://www.google.com/bot.html)" 824 **0/824837**
208.109.40.231 - - [04/Apr/2026:03:26:33 -0700] "POST /wp-cron.php?doing_wp_cron=1775298393.3244650363922119140625 HTTP/1.1" 200 - "-" "WordPress/6.9.4; https://wanderlustyacht.co" 113 **0/113571**
192.178.4.96 - - [04/Apr/2026:03:26:27 -0700] "GET /?s=5aae2f HTTP/1.1" 200 18918 "-" "Mozilla/5.0 (compatible; Googlebot/2.1; +http://www.google.com/bot.html)" 5730 **5/5730606**
208.109.40.231 - - [04/Apr/2026:03:29:07 -0700] "POST /wp-cron.php?doing_wp_cron=1775298547.6342070102691650390625 HTTP/1.1" 200 - "-" "WordPress/6.9.4; https://wanderlustyacht.co" 37 **0/37649**
192.178.4.104 - - [04/Apr/2026:03:29:06 -0700] "GET /?s=4bf294 HTTP/1.1" 200 18919 "-" "Mozilla/5.0 (Linux; Android 6.0.1; Nexus 5X Build/MMB29P) AppleWebKit/537.36 (KHTML, like Gecko) Chrome/146.0.7680.177 Mobile Safari/537.36 (compatible; Googlebot/2.1; +http://www.google.com/bot.html)" 1314 **1/1314555**
208.109.40.231 - - [04/Apr/2026:03:37:39 -0700] "POST /wp-cron.php?doing_wp_cron=1775299059.5264270305633544921875 HTTP/1.1" 200 - "-" "WordPress/6.9.4; https://wanderlustyacht.co" 100 **0/100323**
192.178.4.104 - - [04/Apr/2026:03:37:29 -0700] "GET /?s=2b0bf0 HTTP/1.1" 200 18919 "-" "Mozilla/5.0 (Linux; Android 6.0.1; Nexus 5X Build/MMB29P) AppleWebKit/537.36 (KHTML, like Gecko) Chrome/146.0.7680.177 Mobile Safari/537.36 (compatible; Googlebot/2.1; +http://www.google.com/bot.html)" 10225 **10/10225674**
208.109.40.231 - - [04/Apr/2026:03:39:01 -0700] "POST /wp-cron.php?doing_wp_cron=1775299141.8740139007568359375000 HTTP/1.1" 200 - "-" "WordPress/6.9.4; https://wanderlustyacht.co" 27 **0/27621**
192.178.4.104 - - [04/Apr/2026:03:39:00 -0700] "GET /index.php/?s=52bf43 HTTP/1.1" 200 18919 "-" "Mozilla/5.0 (Linux; Android 6.0.1; Nexus 5X Build/MMB29P) AppleWebKit/537.36 (KHTML, like Gecko) Chrome/146.0.7680.177 Mobile Safari/537.36 (compatible; Googlebot/2.1; +http://www.google.com/bot.html)" 1441 **1/1441825**
208.109.40.231 - - [04/Apr/2026:03:48:25 -0700] "POST /wp-cron.php?doing_wp_cron=1775299705.6839969158172607421875 HTTP/1.1" 200 - "-" "WordPress/6.9.4; https://wanderlustyacht.co" 231 **0/231513**
192.178.4.104 - - [04/Apr/2026:03:48:21 -0700] "GET /index.php/?s=54e220 HTTP/1.1" 200 18920 "-" "Mozilla/5.0 (Linux; Android 6.0.1; Nexus 5X Build/MMB29P) AppleWebKit/537.36 (KHTML, like Gecko) Chrome/146.0.7680.177 Mobile Safari/537.36 (compatible; Googlebot/2.1; +http://www.google.com/bot.html)" 4770 **4/4770515**
208.109.40.231 - - [04/Apr/2026:04:00:30 -0700] "POST /wp-cron.php?doing_wp_cron=1775300430.6300189495086669921875 HTTP/1.1" 200 - "-" "WordPress/6.9.4; https://wanderlustyacht.co" 21 **0/21564**
192.178.4.104 - - [04/Apr/2026:04:00:25 -0700] "GET /?s=4c6167 HTTP/1.1" 200 18921 "-" "Mozilla/5.0 (Linux; Android 6.0.1; Nexus 5X Build/MMB29P) AppleWebKit/537.36 (KHTML, like Gecko) Chrome/146.0.7680.177 Mobile Safari/537.36 (compatible; Googlebot/2.1; +http://www.google.com/bot.html)" 5428 **5/5428937**
208.109.40.231 - - [04/Apr/2026:04:01:17 -0700] "POST /wp-cron.php?doing_wp_cron=1775300477.4972000122070312500000 HTTP/1.1" 200 - "-" "WordPress/6.9.4; https://wanderlustyacht.co" 187 **0/187991**
192.178.4.105 - - [04/Apr/2026:04:01:16 -0700] "GET /?s=410691 HTTP/1.1" 200 18921 "-" "Mozilla/5.0 (Linux; Android 6.0.1; Nexus 5X Build/MMB29P) AppleWebKit/537.36 (KHTML, like Gecko) Chrome/146.0.7680.177 Mobile Safari/537.36 (compatible; Googlebot/2.1; +http://www.google.com/bot.html)" 1477 **1/1477816**
173.239.218.26 - - [04/Apr/2026:04:17:25 -0700] "GET /wp-includes/css/buttons.css HTTP/2.0" 200 12358 "http://cpanel.wanderlustyacht.co/wp-includes/css/buttons.css" "Go-http-client/2.0" 91 **0/91147**
192.178.4.104 - - [04/Apr/2026:04:25:17 -0700] "GET /wp-content/plugins/elementor/assets/js/frontend.min.js?ver=4.0.1 HTTP/1.1" 200 10063 "https://wanderlustyacht.co/?s=46f5bb&nocache=1775212590&jet_blog_ajax=1" "Mozilla/5.0 (Linux; Android 6.0.1; Nexus 5X Build/MMB29P) AppleWebKit/537.36 (KHTML, like Gecko) Chrome/146.0.7680.177 Mobile Safari/537.36 (compatible; Googlebot/2.1; +http://www.google.com/bot.html)" 18 **0/18165**
192.178.4.104 - - [04/Apr/2026:04:25:17 -0700] "GET /wp-includes/js/wp-util.min.js?ver=6.9.4 HTTP/1.1" 200 693 "https://wanderlustyacht.co/?s=46f5bb&nocache=1775212590&jet_blog_ajax=1" "Mozilla/5.0 (Linux; Android 6.0.1; Nexus 5X Build/MMB29P) AppleWebKit/537.36 (KHTML, like Gecko) Chrome/146.0.7680.177 Mobile Safari/537.36 (compatible; Googlebot/2.1; +http://www.google.com/bot.html)" 17 **0/17940**
192.178.4.96 - - [04/Apr/2026:04:25:18 -0700] "GET /wp-content/plugins/jet-search/assets/lib/chosen/chosen.jquery.min.js?ver=1.8.7 HTTP/1.1" 200 6438 "https://wanderlustyacht.co/?s=46f5bb&nocache=1775212590&jet_blog_ajax=1" "Mozilla/5.0 (Linux; Android 6.0.1; Nexus 5X Build/MMB29P) AppleWebKit/537.36 (KHTML, like Gecko) Chrome/146.0.7680.177 Mobile Safari/537.36 (compatible; Googlebot/2.1; +http://www.google.com/bot.html)" 15 **0/15336**
192.178.4.96 - - [04/Apr/2026:04:31:55 -0700] "GET /wp-content/plugins/jet-popup/assets/css/jet-popup-frontend.css?ver=2.0.10 HTTP/1.1" 200 2624 "https://wanderlustyacht.co/?s=2d3445&nocache=1775248194&jet_blog_ajax=1" "Mozilla/5.0 (Linux; Android 6.0.1; Nexus 5X Build/MMB29P) AppleWebKit/537.36 (KHTML, like Gecko) Chrome/146.0.7680.177 Mobile Safari/537.36 (compatible; Googlebot/2.1; +http://www.google.com/bot.html)" 8 **0/8375**
192.178.4.96 - - [04/Apr/2026:04:31:56 -0700] "GET /wp-content/plugins/jet-search/assets/lib/chosen/chosen.jquery.min.js?ver=1.8.7 HTTP/1.1" 200 6438 "https://wanderlustyacht.co/?s=2d3445&nocache=1775248194&jet_blog_ajax=1" "Mozilla/5.0 (Linux; Android 6.0.1; Nexus 5X Build/MMB29P) AppleWebKit/537.36 (KHTML, like Gecko) Chrome/146.0.7680.177 Mobile Safari/537.36 (compatible; Googlebot/2.1; +http://www.google.com/bot.html)" 15 **0/15064**
208.109.40.231 - - [04/Apr/2026:04:46:17 -0700] "POST /wp-cron.php?doing_wp_cron=1775303177.1514949798583984375000 HTTP/1.1" 200 - "-" "WordPress/6.9.4; https://wanderlustyacht.co" 19 **0/19367**
186.226.53.203 - - [04/Apr/2026:04:46:11 -0700] "GET /yacht-management-blend-art-science/ HTTP/1.1" 200 21029 "-" "Mozilla/5.0 (iPod; U; CPU iPhone OS 3_2 like Mac OS X; ts-ZA) AppleWebKit/531.22.6 (KHTML, like Gecko) Version/3.0.5 Mobile/8B119 Safari/6531.22.6" 5926 **5/5926783**
14.169.131.74 - - [04/Apr/2026:04:46:24 -0700] "GET /wp-json/ HTTP/1.1" 200 18509 "-" "Mozilla/5.0 (compatible; MSIE 5.0; Windows NT 5.01; Trident/5.1)" 1116 **1/1116304**
216.73.216.173 - - [04/Apr/2026:04:47:37 -0700] "GET /robots.txt HTTP/2.0" 200 28 "-" "Mozilla/5.0 AppleWebKit/537.36 (KHTML, like Gecko; compatible; ClaudeBot/1.0; +claudebot@anthropic.com)" 22 **0/22755**
208.109.40.231 - - [04/Apr/2026:04:47:38 -0700] "POST /wp-cron.php?doing_wp_cron=1775303258.1712749004364013671875 HTTP/1.1" 200 - "-" "WordPress/6.9.4; https://wanderlustyacht.co" 447 **0/447749**
216.73.216.173 - - [04/Apr/2026:04:47:37 -0700] "GET /sitemap.xml HTTP/2.0" 301 1 "-" "Mozilla/5.0 AppleWebKit/537.36 (KHTML, like Gecko; compatible; ClaudeBot/1.0; +claudebot@anthropic.com)" 1350 **1/1350838**
216.73.216.173 - - [04/Apr/2026:04:47:42 -0700] "GET /wp-sitemap.xml HTTP/2.0" 200 205 "https://www.wanderlustyacht.co/sitemap.xml" "Mozilla/5.0 AppleWebKit/537.36 (KHTML, like Gecko; compatible; ClaudeBot/1.0; +claudebot@anthropic.com)" 834 **0/834089**
208.109.40.231 - - [04/Apr/2026:04:47:47 -0700] "POST /wp-cron.php?doing_wp_cron=1775303267.1536660194396972656250 HTTP/1.1" 200 - "-" "WordPress/6.9.4; https://wanderlustyacht.co" 56 **0/56541**
185.244.153.238 - - [04/Apr/2026:04:47:46 -0700] "GET /feed/ HTTP/1.1" 200 7285 "-" "Mozilla/5.0 (Windows NT 5.01; gez-ER; rv:1.9.1.20) Gecko/5859-07-06 18:24:48.810959 Firefox/3.6.20" 1109 **1/1109697**
208.109.40.231 - - [04/Apr/2026:04:49:08 -0700] "POST /wp-cron.php?doing_wp_cron=1775303348.6221079826354980468750 HTTP/1.1" 200 - "-" "WordPress/6.9.4; https://wanderlustyacht.co" 291 **0/291534**
192.178.4.105 - - [04/Apr/2026:04:49:07 -0700] "GET /index.php/?s=57d200 HTTP/1.1" 200 18919 "-" "Mozilla/5.0 (compatible; Googlebot/2.1; +http://www.google.com/bot.html)" 1405 **1/1405468**
192.178.4.105 - - [04/Apr/2026:04:50:08 -0700] "GET /wp-includes/js/jquery/jquery-migrate.min.js?ver=3.4.1 HTTP/1.1" 200 4685 "https://wanderlustyacht.co/?s=36d1c4&nocache=1775269588&jet_blog_ajax=1" "Mozilla/5.0 (Linux; Android 6.0.1; Nexus 5X Build/MMB29P) AppleWebKit/537.36 (KHTML, like Gecko) Chrome/146.0.7680.177 Mobile Safari/537.36 (compatible; Googlebot/2.1; +http://www.google.com/bot.html)" 18 **0/18323**
208.109.40.231 - - [04/Apr/2026:04:51:02 -0700] "POST /wp-cron.php?doing_wp_cron=1775303462.4163150787353515625000 HTTP/1.1" 200 - "-" "WordPress/6.9.4; https://wanderlustyacht.co" 816 **0/816301**
192.178.4.96 - - [04/Apr/2026:04:51:00 -0700] "GET /?s=512427 HTTP/1.1" 200 18921 "-" "Mozilla/5.0 (Linux; Android 6.0.1; Nexus 5X Build/MMB29P) AppleWebKit/537.36 (KHTML, like Gecko) Chrome/146.0.7680.177 Mobile Safari/537.36 (compatible; Googlebot/2.1; +http://www.google.com/bot.html)" 2776 **2/2776365**
43.172.198.184 - - [04/Apr/2026:04:51:11 -0700] "GET /category/charter/ HTTP/1.1" 200 20946 "-" "Mozilla/5.0 (Windows NT 10.0; Win64; x64) AppleWebKit/537.36 (KHTML, like Gecko) Chrome/145.0.0.0 Safari/537.36" 1447 **1/1447998**
43.173.175.88 - - [04/Apr/2026:04:51:13 -0700] "GET /wp-includes/css/dist/block-library/style.min.css?ver=6.9.4 HTTP/1.1" 200 15916 "https://wanderlustyacht.co/category/charter/" "Mozilla/5.0 (Windows NT 10.0; Win64; x64) AppleWebKit/537.36 (KHTML, like Gecko) Chrome/145.0.0.0 Safari/537.36" 16 **0/16092**
208.109.40.231 - - [04/Apr/2026:04:52:27 -0700] "POST /wp-cron.php?doing_wp_cron=1775303547.9264690876007080078125 HTTP/1.1" 200 - "-" "WordPress/6.9.4; https://wanderlustyacht.co" 18 **0/18318**
192.178.4.96 - - [04/Apr/2026:04:52:26 -0700] "GET /index.php/?s=404d7f HTTP/1.1" 200 18919 "-" "Mozilla/5.0 (compatible; Googlebot/2.1; +http://www.google.com/bot.html)" 1083 **1/1083789**
208.109.40.231 - - [04/Apr/2026:04:56:08 -0700] "POST /wp-cron.php?doing_wp_cron=1775303768.7319810390472412109375 HTTP/1.1" 200 - "-" "WordPress/6.9.4; https://wanderlustyacht.co" 111 **0/111936**
49.149.177.238 - - [04/Apr/2026:04:56:08 -0700] "GET /xmlrpc.php?rsd HTTP/1.1" 200 268 "-" "Mozilla/5.0 (compatible; MSIE 5.0; Windows 98; Win 9x 4.90; Trident/5.0)" 800 **0/800847**
208.109.40.231 - - [04/Apr/2026:04:58:15 -0700] "POST /wp-cron.php?doing_wp_cron=1775303895.4960570335388183593750 HTTP/1.1" 200 - "-" "WordPress/6.9.4; https://wanderlustyacht.co" 145 **0/145863**
192.178.4.104 - - [04/Apr/2026:04:58:13 -0700] "GET /?s=353aa5 HTTP/1.1" 200 18919 "-" "Mozilla/5.0 (compatible; Googlebot/2.1; +http://www.google.com/bot.html)" 2115 **2/2115381**
208.109.40.231 - - [04/Apr/2026:04:59:07 -0700] "POST /wp-cron.php?doing_wp_cron=1775303947.7413790225982666015625 HTTP/1.1" 200 - "-" "WordPress/6.9.4; https://wanderlustyacht.co" 68 **0/68591**
192.178.4.104 - - [04/Apr/2026:04:59:06 -0700] "GET /?s=63507c HTTP/1.1" 200 18919 "-" "Mozilla/5.0 (compatible; Googlebot/2.1; +http://www.google.com/bot.html)" 1058 **1/1058505**
208.109.40.231 - - [04/Apr/2026:04:59:55 -0700] "POST /wp-cron.php?doing_wp_cron=1775303995.3194038867950439453125 HTTP/1.1" 200 - "-" "WordPress/6.9.4; https://wanderlustyacht.co" 174 **0/174352**
192.178.4.104 - - [04/Apr/2026:04:59:54 -0700] "GET /?s=599638 HTTP/1.1" 200 18919 "-" "Mozilla/5.0 (Linux; Android 6.0.1; Nexus 5X Build/MMB29P) AppleWebKit/537.36 (KHTML, like Gecko) Chrome/146.0.7680.177 Mobile Safari/537.36 (compatible; Googlebot/2.1; +http://www.google.com/bot.html)" 1363 **1/1363964**
49.235.136.28 - - [04/Apr/2026:05:00:11 -0700] "GET / HTTP/1.1" 200 23211 "http://wanderlustyacht.co" "Mozilla/5.0 (iPhone; CPU iPhone OS 13_2_3 like Mac OS X) AppleWebKit/605.1.15 (KHTML, like Gecko) Version/13.0.3 Mobile/15E148 Safari/604.1" 1265 **1/1265679**
208.109.40.231 - - [04/Apr/2026:05:01:59 -0700] "POST /wp-cron.php?doing_wp_cron=1775304119.2807769775390625000000 HTTP/1.1" 200 - "-" "WordPress/6.9.4; https://wanderlustyacht.co" 323 **0/323638**
192.178.4.105 - - [04/Apr/2026:05:01:58 -0700] "GET /index.php/?s=415696 HTTP/1.1" 200 18920 "-" "Mozilla/5.0 (compatible; Googlebot/2.1; +http://www.google.com/bot.html)" 1283 **1/1283939**
27.34.67.159 - - [04/Apr/2026:05:02:17 -0700] "GET /yacht-chartering-a-voyage-of-luxury-and-adventure/ HTTP/1.1" 200 22116 "-" "Mozilla/5.0 (X11; Linux x86_64; rv:1.9.5.20) Gecko/4158-11-05 01:50:39.978241 Firefox/3.8" 1101 **1/1101524**
208.109.40.231 - - [04/Apr/2026:05:07:56 -0700] "POST /wp-cron.php?doing_wp_cron=1775304476.1520979404449462890625 HTTP/1.1" 200 - "-" "WordPress/6.9.4; https://wanderlustyacht.co" 24 **0/24755**
192.178.4.104 - - [04/Apr/2026:05:07:55 -0700] "GET /index.php/?s=5c3f19 HTTP/1.1" 200 18923 "-" "Mozilla/5.0 (Linux; Android 6.0.1; Nexus 5X Build/MMB29P) AppleWebKit/537.36 (KHTML, like Gecko) Chrome/146.0.7680.177 Mobile Safari/537.36 (compatible; Googlebot/2.1; +http://www.google.com/bot.html)" 1469 **1/1469459**
192.178.4.96 - - [04/Apr/2026:05:07:56 -0700] "GET /index.php/?s=5f5fb1 HTTP/1.1" 200 18923 "-" "Mozilla/5.0 (Linux; Android 6.0.1; Nexus 5X Build/MMB29P) AppleWebKit/537.36 (KHTML, like Gecko) Chrome/146.0.7680.177 Mobile Safari/537.36 (compatible; Googlebot/2.1; +http://www.google.com/bot.html)" 1587 **1/1587924**
192.178.4.105 - - [04/Apr/2026:05:07:55 -0700] "GET /index.php/?s=4ea6fe HTTP/1.1" 200 18923 "-" "Mozilla/5.0 (Linux; Android 6.0.1; Nexus 5X Build/MMB29P) AppleWebKit/537.36 (KHTML, like Gecko) Chrome/146.0.7680.177 Mobile Safari/537.36 (compatible; Googlebot/2.1; +http://www.google.com/bot.html)" 2093 **2/2093403**
192.178.4.105 - - [04/Apr/2026:05:07:58 -0700] "GET /sf/bigsale/00/0/?sc_i=cp_ta_b_head_seasonicon_earlysummer HTTP/1.1" 404 18741 "-" "Mozilla/5.0 (Linux; Android 6.0.1; Nexus 5X Build/MMB29P) AppleWebKit/537.36 (KHTML, like Gecko) Chrome/146.0.7680.177 Mobile Safari/537.36 (compatible; Googlebot/2.1; +http://www.google.com/bot.html)" 1212 **1/1212169**
192.178.4.96 - - [04/Apr/2026:05:08:01 -0700] "GET /wp-content/plugins/jet-elements/assets/js/lib/anime-js/anime.min.js?ver=2.2.0 HTTP/1.1" 200 5935 "https://wanderlustyacht.co/index.php/?s=5f5fb1" "Mozilla/5.0 (Linux; Android 6.0.1; Nexus 5X Build/MMB29P) AppleWebKit/537.36 (KHTML, like Gecko) Chrome/146.0.7680.177 Mobile Safari/537.36 (compatible; Googlebot/2.1; +http://www.google.com/bot.html)" 16 **0/16485**
208.109.40.231 - - [04/Apr/2026:05:08:52 -0700] "POST /wp-cron.php?doing_wp_cron=1775304532.5702900886535644531250 HTTP/1.1" 200 - "-" "WordPress/6.9.4; https://wanderlustyacht.co" 46 **0/46125**
192.178.4.104 - - [04/Apr/2026:05:08:51 -0700] "GET /?s=50b9d0 HTTP/1.1" 200 18921 "-" "Mozilla/5.0 (Linux; Android 6.0.1; Nexus 5X Build/MMB29P) AppleWebKit/537.36 (KHTML, like Gecko) Chrome/146.0.7680.177 Mobile Safari/537.36 (compatible; Googlebot/2.1; +http://www.google.com/bot.html)" 1773 **1/1773790**
3.139.242.79 - - [04/Apr/2026:05:09:17 -0700] "GET / HTTP/1.1" 200 23211 "-" "visionheight.com/scan Mozilla/5.0 (Macintosh; Intel Mac OS X 10_15_7) Chrome/126.0.0.0 Safari/537.36" 1825 **1/1825188**
208.109.40.231 - - [04/Apr/2026:05:17:14 -0700] "POST /wp-cron.php?doing_wp_cron=1775305034.1225531101226806640625 HTTP/1.1" 200 - "-" "WordPress/6.9.4; https://wanderlustyacht.co" 43 **0/43168**
192.178.4.96 - - [04/Apr/2026:05:17:09 -0700] "GET /?s=51d21e HTTP/1.1" 200 18922 "-" "Mozilla/5.0 (Linux; Android 6.0.1; Nexus 5X Build/MMB29P) AppleWebKit/537.36 (KHTML, like Gecko) Chrome/146.0.7680.177 Mobile Safari/537.36 (compatible; GoogleOther)" 4762 **4/4762134**
208.109.40.231 - - [04/Apr/2026:05:18:36 -0700] "POST /wp-cron.php?doing_wp_cron=1775305116.9462969303131103515625 HTTP/1.1" 200 - "-" "WordPress/6.9.4; https://wanderlustyacht.co" 111 **0/111524**
192.178.4.105 - - [04/Apr/2026:05:18:35 -0700] "GET /index.php/?s=2a5be7 HTTP/1.1" 200 18920 "-" "Mozilla/5.0 (Linux; Android 6.0.1; Nexus 5X Build/MMB29P) AppleWebKit/537.36 (KHTML, like Gecko) Chrome/146.0.7680.177 Mobile Safari/537.36 (compatible; Googlebot/2.1; +http://www.google.com/bot.html)" 1444 **1/1444585**
208.109.40.231 - - [04/Apr/2026:05:18:51 -0700] "GET /?wp_scrape_key=608c9466d8ae49acd283cb0a977d0386&wp_scrape_nonce=1775305129 HTTP/1.1" 200 23255 "-" "WordPress/6.9.4; https://wanderlustyacht.co" 1280 **1/1280739**
69.63.184.12 - - [04/Apr/2026:05:19:57 -0700] "GET /robots.txt HTTP/2.0" 206 24 "-" "facebookexternalhit/1.1 (+http://www.facebook.com/externalhit_uatext.php)" 5 **0/5613**
208.109.40.231 - - [04/Apr/2026:05:20:41 -0700] "POST /wp-cron.php?doing_wp_cron=1775305241.9701139926910400390625 HTTP/1.1" 200 - "-" "WordPress/6.9.4; https://wanderlustyacht.co" 195 **0/195962**
192.178.4.105 - - [04/Apr/2026:05:20:39 -0700] "GET /?s=39f1e6 HTTP/1.1" 200 18922 "-" "Mozilla/5.0 (Linux; Android 6.0.1; Nexus 5X Build/MMB29P) AppleWebKit/537.36 (KHTML, like Gecko) Chrome/146.0.7680.177 Mobile Safari/537.36 (compatible; Googlebot/2.1; +http://www.google.com/bot.html)" 2508 **2/2508271**
208.109.40.231 - - [04/Apr/2026:05:20:51 -0700] "POST /wp-cron.php?doing_wp_cron=1775305251.4767870903015136718750 HTTP/1.1" 200 - "-" "WordPress/6.9.4; https://wanderlustyacht.co" 66 **0/66345**
192.178.4.105 - - [04/Apr/2026:05:20:49 -0700] "GET /?s=5b4afe HTTP/1.1" 200 18920 "-" "Mozilla/5.0 (Linux; Android 6.0.1; Nexus 5X Build/MMB29P) AppleWebKit/537.36 (KHTML, like Gecko) Chrome/146.0.7680.177 Mobile Safari/537.36 (compatible; Googlebot/2.1; +http://www.google.com/bot.html)" 1950 **1/1950616**
192.178.4.105 - - [04/Apr/2026:05:21:44 -0700] "GET /?s=4248bb HTTP/1.1" 200 18918 "-" "Mozilla/5.0 (compatible; Googlebot/2.1; +http://www.google.com/bot.html)" 1998 **1/1998364**
208.109.40.231 - - [04/Apr/2026:05:22:56 -0700] "POST /wp-cron.php?doing_wp_cron=1775305376.0330119132995605468750 HTTP/1.1" 200 - "-" "WordPress/6.9.4; https://wanderlustyacht.co" 281 **0/281002**
192.178.4.105 - - [04/Apr/2026:05:22:54 -0700] "GET /?s=42bed6 HTTP/1.1" 200 18919 "-" "Mozilla/5.0 (compatible; Googlebot/2.1; +http://www.google.com/bot.html)" 1544 **1/1544229**
208.109.40.231 - - [04/Apr/2026:05:25:38 -0700] "POST /wp-cron.php?doing_wp_cron=1775305538.0537099838256835937500 HTTP/1.1" 200 - "-" "WordPress/6.9.4; https://wanderlustyacht.co" 122 **0/122462**
192.178.4.96 - - [04/Apr/2026:05:25:36 -0700] "GET /?s=2f706a HTTP/1.1" 200 18922 "-" "Mozilla/5.0 (Linux; Android 6.0.1; Nexus 5X Build/MMB29P) AppleWebKit/537.36 (KHTML, like Gecko) Chrome/146.0.7680.177 Mobile Safari/537.36 (compatible; GoogleOther)" 2108 **2/2108403**
208.109.40.231 - - [04/Apr/2026:05:29:19 -0700] "POST /wp-cron.php?doing_wp_cron=1775305759.6262838840484619140625 HTTP/1.1" 200 - "-" "WordPress/6.9.4; https://wanderlustyacht.co" 123 **0/123317**
192.178.4.96 - - [04/Apr/2026:05:29:18 -0700] "GET /index.php/?s=46850b HTTP/1.1" 200 18921 "-" "Mozilla/5.0 (Linux; Android 6.0.1; Nexus 5X Build/MMB29P) AppleWebKit/537.36 (KHTML, like Gecko) Chrome/146.0.7680.177 Mobile Safari/537.36 (compatible; Googlebot/2.1; +http://www.google.com/bot.html)" 1149 **1/1149536**
192.178.4.104 - - [04/Apr/2026:05:29:23 -0700] "GET /wp-content/plugins/elementor-pro/assets/js/frontend.min.js?ver=3.31.2 HTTP/1.1" 200 6287 "https://wanderlustyacht.co/index.php/?s=46850b" "Mozilla/5.0 (Linux; Android 6.0.1; Nexus 5X Build/MMB29P) AppleWebKit/537.36 (KHTML, like Gecko) Chrome/146.0.7680.177 Mobile Safari/537.36 (compatible; Googlebot/2.1; +http://www.google.com/bot.html)" 18 **0/18158**
208.109.40.231 - - [04/Apr/2026:05:29:54 -0700] "POST /wp-cron.php?doing_wp_cron=1775305794.0527200698852539062500 HTTP/1.1" 200 - "-" "WordPress/6.9.4; https://wanderlustyacht.co" 31 **0/31887**
192.178.4.104 - - [04/Apr/2026:05:29:52 -0700] "GET /?s=47f003 HTTP/1.1" 200 18921 "-" "Mozilla/5.0 (compatible; Googlebot/2.1; +http://www.google.com/bot.html)" 1254 **1/1254493**
208.109.40.231 - - [04/Apr/2026:05:31:08 -0700] "POST /wp-cron.php?doing_wp_cron=1775305868.4428150653839111328125 HTTP/1.1" 200 - "-" "WordPress/6.9.4; https://wanderlustyacht.co" 377 **0/377670**
192.178.4.105 - - [04/Apr/2026:05:31:07 -0700] "GET /?s=35cfff HTTP/1.1" 200 18923 "-" "Mozilla/5.0 (Linux; Android 6.0.1; Nexus 5X Build/MMB29P) AppleWebKit/537.36 (KHTML, like Gecko) Chrome/146.0.7680.177 Mobile Safari/537.36 (compatible; Googlebot/2.1; +http://www.google.com/bot.html)" 1973 **1/1973188**
192.178.4.105 - - [04/Apr/2026:05:31:13 -0700] "GET /?s=3d0aaf HTTP/1.1" 200 18922 "-" "Mozilla/5.0 (compatible; Googlebot/2.1; +http://www.google.com/bot.html)" 1646 **1/1646341**
192.178.4.104 - - [04/Apr/2026:05:31:27 -0700] "GET /?s=4a2c62 HTTP/1.1" 200 18922 "-" "Mozilla/5.0 (Linux; Android 6.0.1; Nexus 5X Build/MMB29P) AppleWebKit/537.36 (KHTML, like Gecko) Chrome/146.0.7680.177 Mobile Safari/537.36 (compatible; GoogleOther)" 1320 **1/1320196**
192.178.4.104 - - [04/Apr/2026:05:31:30 -0700] "GET /wp-includes/js/mediaelement/mediaelementplayer-legacy.min.css?ver=4.2.17 HTTP/1.1" 200 2397 "https://wanderlustyacht.co/?s=4a2c62" "Mozilla/5.0 (Linux; Android 6.0.1; Nexus 5X Build/MMB29P) AppleWebKit/537.36 (KHTML, like Gecko) Chrome/146.0.7680.177 Mobile Safari/537.36 (compatible; GoogleOther)" 9 **0/9183**
192.178.4.96 - - [04/Apr/2026:05:32:49 -0700] "GET /?s=5b2375 HTTP/1.1" 200 18921 "-" "Mozilla/5.0 (Linux; Android 6.0.1; Nexus 5X Build/MMB29P) AppleWebKit/537.36 (KHTML, like Gecko) Chrome/146.0.7680.177 Mobile Safari/537.36 (compatible; Googlebot/2.1; +http://www.google.com/bot.html)" 2596 **2/2596007**
208.109.40.231 - - [04/Apr/2026:05:32:50 -0700] "POST /wp-cron.php?doing_wp_cron=1775305970.8440229892730712890625 HTTP/1.1" 200 - "-" "WordPress/6.9.4; https://wanderlustyacht.co" 1367 **1/1367812**
192.178.4.104 - - [04/Apr/2026:05:33:08 -0700] "GET /?s=453da3 HTTP/1.1" 200 18922 "-" "Mozilla/5.0 (Linux; Android 6.0.1; Nexus 5X Build/MMB29P) AppleWebKit/537.36 (KHTML, like Gecko) Chrome/146.0.7680.177 Mobile Safari/537.36 (compatible; Googlebot/2.1; +http://www.google.com/bot.html)" 1568 **1/1568613**
208.109.40.231 - - [04/Apr/2026:05:33:21 -0700] "POST /wp-cron.php?doing_wp_cron=1775306001.4358310699462890625000 HTTP/1.1" 200 - "-" "WordPress/6.9.4; https://wanderlustyacht.co" 294 **0/294257**
192.178.4.104 - - [04/Apr/2026:05:33:20 -0700] "GET /?s=2f5e12 HTTP/1.1" 200 18921 "-" "Mozilla/5.0 (Linux; Android 6.0.1; Nexus 5X Build/MMB29P) AppleWebKit/537.36 (KHTML, like Gecko) Chrome/146.0.7680.177 Mobile Safari/537.36 (compatible; Googlebot/2.1; +http://www.google.com/bot.html)" 1510 **1/1510699**
208.109.40.231 - - [04/Apr/2026:05:33:59 -0700] "POST /wp-cron.php?doing_wp_cron=1775306039.0642199516296386718750 HTTP/1.1" 200 - "-" "WordPress/6.9.4; https://wanderlustyacht.co" 165 **0/165613**
192.178.4.104 - - [04/Apr/2026:05:33:58 -0700] "GET /?s=3f5975 HTTP/1.1" 200 18922 "-" "Mozilla/5.0 (Linux; Android 6.0.1; Nexus 5X Build/MMB29P) AppleWebKit/537.36 (KHTML, like Gecko) Chrome/146.0.7680.177 Mobile Safari/537.36 (compatible; Googlebot/2.1; +http://www.google.com/bot.html)" 1490 **1/1490888**
192.178.4.105 - - [04/Apr/2026:05:34:04 -0700] "GET /wp-content/plugins/jet-popup/assets/css/jet-popup-frontend.css?ver=2.0.10 HTTP/1.1" 200 2624 "https://wanderlustyacht.co/?s=3f5975" "Mozilla/5.0 (Linux; Android 6.0.1; Nexus 5X Build/MMB29P) AppleWebKit/537.36 (KHTML, like Gecko) Chrome/146.0.7680.177 Mobile Safari/537.36 (compatible; Googlebot/2.1; +http://www.google.com/bot.html)" 12 **0/12828**
208.109.40.231 - - [04/Apr/2026:05:37:19 -0700] "POST /wp-cron.php?doing_wp_cron=1775306239.2650799751281738281250 HTTP/1.1" 200 - "-" "WordPress/6.9.4; https://wanderlustyacht.co" 69 **0/69441**
192.178.4.104 - - [04/Apr/2026:05:37:18 -0700] "GET /?s=3a5d0d HTTP/1.1" 200 18922 "-" "Mozilla/5.0 (Linux; Android 6.0.1; Nexus 5X Build/MMB29P) AppleWebKit/537.36 (KHTML, like Gecko) Chrome/146.0.7680.177 Mobile Safari/537.36 (compatible; GoogleOther)" 1351 **1/1351039**
74.7.244.19 - - [04/Apr/2026:05:37:20 -0700] "GET /robots.txt HTTP/2.0" 200 28 "-" "Mozilla/5.0 (Macintosh; Intel Mac OS X 10_15_7) AppleWebKit/537.36 (KHTML, like Gecko) Chrome/131.0.0.0 Safari/537.36; compatible; OAI-SearchBot/1.3; robots.txt; +https://openai.com/searchbot" 10 **0/10806**
208.109.40.231 - - [04/Apr/2026:05:38:13 -0700] "POST /wp-cron.php?doing_wp_cron=1775306293.8535790443420410156250 HTTP/1.1" 200 - "-" "WordPress/6.9.4; https://wanderlustyacht.co" 112 **0/112577**
192.178.4.105 - - [04/Apr/2026:05:38:12 -0700] "GET /index.php/?s=4ee3a0 HTTP/1.1" 200 18922 "-" "Mozilla/5.0 (Linux; Android 6.0.1; Nexus 5X Build/MMB29P) AppleWebKit/537.36 (KHTML, like Gecko) Chrome/146.0.7680.177 Mobile Safari/537.36 (compatible; Googlebot/2.1; +http://www.google.com/bot.html)" 1340 **1/1340084**
195.2.84.198 - - [04/Apr/2026:05:41:36 -0700] "POST /wp-admin/admin-ajax.php HTTP/1.0" 422 88 "http://wanderlustyacht.co/contact-us/" "Mozilla/5.0 (Windows NT 10.0; Win64; x64) AppleWebKit/537.36 (KHTML, like Gecko) Chrome/130.0.0.0 Safari/537.36" 3771 **3/3771234**
208.109.40.231 - - [04/Apr/2026:05:43:11 -0700] "POST /wp-cron.php?doing_wp_cron=1775306591.8326580524444580078125 HTTP/1.1" 200 - "-" "WordPress/6.9.4; https://wanderlustyacht.co" 453 **0/453635**
192.178.4.105 - - [04/Apr/2026:05:43:09 -0700] "GET /?s=30eab3 HTTP/1.1" 200 18920 "-" "Mozilla/5.0 (Linux; Android 6.0.1; Nexus 5X Build/MMB29P) AppleWebKit/537.36 (KHTML, like Gecko) Chrome/146.0.7680.177 Mobile Safari/537.36 (compatible; GoogleOther)" 3216 **3/3216918**
208.109.40.231 - - [04/Apr/2026:05:44:19 -0700] "POST /wp-cron.php?doing_wp_cron=1775306658.9171600341796875000000 HTTP/1.1" 200 - "-" "WordPress/6.9.4; https://wanderlustyacht.co" 282 **0/282164**
192.178.4.104 - - [04/Apr/2026:05:44:12 -0700] "GET /?s=51619b HTTP/1.1" 200 18922 "-" "Mozilla/5.0 (Linux; Android 6.0.1; Nexus 5X Build/MMB29P) AppleWebKit/537.36 (KHTML, like Gecko) Chrome/146.0.7680.177 Mobile Safari/537.36 (compatible; Googlebot/2.1; +http://www.google.com/bot.html)" 7209 **7/7209108**
192.178.4.104 - - [04/Apr/2026:05:44:13 -0700] "GET /?s=380a25 HTTP/1.1" 200 18922 "-" "Mozilla/5.0 (Linux; Android 6.0.1; Nexus 5X Build/MMB29P) AppleWebKit/537.36 (KHTML, like Gecko) Chrome/146.0.7680.177 Mobile Safari/537.36 (compatible; GoogleOther)" 6597 **6/6597143**
208.109.40.231 - - [04/Apr/2026:05:45:27 -0700] "POST /wp-cron.php?doing_wp_cron=1775306727.1622629165649414062500 HTTP/1.1" 200 - "-" "WordPress/6.9.4; https://wanderlustyacht.co" 338 **0/338408**
192.178.4.96 - - [04/Apr/2026:05:45:24 -0700] "GET /index.php/?s=40d23d HTTP/1.1" 200 18922 "-" "Mozilla/5.0 (Linux; Android 6.0.1; Nexus 5X Build/MMB29P) AppleWebKit/537.36 (KHTML, like Gecko) Chrome/146.0.7680.177 Mobile Safari/537.36 (compatible; Googlebot/2.1; +http://www.google.com/bot.html)" 3882 **3/3882301**
208.109.40.231 - - [04/Apr/2026:05:50:47 -0700] "POST /wp-cron.php?doing_wp_cron=1775307046.9387540817260742187500 HTTP/1.1" 200 - "-" "WordPress/6.9.4; https://wanderlustyacht.co" 103 **0/103800**
192.178.4.105 - - [04/Apr/2026:05:50:44 -0700] "GET /index.php/?s=384281 HTTP/1.1" 200 18922 "-" "Mozilla/5.0 (Linux; Android 6.0.1; Nexus 5X Build/MMB29P) AppleWebKit/537.36 (KHTML, like Gecko) Chrome/146.0.7680.177 Mobile Safari/537.36 (compatible; Googlebot/2.1; +http://www.google.com/bot.html)" 2869 **2/2869965**
14.233.201.222 - - [04/Apr/2026:05:51:55 -0700] "GET /training HTTP/1.1" 301 1 "-" "Mozilla/5.0 (X11; Linux i686; rv:1.9.6.20) Gecko/3130-05-15 11:01:43.547249 Firefox/12.0" 9086 **9/9086396**
200.15.16.154 - - [04/Apr/2026:05:52:07 -0700] "GET /training/ HTTP/1.1" 200 19374 "-" "Opera/8.95.(Windows NT 6.2; fr-CH) Presto/2.9.173 Version/10.00" 11827 **11/11827364**
208.109.40.231 - - [04/Apr/2026:05:53:16 -0700] "POST /wp-cron.php?doing_wp_cron=1775307196.7458989620208740234375 HTTP/1.1" 200 - "-" "WordPress/6.9.4; https://wanderlustyacht.co" 174 **0/174437**
192.178.4.96 - - [04/Apr/2026:05:53:12 -0700] "GET /index.php/?s=4e3136 HTTP/1.1" 200 18922 "-" "Mozilla/5.0 (Linux; Android 6.0.1; Nexus 5X Build/MMB29P) AppleWebKit/537.36 (KHTML, like Gecko) Chrome/146.0.7680.177 Mobile Safari/537.36 (compatible; Googlebot/2.1; +http://www.google.com/bot.html)" 4434 **4/4434007**
208.109.40.231 - - [04/Apr/2026:05:53:19 -0700] "POST /wp-cron.php?doing_wp_cron=1775307199.6488180160522460937500 HTTP/1.1" 200 - "-" "WordPress/6.9.4; https://wanderlustyacht.co" 80 **0/80502**
192.178.4.104 - - [04/Apr/2026:05:53:14 -0700] "GET /?s=430c4f HTTP/1.1" 200 18923 "-" "Mozilla/5.0 (Linux; Android 6.0.1; Nexus 5X Build/MMB29P) AppleWebKit/537.36 (KHTML, like Gecko) Chrome/146.0.7680.177 Mobile Safari/537.36 (compatible; GoogleOther)" 5530 **5/5530321**
208.109.40.231 - - [04/Apr/2026:05:54:53 -0700] "POST /wp-cron.php?doing_wp_cron=1775307293.5347549915313720703125 HTTP/1.1" 200 - "-" "WordPress/6.9.4; https://wanderlustyacht.co" 107 **0/107757**
192.178.16.104 - - [04/Apr/2026:05:54:48 -0700] "GET /?s=4a9242 HTTP/1.1" 200 18920 "-" "Mozilla/5.0 (X11; Linux x86_64) AppleWebKit/537.36 (KHTML, like Gecko) Chrome/146.0.7680.164 Safari/537.36" 4920 **4/4920396**
192.178.16.104 - - [04/Apr/2026:05:54:54 -0700] "GET /wp-content/themes/page-builder-framework/css/min/responsive-min.css?ver=2.11.9 HTTP/1.1" 200 1236 "https://wanderlustyacht.co/?s=4a9242" "Mozilla/5.0 (X11; Linux x86_64) AppleWebKit/537.36 (KHTML, like Gecko) Chrome/146.0.7680.164 Safari/537.36" 8 **0/8939**
192.178.16.105 - - [04/Apr/2026:05:54:54 -0700] "GET /wp-content/themes/page-builder-framework/css/min/style-min.css?ver=2.11.9 HTTP/1.1" 200 6202 "https://wanderlustyacht.co/?s=4a9242" "Mozilla/5.0 (X11; Linux x86_64) AppleWebKit/537.36 (KHTML, like Gecko) Chrome/146.0.7680.164 Safari/537.36" 15 **0/15131**
192.178.16.104 - - [04/Apr/2026:05:54:54 -0700] "GET /wp-content/plugins/fluentform/assets/css/fluent-forms-elementor-widget.css?ver=6.2.0 HTTP/1.1" 200 772 "https://wanderlustyacht.co/?s=4a9242" "Mozilla/5.0 (X11; Linux x86_64) AppleWebKit/537.36 (KHTML, like Gecko) Chrome/146.0.7680.164 Safari/537.36" 12 **0/12301**
192.178.16.96 - - [04/Apr/2026:05:54:54 -0700] "GET /wp-content/plugins/jet-menu/assets/public/css/public.css?ver=2.4.7.1 HTTP/1.1" 200 6405 "https://wanderlustyacht.co/?s=4a9242" "Mozilla/5.0 (X11; Linux x86_64) AppleWebKit/537.36 (KHTML, like Gecko) Chrome/146.0.7680.164 Safari/537.36" 11 **0/11642**
192.178.16.104 - - [04/Apr/2026:05:54:54 -0700] "GET /wp-includes/css/dist/block-library/style.min.css?ver=6.9.4 HTTP/1.1" 200 14701 "https://wanderlustyacht.co/?s=4a9242" "Mozilla/5.0 (X11; Linux x86_64) AppleWebKit/537.36 (KHTML, like Gecko) Chrome/146.0.7680.164 Safari/537.36" 12 **0/12557**
192.178.16.105 - - [04/Apr/2026:05:54:54 -0700] "GET /wp-content/plugins/jet-woo-product-gallery/assets/lib/photoswipe/css/default-skin/default-skin.min.css?ver=2.1.20 HTTP/1.1" 200 1730 "https://wanderlustyacht.co/?s=4a9242" "Mozilla/5.0 (X11; Linux x86_64) AppleWebKit/537.36 (KHTML, like Gecko) Chrome/146.0.7680.164 Safari/537.36" 13 **0/13053**
192.178.16.105 - - [04/Apr/2026:05:54:54 -0700] "GET /wp-content/plugins/jet-woo-product-gallery/assets/lib/photoswipe/css/photoswipe.min.css?ver=2.1.20 HTTP/1.1" 200 857 "https://wanderlustyacht.co/?s=4a9242" "Mozilla/5.0 (X11; Linux x86_64) AppleWebKit/537.36 (KHTML, like Gecko) Chrome/146.0.7680.164 Safari/537.36" 20 **0/20197**
192.178.16.105 - - [04/Apr/2026:05:54:54 -0700] "GET /wp-content/uploads/elementor/css/post-17.css?ver=1775245824 HTTP/1.1" 200 342 "https://wanderlustyacht.co/?s=4a9242" "Mozilla/5.0 (X11; Linux x86_64) AppleWebKit/537.36 (KHTML, like Gecko) Chrome/146.0.7680.164 Safari/537.36" 9 **0/9898**
192.178.16.96 - - [04/Apr/2026:05:54:54 -0700] "GET /wp-includes/js/mediaelement/mediaelementplayer-legacy.min.css?ver=4.2.17 HTTP/1.1" 200 2397 "https://wanderlustyacht.co/?s=4a9242" "Mozilla/5.0 (X11; Linux x86_64) AppleWebKit/537.36 (KHTML, like Gecko) Chrome/146.0.7680.164 Safari/537.36" 8 **0/8702**
192.178.16.104 - - [04/Apr/2026:05:54:55 -0700] "GET /wp-content/plugins/jet-blog/assets/css/jet-blog.css?ver=2.4.2 HTTP/1.1" 200 8169 "https://wanderlustyacht.co/?s=4a9242" "Mozilla/5.0 (X11; Linux x86_64) AppleWebKit/537.36 (KHTML, like Gecko) Chrome/146.0.7680.164 Safari/537.36" 21 **0/21821**
192.178.16.96 - - [04/Apr/2026:05:54:55 -0700] "GET /wp-content/plugins/elementor/assets/css/frontend.min.css?ver=4.0.1 HTTP/1.1" 200 6618 "https://wanderlustyacht.co/?s=4a9242" "Mozilla/5.0 (X11; Linux x86_64) AppleWebKit/537.36 (KHTML, like Gecko) Chrome/146.0.7680.164 Safari/537.36" 27 **0/27429**
192.178.16.96 - - [04/Apr/2026:05:54:55 -0700] "GET /wp-content/uploads/2024/09/wanderlust-logo-1-m.png HTTP/1.1" 200 81812 "https://wanderlustyacht.co/?s=4a9242" "Mozilla/5.0 (X11; Linux x86_64) AppleWebKit/537.36 (KHTML, like Gecko) Chrome/146.0.7680.164 Safari/537.36" 22 **0/22525**
192.178.16.104 - - [04/Apr/2026:05:54:55 -0700] "GET /wp-content/uploads/elementor/css/post-606.css?ver=1775245824 HTTP/1.1" 200 1366 "https://wanderlustyacht.co/?s=4a9242" "Mozilla/5.0 (X11; Linux x86_64) AppleWebKit/537.36 (KHTML, like Gecko) Chrome/146.0.7680.164 Safari/537.36" 19 **0/19269**
192.178.16.105 - - [04/Apr/2026:05:54:55 -0700] "GET /wp-includes/js/imagesloaded.min.js?ver=6.9.4 HTTP/1.1" 200 1687 "https://wanderlustyacht.co/?s=4a9242" "Mozilla/5.0 (X11; Linux x86_64) AppleWebKit/537.36 (KHTML, like Gecko) Chrome/146.0.7680.164 Safari/537.36" 11 **0/11862**
192.178.16.104 - - [04/Apr/2026:05:54:55 -0700] "GET /wp-content/plugins/jet-engine/assets/css/frontend.css?ver=3.6.2 HTTP/1.1" 200 7170 "https://wanderlustyacht.co/?s=4a9242" "Mozilla/5.0 (X11; Linux x86_64) AppleWebKit/537.36 (KHTML, like Gecko) Chrome/146.0.7680.164 Safari/537.36" 12 **0/12947**
192.178.16.96 - - [04/Apr/2026:05:54:55 -0700] "GET /wp-includes/js/jquery/jquery.min.js?ver=3.7.1 HTTP/1.1" 200 29769 "https://wanderlustyacht.co/?s=4a9242" "Mozilla/5.0 (X11; Linux x86_64) AppleWebKit/537.36 (KHTML, like Gecko) Chrome/146.0.7680.164 Safari/537.36" 21 **0/21659**
192.178.16.96 - - [04/Apr/2026:05:54:55 -0700] "GET /wp-content/uploads/2024/07/Screenshot.png HTTP/1.1" 200 26062 "https://wanderlustyacht.co/?s=4a9242" "Mozilla/5.0 (X11; Linux x86_64) AppleWebKit/537.36 (KHTML, like Gecko) Chrome/146.0.7680.164 Safari/537.36" 11 **0/11452**
192.178.16.96 - - [04/Apr/2026:05:54:56 -0700] "GET /wp-content/plugins/jet-woo-product-gallery/assets/css/widgets/gallery-anchor-nav.css?ver=2.1.20 HTTP/1.1" 200 455 "https://wanderlustyacht.co/?s=4a9242" "Mozilla/5.0 (X11; Linux x86_64) AppleWebKit/537.36 (KHTML, like Gecko) Chrome/146.0.7680.164 Safari/537.36" 18 **0/18105**
192.178.16.96 - - [04/Apr/2026:05:54:56 -0700] "GET /wp-content/plugins/wpbf-premium/css/wpbf-premium.css?ver=2.10.4 HTTP/1.1" 200 3541 "https://wanderlustyacht.co/?s=4a9242" "Mozilla/5.0 (X11; Linux x86_64) AppleWebKit/537.36 (KHTML, like Gecko) Chrome/146.0.7680.164 Safari/537.36" 12 **0/12911**
192.178.16.96 - - [04/Apr/2026:05:54:56 -0700] "GET /wp-content/plugins/jet-woo-product-gallery/assets/css/widgets/gallery-grid.css?ver=2.1.20 HTTP/1.1" 200 322 "https://wanderlustyacht.co/?s=4a9242" "Mozilla/5.0 (X11; Linux x86_64) AppleWebKit/537.36 (KHTML, like Gecko) Chrome/146.0.7680.164 Safari/537.36" 20 **0/20287**
192.178.16.105 - - [04/Apr/2026:05:54:56 -0700] "GET /wp-content/plugins/jet-popup/assets/css/jet-popup-frontend.css?ver=2.0.10 HTTP/1.1" 200 2624 "https://wanderlustyacht.co/?s=4a9242" "Mozilla/5.0 (X11; Linux x86_64) AppleWebKit/537.36 (KHTML, like Gecko) Chrome/146.0.7680.164 Safari/537.36" 11 **0/11584**
192.178.16.104 - - [04/Apr/2026:05:54:56 -0700] "GET /wp-content/plugins/jet-tabs/assets/css/jet-tabs-frontend.css?ver=2.2.6.2 HTTP/1.1" 200 3774 "https://wanderlustyacht.co/?s=4a9242" "Mozilla/5.0 (X11; Linux x86_64) AppleWebKit/537.36 (KHTML, like Gecko) Chrome/146.0.7680.164 Safari/537.36" 14 **0/14370**
192.178.16.105 - - [04/Apr/2026:05:54:56 -0700] "GET /wp-content/themes/page-builder-framework/css/min/iconfont-min.css?ver=2.11.9 HTTP/1.1" 200 551 "https://wanderlustyacht.co/?s=4a9242" "Mozilla/5.0 (X11; Linux x86_64) AppleWebKit/537.36 (KHTML, like Gecko) Chrome/146.0.7680.164 Safari/537.36" 9 **0/9629**
192.178.16.104 - - [04/Apr/2026:05:54:56 -0700] "GET /wp-content/plugins/jet-reviews/assets/css/jet-reviews.css?ver=2.3.6 HTTP/1.1" 200 3906 "https://wanderlustyacht.co/?s=4a9242" "Mozilla/5.0 (X11; Linux x86_64) AppleWebKit/537.36 (KHTML, like Gecko) Chrome/146.0.7680.164 Safari/537.36" 9 **0/9666**
192.178.16.105 - - [04/Apr/2026:05:54:56 -0700] "GET /wp-content/plugins/jet-search/assets/css/jet-search.css?ver=3.5.5.1 HTTP/1.1" 200 8246 "https://wanderlustyacht.co/?s=4a9242" "Mozilla/5.0 (X11; Linux x86_64) AppleWebKit/537.36 (KHTML, like Gecko) Chrome/146.0.7680.164 Safari/537.36" 20 **0/20249**
192.178.16.105 - - [04/Apr/2026:05:54:57 -0700] "GET /wp-content/plugins/jet-woo-product-gallery/assets/css/widgets/gallery-modern.css?ver=2.1.20 HTTP/1.1" 200 199 "https://wanderlustyacht.co/?s=4a9242" "Mozilla/5.0 (X11; Linux x86_64) AppleWebKit/537.36 (KHTML, like Gecko) Chrome/146.0.7680.164 Safari/537.36" 11 **0/11748**
192.178.16.104 - - [04/Apr/2026:05:54:57 -0700] "GET /wp-content/plugins/jet-search/assets/lib/chosen/chosen.min.css?ver=1.8.7 HTTP/1.1" 200 2051 "https://wanderlustyacht.co/?s=4a9242" "Mozilla/5.0 (X11; Linux x86_64) AppleWebKit/537.36 (KHTML, like Gecko) Chrome/146.0.7680.164 Safari/537.36" 11 **0/11539**
192.178.16.96 - - [04/Apr/2026:05:54:57 -0700] "GET /wp-content/plugins/jet-theme-core/assets/css/frontend.css?ver=2.2.2.1 HTTP/1.1" 200 1 "https://wanderlustyacht.co/?s=4a9242" "Mozilla/5.0 (X11; Linux x86_64) AppleWebKit/537.36 (KHTML, like Gecko) Chrome/146.0.7680.164 Safari/537.36" 8 **0/8317**
192.178.16.104 - - [04/Apr/2026:05:54:57 -0700] "GET /wp-content/uploads/elementor/css/post-30.css?ver=1775245825 HTTP/1.1" 200 1603 "https://wanderlustyacht.co/?s=4a9242" "Mozilla/5.0 (X11; Linux x86_64) AppleWebKit/537.36 (KHTML, like Gecko) Chrome/146.0.7680.164 Safari/537.36" 9 **0/9851**
192.178.16.105 - - [04/Apr/2026:05:54:57 -0700] "GET /wp-content/plugins/jet-woo-product-gallery/assets/css/frontend.css?ver=2.1.20 HTTP/1.1" 200 2531 "https://wanderlustyacht.co/?s=4a9242" "Mozilla/5.0 (X11; Linux x86_64) AppleWebKit/537.36 (KHTML, like Gecko) Chrome/146.0.7680.164 Safari/537.36" 14 **0/14936**
192.178.16.105 - - [04/Apr/2026:05:54:57 -0700] "GET /wp-includes/js/jquery/jquery-migrate.min.js?ver=3.4.1 HTTP/1.1" 200 4685 "https://wanderlustyacht.co/?s=4a9242" "Mozilla/5.0 (X11; Linux x86_64) AppleWebKit/537.36 (KHTML, like Gecko) Chrome/146.0.7680.164 Safari/537.36" 12 **0/12174**
192.178.16.105 - - [04/Apr/2026:05:54:58 -0700] "GET /wp-content/plugins/jet-woo-product-gallery/assets/css/widgets/gallery-slider.css?ver=2.1.20 HTTP/1.1" 200 2171 "https://wanderlustyacht.co/?s=4a9242" "Mozilla/5.0 (X11; Linux x86_64) AppleWebKit/537.36 (KHTML, like Gecko) Chrome/146.0.7680.164 Safari/537.36" 8 **0/8131**
192.178.16.105 - - [04/Apr/2026:05:54:58 -0700] "GET /wp-content/uploads/elementor/css/custom-jet-blocks.css?ver=1.3.16 HTTP/1.1" 200 4674 "https://wanderlustyacht.co/?s=4a9242" "Mozilla/5.0 (X11; Linux x86_64) AppleWebKit/537.36 (KHTML, like Gecko) Chrome/146.0.7680.164 Safari/537.36" 14 **0/14366**
192.178.16.104 - - [04/Apr/2026:05:54:58 -0700] "GET /wp-content/plugins/elementor/assets/css/widget-image.min.css?ver=4.0.1 HTTP/1.1" 200 96 "https://wanderlustyacht.co/?s=4a9242" "Mozilla/5.0 (X11; Linux x86_64) AppleWebKit/537.36 (KHTML, like Gecko) Chrome/146.0.7680.164 Safari/537.36" 14 **0/14198**
192.178.16.104 - - [04/Apr/2026:05:54:58 -0700] "GET /wp-content/plugins/elementor-pro/assets/css/widget-nav-menu.min.css?ver=3.31.2 HTTP/1.1" 200 3246 "https://wanderlustyacht.co/?s=4a9242" "Mozilla/5.0 (X11; Linux x86_64) AppleWebKit/537.36 (KHTML, like Gecko) Chrome/146.0.7680.164 Safari/537.36" 11 **0/11076**
192.178.16.96 - - [04/Apr/2026:05:54:58 -0700] "GET /wp-content/plugins/fluentform/assets/js/fluent-forms-elementor-widget.js?ver=6.2.0 HTTP/1.1" 200 367 "https://wanderlustyacht.co/?s=4a9242" "Mozilla/5.0 (X11; Linux x86_64) AppleWebKit/537.36 (KHTML, like Gecko) Chrome/146.0.7680.164 Safari/537.36" 10 **0/10205**
192.178.16.96 - - [04/Apr/2026:05:54:58 -0700] "GET /wp-content/plugins/elementor/assets/css/widget-icon-list.min.css?ver=4.0.1 HTTP/1.1" 200 928 "https://wanderlustyacht.co/?s=4a9242" "Mozilla/5.0 (X11; Linux x86_64) AppleWebKit/537.36 (KHTML, like Gecko) Chrome/146.0.7680.164 Safari/537.36" 13 **0/13032**
192.178.16.105 - - [04/Apr/2026:05:54:58 -0700] "GET /wp-content/plugins/elementor/assets/css/widget-heading.min.css?ver=4.0.1 HTTP/1.1" 200 127 "https://wanderlustyacht.co/?s=4a9242" "Mozilla/5.0 (X11; Linux x86_64) AppleWebKit/537.36 (KHTML, like Gecko) Chrome/146.0.7680.164 Safari/537.36" 9 **0/9106**
192.178.16.104 - - [04/Apr/2026:05:54:59 -0700] "GET /wp-includes/js/underscore.min.js?ver=1.13.7 HTTP/1.1" 200 7201 "https://wanderlustyacht.co/?s=4a9242" "Mozilla/5.0 (X11; Linux x86_64) AppleWebKit/537.36 (KHTML, like Gecko) Chrome/146.0.7680.164 Safari/537.36" 22 **0/22730**
192.178.16.96 - - [04/Apr/2026:05:54:59 -0700] "GET /wp-content/plugins/jet-search/assets/js/jet-search.js?ver=3.5.5.1 HTTP/1.1" 200 13241 "https://wanderlustyacht.co/?s=4a9242" "Mozilla/5.0 (X11; Linux x86_64) AppleWebKit/537.36 (KHTML, like Gecko) Chrome/146.0.7680.164 Safari/537.36" 24 **0/24067**
192.178.16.105 - - [04/Apr/2026:05:54:59 -0700] "GET /wp-includes/js/wp-util.min.js?ver=6.9.4 HTTP/1.1" 200 693 "https://wanderlustyacht.co/?s=4a9242" "Mozilla/5.0 (X11; Linux x86_64) AppleWebKit/537.36 (KHTML, like Gecko) Chrome/146.0.7680.164 Safari/537.36" 11 **0/11143**
192.178.16.105 - - [04/Apr/2026:05:54:59 -0700] "GET /wp-content/themes/page-builder-framework/js/min/site-jquery-min.js?ver=2.11.9 HTTP/1.1" 200 2076 "https://wanderlustyacht.co/?s=4a9242" "Mozilla/5.0 (X11; Linux x86_64) AppleWebKit/537.36 (KHTML, like Gecko) Chrome/146.0.7680.164 Safari/537.36" 20 **0/20866**
192.178.16.105 - - [04/Apr/2026:05:54:59 -0700] "GET /wp-content/plugins/jet-search/assets/lib/chosen/chosen.jquery.min.js?ver=1.8.7 HTTP/1.1" 200 6438 "https://wanderlustyacht.co/?s=4a9242" "Mozilla/5.0 (X11; Linux x86_64) AppleWebKit/537.36 (KHTML, like Gecko) Chrome/146.0.7680.164 Safari/537.36" 15 **0/15521**
192.178.16.96 - - [04/Apr/2026:05:55:00 -0700] "GET /wp-content/plugins/elementor/assets/js/webpack.runtime.min.js?ver=4.0.1 HTTP/1.1" 200 2282 "https://wanderlustyacht.co/?s=4a9242" "Mozilla/5.0 (X11; Linux x86_64) AppleWebKit/537.36 (KHTML, like Gecko) Chrome/146.0.7680.164 Safari/537.36" 11 **0/11494**
192.178.16.105 - - [04/Apr/2026:05:55:00 -0700] "GET /wp-content/plugins/elementor/assets/js/frontend.min.js?ver=4.0.1 HTTP/1.1" 200 10063 "https://wanderlustyacht.co/?s=4a9242" "Mozilla/5.0 (X11; Linux x86_64) AppleWebKit/537.36 (KHTML, like Gecko) Chrome/146.0.7680.164 Safari/537.36" 11 **0/11034**
192.178.16.104 - - [04/Apr/2026:05:55:00 -0700] "GET /wp-content/plugins/jet-menu/includes/elementor/assets/public/js/widgets-scripts.js?ver=2.4.7.1 HTTP/1.1" 200 3278 "https://wanderlustyacht.co/?s=4a9242" "Mozilla/5.0 (X11; Linux x86_64) AppleWebKit/537.36 (KHTML, like Gecko) Chrome/146.0.7680.164 Safari/537.36" 10 **0/10411**
192.178.16.96 - - [04/Apr/2026:05:55:00 -0700] "GET /wp-content/plugins/elementor-pro/assets/js/frontend.min.js?ver=3.31.2 HTTP/1.1" 200 6287 "https://wanderlustyacht.co/?s=4a9242" "Mozilla/5.0 (X11; Linux x86_64) AppleWebKit/537.36 (KHTML, like Gecko) Chrome/146.0.7680.164 Safari/537.36" 10 **0/10587**
192.178.16.96 - - [04/Apr/2026:05:55:00 -0700] "GET /wp-content/plugins/jet-reviews/assets/js/jet-reviews-frontend.js?ver=2.3.6 HTTP/1.1" 200 8919 "https://wanderlustyacht.co/?s=4a9242" "Mozilla/5.0 (X11; Linux x86_64) AppleWebKit/537.36 (KHTML, like Gecko) Chrome/146.0.7680.164 Safari/537.36" 22 **0/22272**
192.178.16.96 - - [04/Apr/2026:05:55:00 -0700] "GET /wp-includes/js/dist/url.min.js?ver=9e178c9516d1222dc834 HTTP/1.1" 200 3656 "https://wanderlustyacht.co/?s=4a9242" "Mozilla/5.0 (X11; Linux x86_64) AppleWebKit/537.36 (KHTML, like Gecko) Chrome/146.0.7680.164 Safari/537.36" 23 **0/23300**
192.178.16.96 - - [04/Apr/2026:05:55:00 -0700] "GET /wp-includes/js/dist/i18n.min.js?ver=c26c3dc7bed366793375 HTTP/1.1" 200 2118 "https://wanderlustyacht.co/?s=4a9242" "Mozilla/5.0 (X11; Linux x86_64) AppleWebKit/537.36 (KHTML, like Gecko) Chrome/146.0.7680.164 Safari/537.36" 13 **0/13119**
192.178.16.104 - - [04/Apr/2026:05:55:01 -0700] "GET /wp-content/plugins/elementor-pro/assets/js/elements-handlers.min.js?ver=3.31.2 HTTP/1.1" 200 10194 "https://wanderlustyacht.co/?s=4a9242" "Mozilla/5.0 (X11; Linux x86_64) AppleWebKit/537.36 (KHTML, like Gecko) Chrome/146.0.7680.164 Safari/537.36" 11 **0/11711**
192.178.16.96 - - [04/Apr/2026:05:55:01 -0700] "GET /wp-content/plugins/jet-reviews/assets/js/lib/vue.min.js?ver=2.6.11 HTTP/1.1" 200 33164 "https://wanderlustyacht.co/?s=4a9242" "Mozilla/5.0 (X11; Linux x86_64) AppleWebKit/537.36 (KHTML, like Gecko) Chrome/146.0.7680.164 Safari/537.36" 22 **0/22891**
