192.178.4.104 - - [05/Apr/2026:10:39:27 -0700] "GET /?s=471cd6 HTTP/1.1" 200 18921 "-" "Mozilla/5.0 (Linux; Android 6.0.1; Nexus 5X Build/MMB29P) AppleWebKit/537.36 (KHTML, like Gecko) Chrome/146.0.7680.177 Mobile Safari/537.36 (compatible; Googlebot/2.1; +http://www.google.com/bot.html)" 2122 **2/2122999**
208.109.40.231 - - [05/Apr/2026:10:45:20 -0700] "POST /wp-cron.php?doing_wp_cron=1775411120.8626630306243896484375 HTTP/1.1" 200 - "-" "WordPress/6.9.4; https://wanderlustyacht.co" 349 **0/349103**
192.178.4.105 - - [05/Apr/2026:10:45:14 -0700] "GET /?s=3aabdd HTTP/1.1" 200 18919 "-" "Mozilla/5.0 (Linux; Android 6.0.1; Nexus 5X Build/MMB29P) AppleWebKit/537.36 (KHTML, like Gecko) Chrome/146.0.7680.177 Mobile Safari/537.36 (compatible; Googlebot/2.1; +http://www.google.com/bot.html)" 6511 **6/6511474**
208.109.40.231 - - [05/Apr/2026:10:46:20 -0700] "POST /wp-cron.php?doing_wp_cron=1775411180.4286260604858398437500 HTTP/1.1" 200 - "-" "WordPress/6.9.4; https://wanderlustyacht.co" 208 **0/208115**
192.178.4.96 - - [05/Apr/2026:10:46:19 -0700] "GET /index.php/?s=3c660d HTTP/1.1" 200 18920 "-" "Mozilla/5.0 (Linux; Android 6.0.1; Nexus 5X Build/MMB29P) AppleWebKit/537.36 (KHTML, like Gecko) Chrome/146.0.7680.177 Mobile Safari/537.36 (compatible; Googlebot/2.1; +http://www.google.com/bot.html)" 1206 **1/1206669**
49.51.132.100 - - [05/Apr/2026:10:48:45 -0700] "GET / HTTP/1.1" 200 23210 "http://wanderlustyacht.co" "Mozilla/5.0 (iPhone; CPU iPhone OS 13_2_3 like Mac OS X) AppleWebKit/605.1.15 (KHTML, like Gecko) Version/13.0.3 Mobile/15E148 Safari/604.1" 1161 **1/1161572**
208.109.40.231 - - [05/Apr/2026:10:49:18 -0700] "POST /wp-cron.php?doing_wp_cron=1775411358.2353498935699462890625 HTTP/1.1" 200 - "-" "WordPress/6.9.4; https://wanderlustyacht.co" 17 **0/17055**
192.178.4.104 - - [05/Apr/2026:10:49:17 -0700] "GET /index.php/?s=3c2844 HTTP/1.1" 200 18920 "-" "Mozilla/5.0 (Linux; Android 6.0.1; Nexus 5X Build/MMB29P) AppleWebKit/537.36 (KHTML, like Gecko) Chrome/146.0.7680.177 Mobile Safari/537.36 (compatible; Googlebot/2.1; +http://www.google.com/bot.html)" 1343 **1/1343646**
208.109.40.231 - - [05/Apr/2026:10:50:22 -0700] "POST /wp-cron.php?doing_wp_cron=1775411422.3725779056549072265625 HTTP/1.1" 200 - "-" "WordPress/6.9.4; https://wanderlustyacht.co" 771 **0/771948**
192.178.4.105 - - [05/Apr/2026:10:50:21 -0700] "GET /?s=2f70b8 HTTP/1.1" 200 18919 "-" "Mozilla/5.0 (Linux; Android 6.0.1; Nexus 5X Build/MMB29P) AppleWebKit/537.36 (KHTML, like Gecko) Chrome/146.0.7680.177 Mobile Safari/537.36 (compatible; Googlebot/2.1; +http://www.google.com/bot.html)" 1944 **1/1944932**
208.109.40.231 - - [05/Apr/2026:10:51:59 -0700] "POST /wp-cron.php?doing_wp_cron=1775411519.6511259078979492187500 HTTP/1.1" 200 - "-" "WordPress/6.9.4; https://wanderlustyacht.co" 159 **0/159491**
14.163.121.152 - - [05/Apr/2026:10:51:59 -0700] "GET /careers HTTP/2.0" 301 - "-" "Mozilla/5.0 (Macintosh; Intel Mac OS X 10_15_7) AppleWebKit/537.36 (KHTML, like Gecko) Chrome/142.0.0.0 Safari/537.36" 740 **0/740037**
208.109.40.231 - - [05/Apr/2026:10:58:07 -0700] "POST /wp-cron.php?doing_wp_cron=1775411887.0533649921417236328125 HTTP/1.1" 200 - "-" "WordPress/6.9.4; https://wanderlustyacht.co" 42 **0/42622**
192.178.4.104 - - [05/Apr/2026:10:58:01 -0700] "GET /?s=31b57d HTTP/1.1" 200 18921 "-" "Mozilla/5.0 (Linux; Android 6.0.1; Nexus 5X Build/MMB29P) AppleWebKit/537.36 (KHTML, like Gecko) Chrome/146.0.7680.177 Mobile Safari/537.36 (compatible; Googlebot/2.1; +http://www.google.com/bot.html)" 5556 **5/5556945**
208.109.40.231 - - [05/Apr/2026:10:59:09 -0700] "POST /wp-cron.php?doing_wp_cron=1775411949.2737369537353515625000 HTTP/1.1" 200 - "-" "WordPress/6.9.4; https://wanderlustyacht.co" 95 **0/95341**
192.178.4.96 - - [05/Apr/2026:10:59:08 -0700] "GET /index.php/?s=4f1406 HTTP/1.1" 200 18920 "-" "Mozilla/5.0 (compatible; Googlebot/2.1; +http://www.google.com/bot.html)" 1490 **1/1490397**
208.109.40.231 - - [05/Apr/2026:11:01:14 -0700] "POST /wp-cron.php?doing_wp_cron=1775412074.2421100139617919921875 HTTP/1.1" 200 - "-" "WordPress/6.9.4; https://wanderlustyacht.co" 25 **0/25916**
192.178.4.96 - - [05/Apr/2026:11:01:13 -0700] "GET /?s=61d5d6 HTTP/1.1" 200 18920 "-" "Mozilla/5.0 (Linux; Android 6.0.1; Nexus 5X Build/MMB29P) AppleWebKit/537.36 (KHTML, like Gecko) Chrome/146.0.7680.177 Mobile Safari/537.36 (compatible; Googlebot/2.1; +http://www.google.com/bot.html)" 1264 **1/1264141**
208.109.40.231 - - [05/Apr/2026:11:11:35 -0700] "POST /wp-cron.php?doing_wp_cron=1775412695.0552790164947509765625 HTTP/1.1" 200 - "-" "WordPress/6.9.4; https://wanderlustyacht.co" 159 **0/159096**
14.172.72.109 - - [05/Apr/2026:11:11:31 -0700] "GET /?s=2d2087 HTTP/1.1" 200 20100 "-" "Mozilla/5.0 (Windows NT 6.1) AppleWebKit/537.36 (KHTML, like Gecko) Chrome/87.0.4280.107 Safari/537.36" 4258 **4/4258914**
14.227.251.182 - - [05/Apr/2026:11:11:30 -0700] "GET /?s=369bd9 HTTP/1.1" 200 20102 "-" "Mozilla/5.0 (Macintosh; Intel Mac OS X 10_12_6) AppleWebKit/537.36 (KHTML, like Gecko) Chrome/97.0.4692.71 Safari/537.36" 4814 **4/4814382**
45.234.66.11 - - [05/Apr/2026:11:11:27 -0700] "GET /?s=3bf6b2 HTTP/1.1" 200 20101 "-" "Mozilla/5.0 (Windows NT 10.0; Win64; x64) AppleWebKit/537.36 (KHTML, like Gecko) Chrome/97.0.4950.0 Iron Safari/537.36" 7935 **7/7935308**
208.109.40.231 - - [05/Apr/2026:11:12:48 -0700] "POST /wp-cron.php?doing_wp_cron=1775412768.8950710296630859375000 HTTP/1.1" 200 - "-" "WordPress/6.9.4; https://wanderlustyacht.co" 23 **0/23045**
14.178.113.86 - - [05/Apr/2026:11:12:47 -0700] "GET /?s=2e70dc HTTP/1.1" 200 20101 "-" "Mozilla/5.0 (Macintosh; Intel Mac OS X 10_15_7) AppleWebKit/537.36 (KHTML, like Gecko) Chrome/92.0.4515.69 Safari/537.36" 1062 **1/1062019**
113.173.241.12 - - [05/Apr/2026:11:12:48 -0700] "GET /?s=41978b HTTP/1.1" 200 20101 "-" "Mozilla/5.0 (Macintosh; Intel Mac OS X 10_15_4) AppleWebKit/537.36 (KHTML, like Gecko) Brave Chrome/81.0.4044.122 Safari/537.36" 1078 **1/1078702**
131.100.185.129 - - [05/Apr/2026:11:12:51 -0700] "GET /?s=407b80 HTTP/1.1" 200 20101 "-" "Mozilla/5.0 (Macintosh; Intel Mac OS X 10_15_4) AppleWebKit/537.36 (KHTML, like Gecko) Brave Chrome/84.0.4147.89 Safari/537.36" 941 **0/941578**
14.186.174.17 - - [05/Apr/2026:11:13:21 -0700] "GET /?s=58a2ca HTTP/1.1" 200 20100 "-" "Mozilla/5.0 (Macintosh; Intel Mac OS X 11_0_0) AppleWebKit/537.36 (KHTML, like Gecko) Chrome/87.0.4280.88 Safari/537.36" 1359 **1/1359973**
152.237.35.32 - - [05/Apr/2026:11:13:21 -0700] "GET /?s=5f0f61 HTTP/1.1" 200 20101 "-" "Mozilla/5.0 (Windows NT 6.1; Win64; x64) AppleWebKit/537.36 (KHTML, like Gecko) Chrome/79.0.3945.117 Safari/537.36" 1206 **1/1206641**
14.231.239.179 - - [05/Apr/2026:11:13:23 -0700] "GET /?s=37522f HTTP/1.1" 200 20100 "-" "Mozilla/5.0 (Windows NT 6.1; ) AppleWebKit/537.36 (KHTML, like Gecko) Chrome/83.0.4103.116 Safari/537.36" 977 **0/977508**
182.189.97.245 - - [05/Apr/2026:11:13:23 -0700] "GET /?s=40f4dd HTTP/1.1" 200 20101 "-" "Mozilla/5.0 (Windows NT 6.1; WOW64) AppleWebKit/537.36 (KHTML, like Gecko) Chrome/29.0.1547.62 Safari/537.36" 1319 **1/1319397**
14.232.67.215 - - [05/Apr/2026:11:13:24 -0700] "GET /?s=6353ee HTTP/1.1" 200 20101 "-" "Mozilla/5.0 (Macintosh; Intel Mac OS X 10_10) AppleWebKit/537.36 (KHTML, like Gecko) Chrome/108.0.5163.147 Safari/537.36" 1113 **1/1113406**
208.109.40.231 - - [05/Apr/2026:11:13:56 -0700] "POST /wp-cron.php?doing_wp_cron=1775412836.4559710025787353515625 HTTP/1.1" 200 - "-" "WordPress/6.9.4; https://wanderlustyacht.co" 56 **0/56953**
14.182.114.188 - - [05/Apr/2026:11:13:55 -0700] "GET /f/partition/partition00/ HTTP/1.1" 404 99444 "-" "Mozilla/5.0 (Macintosh; Intel Mac OS X 10_11_6) AppleWebKit/537.36 (KHTML, like Gecko) Brave Chrome/86.0.4240.198 Safari/537.36" 986 **0/986060**
198.160.166.186 - - [05/Apr/2026:11:14:00 -0700] "GET /?s=2fa244 HTTP/1.1" 200 20101 "-" "Mozilla/5.0 (Windows NT 10.0) AppleWebKit/537.36 (KHTML, like Gecko) Brave Chrome/78.0.3904.108 Safari/537.36" 1581 **1/1581534**
14.168.59.246 - - [05/Apr/2026:11:14:21 -0700] "GET /?s=3c4c72 HTTP/1.1" 200 20101 "-" "Mozilla/5.0 (Macintosh; Intel Mac OS X 10_15_5) AppleWebKit/537.36 (KHTML, like Gecko) Chrome/101.0.4951.54 Safari/537.36" 977 **0/977814**
14.186.185.52 - - [05/Apr/2026:11:14:24 -0700] "GET /?s=3d1e01 HTTP/1.1" 200 20101 "-" "Mozilla/5.0 (Macintosh; Intel Mac OS X 10_11_6) AppleWebKit/537.36 (KHTML, like Gecko) Chrome/96.0.4664.93 Safari/537.36" 1146 **1/1146043**
156.202.204.203 - - [05/Apr/2026:11:14:25 -0700] "GET /maker/4001/ HTTP/1.1" 404 99418 "-" "Mozilla/5.0 (Windows NT 6.1; Win64; x64) AppleWebKit/537.36 (KHTML, like Gecko) Chrome/79.0.3945.88 Safari/537.36" 1959 **1/1959396**
113.187.223.102 - - [05/Apr/2026:11:14:25 -0700] "GET /?s=40c93f HTTP/1.1" 200 20101 "-" "Mozilla/5.0 (Macintosh; Intel Mac OS X 10_14_5) AppleWebKit/537.36 (KHTML, like Gecko) Brave Chrome/79.0.3945.88 Safari/537.36" 1730 **1/1730346**
103.49.203.80 - - [05/Apr/2026:11:14:25 -0700] "GET /?s=4f63b7 HTTP/1.1" 200 20102 "-" "Mozilla/5.0 (Windows NT 6.1; Win64; x64) AppleWebKit/537.36 (KHTML, like Gecko) Chrome/68.0.3440.75 Safari/537.36" 1892 **1/1892343**
14.224.108.141 - - [05/Apr/2026:11:14:27 -0700] "GET /?s=5b5c4b HTTP/1.1" 200 20101 "-" "Mozilla/5.0 (Windows NT 10.0; Win64; x64) AppleWebKit/537.36 (KHTML, like Gecko) Chrome/87.0.4280.88 Safari/537.36" 1328 **1/1328166**
208.109.40.231 - - [05/Apr/2026:11:14:57 -0700] "POST /wp-cron.php?doing_wp_cron=1775412897.1712169647216796875000 HTTP/1.1" 200 - "-" "WordPress/6.9.4; https://wanderlustyacht.co" 52 **0/52109**
123.24.210.110 - - [05/Apr/2026:11:14:56 -0700] "GET /?s=34da47 HTTP/1.1" 200 20101 "-" "Mozilla/5.0 (Windows NT 6.1; WOW64) AppleWebKit/537.36 (KHTML, like Gecko) Chrome/87.0.4280.141 Safari/537.36" 910 **0/910656**
14.191.229.27 - - [05/Apr/2026:11:14:57 -0700] "GET /?s=614c55 HTTP/1.1" 200 20101 "-" "Mozilla/5.0 (Windows NT 6.1; Win64; x64) AppleWebKit/537.36 (KHTML, like Gecko) Chrome/90.0.4430.93 Safari/537.36" 934 **0/934629**
14.232.174.191 - - [05/Apr/2026:11:15:00 -0700] "GET /?s=3884da HTTP/1.1" 200 20101 "-" "Mozilla/5.0 (Windows NT 10.0; Win64; x64) AppleWebKit/537.36 (KHTML, like Gecko) Chrome/91.0.4472.77 Safari/537.36" 1115 **1/1115679**
14.166.236.235 - - [05/Apr/2026:11:15:01 -0700] "GET /?s=607be3 HTTP/1.1" 200 20101 "-" "Mozilla/5.0 (Macintosh; Intel Mac OS X 10_15_7) AppleWebKit/537.36 (KHTML, like Gecko) Chrome/96.0.4664.110 Safari/537.36" 1901 **1/1901367**
14.191.177.30 - - [05/Apr/2026:11:15:01 -0700] "GET /?s=33f73b HTTP/1.1" 200 20101 "-" "Mozilla/5.0 (Windows NT 6.1; WOW64) AppleWebKit/537.36 (KHTML, like Gecko) Chrome/106.0.0.0 Safari/537.36" 3048 **3/3048380**
78.128.92.108 - - [05/Apr/2026:11:15:02 -0700] "GET /?s=527b2d HTTP/1.1" 200 20101 "-" "Mozilla/5.0 (Windows NT 10.0; Win64; x64) AppleWebKit/537.36 (KHTML, like Gecko) Chrome/86.0.4240.75 Safari/537.36" 3055 **3/3055021**
14.237.144.93 - - [05/Apr/2026:11:15:42 -0700] "GET /?s=3f170c HTTP/1.1" 200 20101 "-" "Mozilla/5.0 (Macintosh; Intel Mac OS X 10_13_6) AppleWebKit/537.36 (KHTML, like Gecko) Chrome/68.0.3440.84 Safari/537.36" 1001 **1/1001839**
102.211.144.250 - - [05/Apr/2026:11:15:45 -0700] "GET /?s=3be4c1 HTTP/1.1" 200 20100 "-" "Mozilla/5.0 (Macintosh; Intel Mac OS X 10_15_7) AppleWebKit/537.36 (KHTML, like Gecko) Chrome/96.0.4664.110 Safari/537.36" 1279 **1/1279864**
208.109.40.231 - - [05/Apr/2026:11:15:48 -0700] "POST /wp-cron.php?doing_wp_cron=1775412947.9606199264526367187500 HTTP/1.1" 200 - "-" "WordPress/6.9.4; https://wanderlustyacht.co" 48 **0/48991**
14.164.108.249 - - [05/Apr/2026:11:15:46 -0700] "GET /?s=6135a1 HTTP/1.1" 200 20101 "-" "Mozilla/5.0 (Macintosh; Intel Mac OS X 10_15_6) AppleWebKit/537.36 (KHTML, like Gecko) Brave Chrome/83.0.4103.106 Safari/537.36" 1522 **1/1522986**
46.248.200.197 - - [05/Apr/2026:11:15:47 -0700] "GET /?s=35e404 HTTP/1.1" 200 20101 "-" "Mozilla/5.0 (Macintosh; Intel Mac OS X 11_1_0) AppleWebKit/537.36 (KHTML, like Gecko) Brave Chrome/88.0.4324.96 Safari/537.36" 1228 **1/1228985**
14.182.84.30 - - [05/Apr/2026:11:15:49 -0700] "GET /?s=5c3da5 HTTP/1.1" 200 20101 "-" "Mozilla/5.0 (Macintosh; Intel Mac OS X 10_13_6) AppleWebKit/537.36 (KHTML, like Gecko) Chrome/99.0.4844.84 Safari/537.36" 1069 **1/1069812**
14.191.230.213 - - [05/Apr/2026:11:15:51 -0700] "GET /?s=4236f1 HTTP/1.1" 200 20101 "-" "Mozilla/5.0 (Windows NT 6.3; Win64; x64) AppleWebKit/537.36 (KHTML, like Gecko) Chrome/96.0.4664.45 Safari/537.36" 914 **0/914707**
208.109.40.231 - - [05/Apr/2026:11:17:55 -0700] "POST /wp-cron.php?doing_wp_cron=1775413075.4531970024108886718750 HTTP/1.1" 200 - "-" "WordPress/6.9.4; https://wanderlustyacht.co" 171 **0/171321**
14.229.15.98 - - [05/Apr/2026:11:17:54 -0700] "GET /?s=3bf4b3 HTTP/1.1" 200 20102 "-" "Mozilla/5.0 (Macintosh; Intel Mac OS X 10_12_0) AppleWebKit/537.36 (KHTML, like Gecko) Chrome/65.0.3325.5 Safari/537.36" 1325 **1/1325886**
203.210.148.239 - - [05/Apr/2026:11:18:01 -0700] "GET /?s=3a56c9 HTTP/1.1" 200 20101 "-" "Mozilla/5.0 (Macintosh; Intel Mac OS X 10_15_0) AppleWebKit/537.36 (KHTML, like Gecko) Chrome/80.0.3987.122 Safari/537.36" 1219 **1/1219589**
14.173.70.106 - - [05/Apr/2026:11:18:36 -0700] "GET /?s=407e7d HTTP/1.1" 200 20101 "-" "Mozilla/5.0 (Windows NT 6.1; Win64; x64) AppleWebKit/537.36 (KHTML, like Gecko) Chrome/79.0.3945.88 Safari/537.36" 1634 **1/1634599**
213.230.92.68 - - [05/Apr/2026:11:18:36 -0700] "GET /jadma HTTP/1.1" 404 99408 "-" "Mozilla/5.0 (Windows NT 6.1; WOW64) AppleWebKit/537.36 (KHTML, like Gecko) Chrome/100.0.4896.75 Safari/537.36" 1933 **1/1933581**
113.170.19.215 - - [05/Apr/2026:11:18:37 -0700] "GET /?s=3caab2 HTTP/1.1" 200 20100 "-" "Mozilla/5.0 (Windows NT 10.0; Win64; x64) AppleWebKit/537.36 (KHTML, like Gecko) Chrome/95.0.4638.69 Safari/537.36" 1843 **1/1843805**
31.134.107.227 - - [05/Apr/2026:11:18:37 -0700] "GET /?s=4b5f49 HTTP/1.1" 200 20101 "-" "Mozilla/5.0 (Windows NT 6.1; Win64; x64) AppleWebKit/537.36 (KHTML, like Gecko) Chrome/90.0.4430.41 Safari/537.36" 1975 **1/1975727**
103.199.111.53 - - [05/Apr/2026:11:18:38 -0700] "GET /?s=2ad197 HTTP/1.1" 200 20101 "-" "Mozilla/5.0 (Windows NT 6.1; WOW64) AppleWebKit/537.36 (KHTML, like Gecko) Chrome/89.0.4389.90 Safari/537.36" 1511 **1/1511503**
14.227.29.33 - - [05/Apr/2026:11:18:41 -0700] "GET /category/yachts/ HTTP/1.1" 200 20868 "-" "Mozilla/5.0 (Macintosh; Intel Mac OS X 10_11) AppleWebKit/537.36 (KHTML, like Gecko) Chrome/99.0.4886.93 Safari/537.36" 1089 **1/1089004**
188.169.182.164 - - [05/Apr/2026:11:18:42 -0700] "GET /?s=423657 HTTP/1.1" 200 20101 "-" "Mozilla/5.0 (Macintosh; Intel Mac OS X 10_13_4) AppleWebKit/537.36 (KHTML, like Gecko) Chrome/80.0.3987.132 Safari/537.36" 1105 **1/1105419**
14.190.180.41 - - [05/Apr/2026:11:18:44 -0700] "GET /?s=4790b3 HTTP/1.1" 200 20101 "-" "Mozilla/5.0 (Macintosh; Intel Mac OS X 10_14_5) AppleWebKit/537.36 (KHTML, like Gecko) Chrome/75.0.3770.142 Safari/537.36" 1316 **1/1316772**
208.109.40.231 - - [05/Apr/2026:11:18:50 -0700] "POST /wp-cron.php?doing_wp_cron=1775413130.6504189968109130859375 HTTP/1.1" 200 - "-" "WordPress/6.9.4; https://wanderlustyacht.co" 48 **0/48785**
103.156.67.68 - - [05/Apr/2026:11:18:49 -0700] "GET /?s=5d6910 HTTP/1.1" 200 20101 "-" "Mozilla/5.0 (Windows NT 6.1; Win64; x64) AppleWebKit/537.36 (KHTML, like Gecko) Chrome/62.0.3202.94 Safari/537.36" 1020 **1/1020592**
185.171.147.28 - - [05/Apr/2026:11:18:50 -0700] "GET /?s=4e8608 HTTP/1.1" 200 20100 "-" "Mozilla/5.0 (Windows NT 6.3; Win64; x64) AppleWebKit/537.36 (KHTML, like Gecko) Chrome/74.0.3729.169 Safari/537.36" 845 **0/845076**
79.106.33.218 - - [05/Apr/2026:11:19:08 -0700] "GET /?s=58f6bc HTTP/1.1" 200 20101 "-" "Mozilla/5.0 (Windows NT 10.0; Win64; x64) AppleWebKit/537.36 (KHTML, like Gecko) Chrome/101.0.0.0 Safari/537.36" 958 **0/958739**
84.0.156.28 - - [05/Apr/2026:11:19:09 -0700] "GET /?s=56c31b HTTP/1.1" 200 20100 "-" "Mozilla/5.0 (Macintosh; Intel Mac OS X 10_8_3) AppleWebKit/537.36 (KHTML, like Gecko) Chrome/27.0.1453.93 Safari/537.36" 1011 **1/1011958**
208.109.40.231 - - [05/Apr/2026:11:20:53 -0700] "POST /wp-cron.php?doing_wp_cron=1775413253.1153960227966308593750 HTTP/1.1" 200 - "-" "WordPress/6.9.4; https://wanderlustyacht.co" 225 **0/225887**
196.190.223.1 - - [05/Apr/2026:11:20:52 -0700] "GET /?s=455e7e HTTP/1.1" 200 20101 "-" "Mozilla/5.0 (Macintosh; Intel Mac OS X 10_11_6) AppleWebKit/537.36 (KHTML, like Gecko) Chrome/90.0.4430.93 Safari/537.36" 1274 **1/1274399**
95.214.211.108 - - [05/Apr/2026:11:21:02 -0700] "GET /?s=310f2b HTTP/1.1" 200 20101 "-" "Mozilla/5.0 (Macintosh; Intel Mac OS X 10_15_4) AppleWebKit/537.36 (KHTML, like Gecko) Chrome/80.0.3987.122 Safari/537.36" 1597 **1/1597166**
208.109.40.231 - - [05/Apr/2026:11:24:00 -0700] "POST /wp-cron.php?doing_wp_cron=1775413440.8710260391235351562500 HTTP/1.1" 200 - "-" "WordPress/6.9.4; https://wanderlustyacht.co" 46 **0/46768**
190.134.0.179 - - [05/Apr/2026:11:23:59 -0700] "GET /?s=37ec51 HTTP/1.1" 200 20101 "-" "Mozilla/5.0 (Macintosh; Intel Mac OS X 10_8_2) AppleWebKit/537.17 (KHTML, like Gecko) Chrome/24.0.1309.0 Safari/537.17" 1105 **1/1105099**
208.109.40.231 - - [05/Apr/2026:11:26:06 -0700] "POST /wp-cron.php?doing_wp_cron=1775413566.1264450550079345703125 HTTP/1.1" 200 - "-" "WordPress/6.9.4; https://wanderlustyacht.co" 23 **0/23482**
113.190.142.16 - - [05/Apr/2026:11:26:04 -0700] "GET /?s=2d0548 HTTP/1.1" 200 20101 "-" "Mozilla/5.0 (Macintosh; Intel Mac OS X 10_13_4) AppleWebKit/537.36 (KHTML, like Gecko) Chrome/80.0.3987.132 Safari/537.36" 1232 **1/1232234**
208.109.40.231 - - [05/Apr/2026:11:36:11 -0700] "POST /wp-cron.php?doing_wp_cron=1775414171.7435119152069091796875 HTTP/1.1" 200 - "-" "WordPress/6.9.4; https://wanderlustyacht.co" 393 **0/393896**
192.178.4.96 - - [05/Apr/2026:11:36:06 -0700] "GET /index.php/?s=346906 HTTP/1.1" 200 18920 "-" "Mozilla/5.0 (Linux; Android 6.0.1; Nexus 5X Build/MMB29P) AppleWebKit/537.36 (KHTML, like Gecko) Chrome/146.0.7680.177 Mobile Safari/537.36 (compatible; Googlebot/2.1; +http://www.google.com/bot.html)" 6186 **6/6186578**
208.109.40.231 - - [05/Apr/2026:11:39:58 -0700] "POST /wp-cron.php?doing_wp_cron=1775414398.5433869361877441406250 HTTP/1.1" 200 - "-" "WordPress/6.9.4; https://wanderlustyacht.co" 20 **0/20789**
192.178.4.105 - - [05/Apr/2026:11:39:57 -0700] "GET /index.php/?s=5f8b0c HTTP/1.1" 200 18919 "-" "Mozilla/5.0 (Linux; Android 6.0.1; Nexus 5X Build/MMB29P) AppleWebKit/537.36 (KHTML, like Gecko) Chrome/146.0.7680.177 Mobile Safari/537.36 (compatible; Googlebot/2.1; +http://www.google.com/bot.html)" 1533 **1/1533822**
192.178.4.104 - - [05/Apr/2026:11:39:59 -0700] "GET /index.php/?s=441a41 HTTP/1.1" 200 18919 "-" "Mozilla/5.0 (Linux; Android 6.0.1; Nexus 5X Build/MMB29P) AppleWebKit/537.36 (KHTML, like Gecko) Chrome/146.0.7680.177 Mobile Safari/537.36 (compatible; Googlebot/2.1; +http://www.google.com/bot.html)" 1693 **1/1693200**
208.109.40.231 - - [05/Apr/2026:11:41:09 -0700] "POST /wp-cron.php?doing_wp_cron=1775414469.1668100357055664062500 HTTP/1.1" 200 - "-" "WordPress/6.9.4; https://wanderlustyacht.co" 20 **0/20505**
192.178.4.96 - - [05/Apr/2026:11:41:06 -0700] "GET /?s=61d478 HTTP/1.1" 200 18921 "-" "Mozilla/5.0 (Linux; Android 6.0.1; Nexus 5X Build/MMB29P) AppleWebKit/537.36 (KHTML, like Gecko) Chrome/146.0.7680.177 Mobile Safari/537.36 (compatible; Googlebot/2.1; +http://www.google.com/bot.html)" 2468 **2/2468727**
208.109.40.231 - - [05/Apr/2026:11:45:53 -0700] "POST /wp-cron.php?doing_wp_cron=1775414753.3434629440307617187500 HTTP/1.1" 200 - "-" "WordPress/6.9.4; https://wanderlustyacht.co" 285 **0/285321**
192.178.4.96 - - [05/Apr/2026:11:45:52 -0700] "GET /?s=4dc4bc HTTP/1.1" 200 18919 "-" "Mozilla/5.0 (Linux; Android 6.0.1; Nexus 5X Build/MMB29P) AppleWebKit/537.36 (KHTML, like Gecko) Chrome/146.0.7680.177 Mobile Safari/537.36 (compatible; Googlebot/2.1; +http://www.google.com/bot.html)" 1654 **1/1654888**
208.109.40.231 - - [05/Apr/2026:11:50:37 -0700] "POST /wp-cron.php?doing_wp_cron=1775415036.8714239597320556640625 HTTP/1.1" 200 - "-" "WordPress/6.9.4; https://wanderlustyacht.co" 18 **0/18549**
199.45.155.69 - - [05/Apr/2026:11:50:35 -0700] "GET / HTTP/1.1" 301 - "-" "Mozilla/5.0 (compatible; CensysInspect/1.1; +https://about.censys.io/)" 1446 **1/1446696**
199.45.155.69 - - [05/Apr/2026:11:50:38 -0700] "GET / HTTP/1.1" 200 23209 "-" "Mozilla/5.0 (compatible; CensysInspect/1.1; +https://about.censys.io/)" 2317 **2/2317341**
199.45.155.69 - - [05/Apr/2026:11:50:41 -0700] "GET /wp-content/uploads/2025/03/cropped-sketch1725223185456-32x32.png HTTP/1.1" 200 1027 "-" "Mozilla/5.0 (compatible; CensysInspect/1.1; +https://about.censys.io/)" 10 **0/10281**
199.45.155.69 - - [05/Apr/2026:11:50:43 -0700] "GET /wp-content/uploads/2025/03/cropped-sketch1725223185456-192x192.png HTTP/1.1" 200 17243 "-" "Mozilla/5.0 (compatible; CensysInspect/1.1; +https://about.censys.io/)" 7 **0/7503**
199.45.155.69 - - [05/Apr/2026:11:50:45 -0700] "GET /wp-content/uploads/2025/03/cropped-sketch1725223185456-180x180.png HTTP/1.1" 200 15514 "-" "Mozilla/5.0 (compatible; CensysInspect/1.1; +https://about.censys.io/)" 8 **0/8241**
208.109.40.231 - - [05/Apr/2026:11:50:47 -0700] "POST /wp-cron.php?doing_wp_cron=1775415047.4448010921478271484375 HTTP/1.1" 200 - "-" "WordPress/6.9.4; https://wanderlustyacht.co" 491 **0/491539**
199.45.155.69 - - [05/Apr/2026:11:50:46 -0700] "GET /favicon.ico HTTP/1.1" 302 - "-" "Mozilla/5.0 (compatible; CensysInspect/1.1; +https://about.censys.io/)" 1805 **1/1805395**
199.45.155.69 - - [05/Apr/2026:11:50:48 -0700] "GET /wp-content/uploads/2025/03/cropped-sketch1725223185456-32x32.png HTTP/1.1" 200 1027 "https://wanderlustyacht.co/favicon.ico" "Mozilla/5.0 (compatible; CensysInspect/1.1; +https://about.censys.io/)" 6 **0/6833**
208.109.40.231 - - [05/Apr/2026:11:52:47 -0700] "POST /wp-cron.php?doing_wp_cron=1775415167.9474489688873291015625 HTTP/1.1" 200 - "-" "WordPress/6.9.4; https://wanderlustyacht.co" 382 **0/382756**
192.178.4.96 - - [05/Apr/2026:11:52:46 -0700] "GET /index.php/?s=560e10 HTTP/1.1" 200 18920 "-" "Mozilla/5.0 (Linux; Android 6.0.1; Nexus 5X Build/MMB29P) AppleWebKit/537.36 (KHTML, like Gecko) Chrome/146.0.7680.177 Mobile Safari/537.36 (compatible; Googlebot/2.1; +http://www.google.com/bot.html)" 2318 **2/2318662**
208.109.40.231 - - [05/Apr/2026:11:56:40 -0700] "POST /wp-cron.php?doing_wp_cron=1775415400.9348940849304199218750 HTTP/1.1" 200 - "-" "WordPress/6.9.4; https://wanderlustyacht.co" 23 **0/23683**
103.116.53.18 - - [05/Apr/2026:11:56:39 -0700] "GET / HTTP/1.1" 200 23210 "-" "Mozilla/5.0 (Windows NT 10.0; Win64; x64) AppleWebKit/537.36 (KHTML, like Gecko) Chrome/122.0.0.0 Safari/537.36" 1016 **1/1016763**
208.109.40.231 - - [05/Apr/2026:11:59:48 -0700] "POST /wp-cron.php?doing_wp_cron=1775415588.1609160900115966796875 HTTP/1.1" 200 - "-" "WordPress/6.9.4; https://wanderlustyacht.co" 93 **0/93388**
192.178.4.104 - - [05/Apr/2026:11:59:47 -0700] "GET /?s=3d7c23 HTTP/1.1" 200 18921 "-" "Mozilla/5.0 (Linux; Android 6.0.1; Nexus 5X Build/MMB29P) AppleWebKit/537.36 (KHTML, like Gecko) Chrome/146.0.7680.177 Mobile Safari/537.36 (compatible; Googlebot/2.1; +http://www.google.com/bot.html)" 1079 **1/1079601**
208.109.40.231 - - [05/Apr/2026:12:00:55 -0700] "POST /wp-cron.php?doing_wp_cron=1775415655.3848888874053955078125 HTTP/1.1" 200 - "-" "WordPress/6.9.4; https://wanderlustyacht.co" 213 **0/213934**
192.178.4.105 - - [05/Apr/2026:12:00:54 -0700] "GET /?s=5bd478 HTTP/1.1" 200 18919 "-" "Mozilla/5.0 (Linux; Android 6.0.1; Nexus 5X Build/MMB29P) AppleWebKit/537.36 (KHTML, like Gecko) Chrome/146.0.7680.177 Mobile Safari/537.36 (compatible; Googlebot/2.1; +http://www.google.com/bot.html)" 1341 **1/1341561**
208.109.40.231 - - [05/Apr/2026:12:01:51 -0700] "POST /wp-cron.php?doing_wp_cron=1775415711.3952469825744628906250 HTTP/1.1" 200 - "-" "WordPress/6.9.4; https://wanderlustyacht.co" 26 **0/26881**
192.178.4.105 - - [05/Apr/2026:12:01:50 -0700] "GET /index.php/?s=35bff5 HTTP/1.1" 200 18919 "-" "Mozilla/5.0 (Linux; Android 6.0.1; Nexus 5X Build/MMB29P) AppleWebKit/537.36 (KHTML, like Gecko) Chrome/146.0.7680.177 Mobile Safari/537.36 (compatible; Googlebot/2.1; +http://www.google.com/bot.html)" 1123 **1/1123954**
192.178.4.104 - - [05/Apr/2026:12:01:56 -0700] "GET /wp-content/plugins/elementor-pro/assets/css/widget-nav-menu.min.css?ver=3.31.2 HTTP/1.1" 200 3246 "https://wanderlustyacht.co/index.php/?s=35bff5" "Mozilla/5.0 (Linux; Android 6.0.1; Nexus 5X Build/MMB29P) AppleWebKit/537.36 (KHTML, like Gecko) Chrome/146.0.7680.177 Mobile Safari/537.36 (compatible; Googlebot/2.1; +http://www.google.com/bot.html)" 10 **0/10787**
192.178.4.105 - - [05/Apr/2026:12:01:59 -0700] "GET /?s=4fa8ca HTTP/1.1" 200 18921 "-" "Mozilla/5.0 (Linux; Android 6.0.1; Nexus 5X Build/MMB29P) AppleWebKit/537.36 (KHTML, like Gecko) Chrome/146.0.7680.177 Mobile Safari/537.36 (compatible; Googlebot/2.1; +http://www.google.com/bot.html)" 794 **0/794658**
192.178.4.104 - - [05/Apr/2026:12:02:18 -0700] "GET /wp-content/plugins/elementor-pro/assets/css/widget-nav-menu.min.css?ver=3.31.2 HTTP/1.1" 200 3246 "https://wanderlustyacht.co/?s=4fa8ca" "Mozilla/5.0 (Linux; Android 6.0.1; Nexus 5X Build/MMB29P) AppleWebKit/537.36 (KHTML, like Gecko) Chrome/146.0.7680.177 Mobile Safari/537.36 (compatible; Googlebot/2.1; +http://www.google.com/bot.html)" 12 **0/12351**
208.109.40.231 - - [05/Apr/2026:12:07:12 -0700] "POST /wp-cron.php?doing_wp_cron=1775416032.7339470386505126953125 HTTP/1.1" 200 - "-" "WordPress/6.9.4; https://wanderlustyacht.co" 34 **0/34351**
192.178.4.96 - - [05/Apr/2026:12:07:11 -0700] "GET /index.php/?s=3575a4 HTTP/1.1" 200 18920 "-" "Mozilla/5.0 (Linux; Android 6.0.1; Nexus 5X Build/MMB29P) AppleWebKit/537.36 (KHTML, like Gecko) Chrome/146.0.7680.177 Mobile Safari/537.36 (compatible; Googlebot/2.1; +http://www.google.com/bot.html)" 1202 **1/1202062**
208.109.40.231 - - [05/Apr/2026:12:10:13 -0700] "POST /wp-cron.php?doing_wp_cron=1775416213.8336720466613769531250 HTTP/1.1" 200 - "-" "WordPress/6.9.4; https://wanderlustyacht.co" 37 **0/37960**
192.178.4.105 - - [05/Apr/2026:12:10:12 -0700] "GET /index.php/?s=38e74b HTTP/1.1" 200 18919 "-" "Mozilla/5.0 (Linux; Android 6.0.1; Nexus 5X Build/MMB29P) AppleWebKit/537.36 (KHTML, like Gecko) Chrome/146.0.7680.177 Mobile Safari/537.36 (compatible; Googlebot/2.1; +http://www.google.com/bot.html)" 1422 **1/1422209**
208.109.40.231 - - [05/Apr/2026:12:12:57 -0700] "POST /wp-cron.php?doing_wp_cron=1775416377.2860810756683349609375 HTTP/1.1" 200 - "-" "WordPress/6.9.4; https://wanderlustyacht.co" 132 **0/132201**
192.178.4.96 - - [05/Apr/2026:12:12:56 -0700] "GET /?s=641e93 HTTP/1.1" 200 18920 "-" "Mozilla/5.0 (Linux; Android 6.0.1; Nexus 5X Build/MMB29P) AppleWebKit/537.36 (KHTML, like Gecko) Chrome/146.0.7680.177 Mobile Safari/537.36 (compatible; GoogleOther)" 1101 **1/1101895**
208.109.40.231 - - [05/Apr/2026:12:16:06 -0700] "POST /wp-cron.php?doing_wp_cron=1775416566.4753680229187011718750 HTTP/1.1" 200 - "-" "WordPress/6.9.4; https://wanderlustyacht.co" 32 **0/32113**
192.178.4.105 - - [05/Apr/2026:12:16:05 -0700] "GET /?s=4224ce HTTP/1.1" 200 18921 "-" "Mozilla/5.0 (Linux; Android 6.0.1; Nexus 5X Build/MMB29P) AppleWebKit/537.36 (KHTML, like Gecko) Chrome/146.0.7680.177 Mobile Safari/537.36 (compatible; Googlebot/2.1; +http://www.google.com/bot.html)" 1038 **1/1038422**
208.109.40.231 - - [05/Apr/2026:12:19:45 -0700] "POST /wp-cron.php?doing_wp_cron=1775416785.0586729049682617187500 HTTP/1.1" 200 - "-" "WordPress/6.9.4; https://wanderlustyacht.co" 71 **0/71373**
192.178.4.105 - - [05/Apr/2026:12:19:43 -0700] "GET /index.php/?s=30e453 HTTP/1.1" 200 18921 "-" "Mozilla/5.0 (Linux; Android 6.0.1; Nexus 5X Build/MMB29P) AppleWebKit/537.36 (KHTML, like Gecko) Chrome/146.0.7680.177 Mobile Safari/537.36 (compatible; Googlebot/2.1; +http://www.google.com/bot.html)" 1519 **1/1519161**
208.109.40.231 - - [05/Apr/2026:12:19:46 -0700] "POST /wp-cron.php?doing_wp_cron=1775416786.2627990245819091796875 HTTP/1.1" 200 - "-" "WordPress/6.9.4; https://wanderlustyacht.co" 38 **0/38735**
192.178.4.105 - - [05/Apr/2026:12:19:44 -0700] "GET /index.php/?s=3c29ff HTTP/1.1" 200 18921 "-" "Mozilla/5.0 (Linux; Android 6.0.1; Nexus 5X Build/MMB29P) AppleWebKit/537.36 (KHTML, like Gecko) Chrome/146.0.7680.177 Mobile Safari/537.36 (compatible; Googlebot/2.1; +http://www.google.com/bot.html)" 1795 **1/1795373**
192.178.4.104 - - [05/Apr/2026:12:19:45 -0700] "GET /?s=62584d HTTP/1.1" 200 18921 "-" "Mozilla/5.0 (Linux; Android 6.0.1; Nexus 5X Build/MMB29P) AppleWebKit/537.36 (KHTML, like Gecko) Chrome/146.0.7680.177 Mobile Safari/537.36 (compatible; Googlebot/2.1; +http://www.google.com/bot.html)" 1435 **1/1435980**
192.178.4.105 - - [05/Apr/2026:12:19:52 -0700] "GET /wp-content/plugins/elementor-pro/assets/css/widget-nav-menu.min.css?ver=3.31.2 HTTP/1.1" 200 3246 "https://wanderlustyacht.co/index.php/?s=3c29ff" "Mozilla/5.0 (Linux; Android 6.0.1; Nexus 5X Build/MMB29P) AppleWebKit/537.36 (KHTML, like Gecko) Chrome/146.0.7680.177 Mobile Safari/537.36 (compatible; Googlebot/2.1; +http://www.google.com/bot.html)" 9 **0/9587**
192.178.4.105 - - [05/Apr/2026:12:20:06 -0700] "GET /wp-content/plugins/elementor-pro/assets/css/widget-nav-menu.min.css?ver=3.31.2 HTTP/1.1" 200 3246 "https://wanderlustyacht.co/?s=62584d" "Mozilla/5.0 (Linux; Android 6.0.1; Nexus 5X Build/MMB29P) AppleWebKit/537.36 (KHTML, like Gecko) Chrome/146.0.7680.177 Mobile Safari/537.36 (compatible; Googlebot/2.1; +http://www.google.com/bot.html)" 15 **0/15727**
192.178.4.96 - - [05/Apr/2026:12:20:06 -0700] "GET /index.php/?s=5b3e56 HTTP/1.1" 200 18919 "-" "Mozilla/5.0 (Linux; Android 6.0.1; Nexus 5X Build/MMB29P) AppleWebKit/537.36 (KHTML, like Gecko) Chrome/146.0.7680.177 Mobile Safari/537.36 (compatible; Googlebot/2.1; +http://www.google.com/bot.html)" 1999 **1/1999944**
208.109.40.231 - - [05/Apr/2026:12:20:50 -0700] "POST /wp-cron.php?doing_wp_cron=1775416850.6387169361114501953125 HTTP/1.1" 200 - "-" "WordPress/6.9.4; https://wanderlustyacht.co" 19 **0/19608**
192.178.4.104 - - [05/Apr/2026:12:20:45 -0700] "GET /index.php/?s=593788 HTTP/1.1" 200 18921 "-" "Mozilla/5.0 (Linux; Android 6.0.1; Nexus 5X Build/MMB29P) AppleWebKit/537.36 (KHTML, like Gecko) Chrome/146.0.7680.177 Mobile Safari/537.36 (compatible; Googlebot/2.1; +http://www.google.com/bot.html)" 5546 **5/5546536**
74.7.227.186 - - [05/Apr/2026:12:21:29 -0700] "GET / HTTP/2.0" 200 21871 "-" "Mozilla/5.0 AppleWebKit/537.36 (KHTML, like Gecko; compatible; GPTBot/1.3; +https://openai.com/gptbot)" 1036 **1/1036623**
74.7.227.186 - - [05/Apr/2026:12:21:32 -0700] "GET /wp-content/uploads/elementor/css/post-606.css?ver=1775245824 HTTP/2.0" 200 1366 "https://wanderlustyacht.co/" "Mozilla/5.0 AppleWebKit/537.36 (KHTML, like Gecko; compatible; GPTBot/1.3; +https://openai.com/gptbot)" 26 **0/26815**
74.7.227.186 - - [05/Apr/2026:12:21:34 -0700] "GET /wp-content/uploads/elementor/css/post-30.css?ver=1775245825 HTTP/2.0" 200 1603 "https://wanderlustyacht.co/" "Mozilla/5.0 AppleWebKit/537.36 (KHTML, like Gecko; compatible; GPTBot/1.3; +https://openai.com/gptbot)" 18 **0/18197**
74.7.227.186 - - [05/Apr/2026:12:21:37 -0700] "GET /wp-content/uploads/elementor/css/post-67.css?ver=1775254615 HTTP/2.0" 200 2262 "https://wanderlustyacht.co/" "Mozilla/5.0 AppleWebKit/537.36 (KHTML, like Gecko; compatible; GPTBot/1.3; +https://openai.com/gptbot)" 12 **0/12043**
74.7.244.19 - - [05/Apr/2026:12:21:39 -0700] "GET /robots.txt HTTP/2.0" 200 28 "-" "Mozilla/5.0 (Macintosh; Intel Mac OS X 10_15_7) AppleWebKit/537.36 (KHTML, like Gecko) Chrome/131.0.0.0 Safari/537.36; compatible; OAI-SearchBot/1.3; robots.txt; +https://openai.com/searchbot" 11 **0/11047**
74.7.227.186 - - [05/Apr/2026:12:21:39 -0700] "GET /wp-content/uploads/elementor/css/post-17.css?ver=1775245824 HTTP/2.0" 200 342 "https://wanderlustyacht.co/" "Mozilla/5.0 AppleWebKit/537.36 (KHTML, like Gecko; compatible; GPTBot/1.3; +https://openai.com/gptbot)" 15 **0/15302**
208.109.40.231 - - [05/Apr/2026:12:22:39 -0700] "POST /wp-cron.php?doing_wp_cron=1775416959.0482490062713623046875 HTTP/1.1" 200 - "-" "WordPress/6.9.4; https://wanderlustyacht.co" 208 **0/208178**
192.178.4.96 - - [05/Apr/2026:12:22:38 -0700] "GET /?s=446b0c HTTP/1.1" 200 18919 "-" "Mozilla/5.0 (Linux; Android 6.0.1; Nexus 5X Build/MMB29P) AppleWebKit/537.36 (KHTML, like Gecko) Chrome/146.0.7680.177 Mobile Safari/537.36 (compatible; Googlebot/2.1; +http://www.google.com/bot.html)" 1020 **1/1020734**
208.109.40.231 - - [05/Apr/2026:12:27:04 -0700] "POST /wp-cron.php?doing_wp_cron=1775417224.1002819538116455078125 HTTP/1.1" 200 - "-" "WordPress/6.9.4; https://wanderlustyacht.co" 200 **0/200606**
192.178.4.104 - - [05/Apr/2026:12:27:02 -0700] "GET /index.php/?s=533e20 HTTP/1.1" 200 18920 "-" "Mozilla/5.0 (Linux; Android 6.0.1; Nexus 5X Build/MMB29P) AppleWebKit/537.36 (KHTML, like Gecko) Chrome/146.0.7680.177 Mobile Safari/537.36 (compatible; Googlebot/2.1; +http://www.google.com/bot.html)" 1544 **1/1544550**
45.176.118.113 - - [05/Apr/2026:12:28:31 -0700] "GET /wp-content/uploads/2024/09/yacht-management-3-1.png HTTP/1.1" 200 342769 "-" "Mozilla/5.0 (Windows; U; Windows NT 6.2) AppleWebKit/532.32.3 (KHTML, like Gecko) Version/5.0.2 Safari/532.32.3" 15 **0/15196**
208.109.40.231 - - [05/Apr/2026:12:31:19 -0700] "POST /wp-cron.php?doing_wp_cron=1775417479.2160120010375976562500 HTTP/1.1" 200 - "-" "WordPress/6.9.4; https://wanderlustyacht.co" 18 **0/18068**
192.178.4.96 - - [05/Apr/2026:12:31:18 -0700] "GET /?s=62250b HTTP/1.1" 200 18919 "-" "Mozilla/5.0 (Linux; Android 6.0.1; Nexus 5X Build/MMB29P) AppleWebKit/537.36 (KHTML, like Gecko) Chrome/146.0.7680.177 Mobile Safari/537.36 (compatible; Googlebot/2.1; +http://www.google.com/bot.html)" 1216 **1/1216625**
208.109.40.231 - - [05/Apr/2026:12:33:32 -0700] "POST /wp-cron.php?doing_wp_cron=1775417612.8373799324035644531250 HTTP/1.1" 200 - "-" "WordPress/6.9.4; https://wanderlustyacht.co" 18 **0/18630**
192.178.4.104 - - [05/Apr/2026:12:33:31 -0700] "GET /index.php/?s=478aa5 HTTP/1.1" 200 18920 "-" "Mozilla/5.0 (Linux; Android 6.0.1; Nexus 5X Build/MMB29P) AppleWebKit/537.36 (KHTML, like Gecko) Chrome/146.0.7680.177 Mobile Safari/537.36 (compatible; Googlebot/2.1; +http://www.google.com/bot.html)" 1170 **1/1170990**
208.109.40.231 - - [05/Apr/2026:12:34:22 -0700] "POST /wp-cron.php?doing_wp_cron=1775417662.3280470371246337890625 HTTP/1.1" 200 - "-" "WordPress/6.9.4; https://wanderlustyacht.co" 391 **0/391931**
192.178.4.105 - - [05/Apr/2026:12:34:21 -0700] "GET /?s=52664f HTTP/1.1" 200 18921 "-" "Mozilla/5.0 (Linux; Android 6.0.1; Nexus 5X Build/MMB29P) AppleWebKit/537.36 (KHTML, like Gecko) Chrome/146.0.7680.177 Mobile Safari/537.36 (compatible; Googlebot/2.1; +http://www.google.com/bot.html)" 2045 **2/2045660**
208.109.40.231 - - [05/Apr/2026:12:36:28 -0700] "POST /wp-cron.php?doing_wp_cron=1775417788.8582420349121093750000 HTTP/1.1" 200 - "-" "WordPress/6.9.4; https://wanderlustyacht.co" 68 **0/68578**
192.178.4.104 - - [05/Apr/2026:12:36:27 -0700] "GET /index.php/?s=5c33f0 HTTP/1.1" 200 18921 "-" "Mozilla/5.0 (Linux; Android 6.0.1; Nexus 5X Build/MMB29P) AppleWebKit/537.36 (KHTML, like Gecko) Chrome/146.0.7680.177 Mobile Safari/537.36 (compatible; Googlebot/2.1; +http://www.google.com/bot.html)" 1339 **1/1339222**
138.199.29.196 - - [05/Apr/2026:12:40:47 -0700] "GET /wp-content/uploads/2024/08/management-17.png HTTP/1.1" 200 813489 "-" "Mozilla/5.0 (Macintosh; Intel Mac OS X 10_6_6 rv:6.0; lg-UG) AppleWebKit/535.2.6 (KHTML, like Gecko) Version/4.0 Safari/535.2.6" 413 **0/413331**
176.47.21.28 - - [05/Apr/2026:12:41:03 -0700] "GET /wp-content/uploads/2024/08/management-17.png HTTP/1.1" 200 813489 "-" "Mozilla/5.0 (iPad; CPU iPad OS 17_3 like Mac OS X) AppleWebKit/533.0 (KHTML, like Gecko) FxiOS/14.9s0163.0 Mobile/73Q307 Safari/533.0" 731 **0/731608**
208.109.40.231 - - [05/Apr/2026:12:43:50 -0700] "POST /wp-cron.php?doing_wp_cron=1775418230.4893360137939453125000 HTTP/1.1" 200 - "-" "WordPress/6.9.4; https://wanderlustyacht.co" 20 **0/20104**
192.178.4.96 - - [05/Apr/2026:12:43:44 -0700] "GET /index.php/?s=4c0c8a HTTP/1.1" 200 18920 "-" "Mozilla/5.0 (Linux; Android 6.0.1; Nexus 5X Build/MMB29P) AppleWebKit/537.36 (KHTML, like Gecko) Chrome/146.0.7680.177 Mobile Safari/537.36 (compatible; Googlebot/2.1; +http://www.google.com/bot.html)" 5603 **5/5603893**
208.109.40.231 - - [05/Apr/2026:12:47:07 -0700] "POST /wp-cron.php?doing_wp_cron=1775418427.7489550113677978515625 HTTP/1.1" 200 - "-" "WordPress/6.9.4; https://wanderlustyacht.co" 77 **0/77580**
192.178.4.96 - - [05/Apr/2026:12:47:06 -0700] "GET /index.php/?s=2dbbf2 HTTP/1.1" 200 18919 "-" "Mozilla/5.0 (Linux; Android 6.0.1; Nexus 5X Build/MMB29P) AppleWebKit/537.36 (KHTML, like Gecko) Chrome/146.0.7680.177 Mobile Safari/537.36 (compatible; Googlebot/2.1; +http://www.google.com/bot.html)" 1448 **1/1448840**
192.178.4.96 - - [05/Apr/2026:12:47:09 -0700] "GET /index.php/?s=4ad278 HTTP/1.1" 200 18921 "-" "Mozilla/5.0 (Linux; Android 6.0.1; Nexus 5X Build/MMB29P) AppleWebKit/537.36 (KHTML, like Gecko) Chrome/146.0.7680.177 Mobile Safari/537.36 (compatible; Googlebot/2.1; +http://www.google.com/bot.html)" 942 **0/942354**
208.109.40.231 - - [05/Apr/2026:12:48:50 -0700] "POST /wp-cron.php?doing_wp_cron=1775418530.3433890342712402343750 HTTP/1.1" 200 - "-" "WordPress/6.9.4; https://wanderlustyacht.co" 101 **0/101832**
192.178.4.96 - - [05/Apr/2026:12:48:49 -0700] "GET /?s=4fffe6 HTTP/1.1" 200 18922 "-" "Mozilla/5.0 (Linux; Android 6.0.1; Nexus 5X Build/MMB29P) AppleWebKit/537.36 (KHTML, like Gecko) Chrome/146.0.7680.177 Mobile Safari/537.36 (compatible; Googlebot/2.1; +http://www.google.com/bot.html)" 1251 **1/1251632**
208.109.40.231 - - [05/Apr/2026:12:52:06 -0700] "POST /wp-cron.php?doing_wp_cron=1775418726.1636910438537597656250 HTTP/1.1" 200 - "-" "WordPress/6.9.4; https://wanderlustyacht.co" 205 **0/205493**
192.178.4.104 - - [05/Apr/2026:12:52:04 -0700] "GET /index.php/?s=52483d HTTP/1.1" 200 18943 "-" "Mozilla/5.0 (Linux; Android 6.0.1; Nexus 5X Build/MMB29P) AppleWebKit/537.36 (KHTML, like Gecko) Chrome/146.0.7680.177 Mobile Safari/537.36 (compatible; Googlebot/2.1; +http://www.google.com/bot.html)" 1722 **1/1722695**
208.109.40.231 - - [05/Apr/2026:12:54:18 -0700] "POST /wp-cron.php?doing_wp_cron=1775418858.8086149692535400390625 HTTP/1.1" 200 - "-" "WordPress/6.9.4; https://wanderlustyacht.co" 196 **0/196647**
192.178.4.104 - - [05/Apr/2026:12:54:17 -0700] "GET /?s=395249 HTTP/1.1" 200 18919 "-" "Mozilla/5.0 (Linux; Android 6.0.1; Nexus 5X Build/MMB29P) AppleWebKit/537.36 (KHTML, like Gecko) Chrome/146.0.7680.177 Mobile Safari/537.36 (compatible; Googlebot/2.1; +http://www.google.com/bot.html)" 1398 **1/1398870**
192.178.4.105 - - [05/Apr/2026:12:54:24 -0700] "GET /wp-includes/js/dist/hooks.min.js?ver=dd5603f07f9220ed27f1 HTTP/1.1" 200 1855 "https://wanderlustyacht.co/?s=395249" "Mozilla/5.0 (Linux; Android 6.0.1; Nexus 5X Build/MMB29P) AppleWebKit/537.36 (KHTML, like Gecko) Chrome/146.0.7680.177 Mobile Safari/537.36 (compatible; Googlebot/2.1; +http://www.google.com/bot.html)" 14 **0/14154**
208.109.40.231 - - [05/Apr/2026:12:58:47 -0700] "POST /wp-cron.php?doing_wp_cron=1775419127.6601951122283935546875 HTTP/1.1" 200 - "-" "WordPress/6.9.4; https://wanderlustyacht.co" 15 **0/15129**
192.178.4.96 - - [05/Apr/2026:12:58:46 -0700] "GET /?s=4b837f HTTP/1.1" 200 18919 "-" "Mozilla/5.0 (Linux; Android 6.0.1; Nexus 5X Build/MMB29P) AppleWebKit/537.36 (KHTML, like Gecko) Chrome/146.0.7680.177 Mobile Safari/537.36 (compatible; Googlebot/2.1; +http://www.google.com/bot.html)" 1067 **1/1067035**
208.109.40.231 - - [05/Apr/2026:13:04:28 -0700] "POST /wp-cron.php?doing_wp_cron=1775419468.2465920448303222656250 HTTP/1.1" 200 - "-" "WordPress/6.9.4; https://wanderlustyacht.co" 175 **0/175296**
192.178.4.104 - - [05/Apr/2026:13:04:26 -0700] "GET /?s=3c25bd HTTP/1.1" 200 18919 "-" "Mozilla/5.0 (Linux; Android 6.0.1; Nexus 5X Build/MMB29P) AppleWebKit/537.36 (KHTML, like Gecko) Chrome/146.0.7680.177 Mobile Safari/537.36 (compatible; Googlebot/2.1; +http://www.google.com/bot.html)" 1514 **1/1514408**
192.178.4.104 - - [05/Apr/2026:13:04:32 -0700] "GET /?s=4b74cc HTTP/1.1" 200 18919 "-" "Mozilla/5.0 (Linux; Android 6.0.1; Nexus 5X Build/MMB29P) AppleWebKit/537.36 (KHTML, like Gecko) Chrome/146.0.7680.177 Mobile Safari/537.36 (compatible; Googlebot/2.1; +http://www.google.com/bot.html)" 891 **0/891778**
208.109.40.231 - - [05/Apr/2026:13:07:48 -0700] "POST /wp-cron.php?doing_wp_cron=1775419668.5240619182586669921875 HTTP/1.1" 200 - "-" "WordPress/6.9.4; https://wanderlustyacht.co" 23 **0/23700**
192.178.4.96 - - [05/Apr/2026:13:07:47 -0700] "GET /index.php/?s=39175d HTTP/1.1" 200 18921 "-" "Mozilla/5.0 (Linux; Android 6.0.1; Nexus 5X Build/MMB29P) AppleWebKit/537.36 (KHTML, like Gecko) Chrome/146.0.7680.177 Mobile Safari/537.36 (compatible; Googlebot/2.1; +http://www.google.com/bot.html)" 1391 **1/1391631**
192.178.4.104 - - [05/Apr/2026:13:08:27 -0700] "GET /wp-content/plugins/elementor-pro/assets/css/widget-nav-menu.min.css?ver=3.31.2 HTTP/1.1" 200 3246 "https://wanderlustyacht.co/index.php/?s=39175d" "Mozilla/5.0 (Linux; Android 6.0.1; Nexus 5X Build/MMB29P) AppleWebKit/537.36 (KHTML, like Gecko) Chrome/146.0.7680.177 Mobile Safari/537.36 (compatible; Googlebot/2.1; +http://www.google.com/bot.html)" 12 **0/12057**
208.109.40.231 - - [05/Apr/2026:13:13:05 -0700] "POST /wp-cron.php?doing_wp_cron=1775419985.5775430202484130859375 HTTP/1.1" 200 - "-" "WordPress/6.9.4; https://wanderlustyacht.co" 182 **0/182106**
192.178.4.96 - - [05/Apr/2026:13:13:04 -0700] "GET /?s=58b119 HTTP/1.1" 200 18921 "-" "Mozilla/5.0 (Linux; Android 6.0.1; Nexus 5X Build/MMB29P) AppleWebKit/537.36 (KHTML, like Gecko) Chrome/146.0.7680.177 Mobile Safari/537.36 (compatible; Googlebot/2.1; +http://www.google.com/bot.html)" 1498 **1/1498262**
208.109.40.231 - - [05/Apr/2026:13:13:52 -0700] "POST /wp-cron.php?doing_wp_cron=1775420032.1541390419006347656250 HTTP/1.1" 200 - "-" "WordPress/6.9.4; https://wanderlustyacht.co" 464 **0/464894**
192.178.4.104 - - [05/Apr/2026:13:13:51 -0700] "GET /index.php/?s=56f842 HTTP/1.1" 200 18920 "-" "Mozilla/5.0 (Linux; Android 6.0.1; Nexus 5X Build/MMB29P) AppleWebKit/537.36 (KHTML, like Gecko) Chrome/146.0.7680.177 Mobile Safari/537.36 (compatible; Googlebot/2.1; +http://www.google.com/bot.html)" 1884 **1/1884111**
208.109.40.231 - - [05/Apr/2026:13:15:05 -0700] "POST /wp-cron.php?doing_wp_cron=1775420105.0522980690002441406250 HTTP/1.1" 200 - "-" "WordPress/6.9.4; https://wanderlustyacht.co" 84 **0/84434**
192.178.4.96 - - [05/Apr/2026:13:15:02 -0700] "GET /index.php/?s=53eb81 HTTP/1.1" 200 18920 "-" "Mozilla/5.0 (Linux; Android 6.0.1; Nexus 5X Build/MMB29P) AppleWebKit/537.36 (KHTML, like Gecko) Chrome/146.0.7680.177 Mobile Safari/537.36 (compatible; Googlebot/2.1; +http://www.google.com/bot.html)" 2592 **2/2592243**
192.178.4.104 - - [05/Apr/2026:13:15:14 -0700] "GET /?s=47bfe0 HTTP/1.1" 200 18919 "-" "Mozilla/5.0 (Linux; Android 6.0.1; Nexus 5X Build/MMB29P) AppleWebKit/537.36 (KHTML, like Gecko) Chrome/146.0.7680.177 Mobile Safari/537.36 (compatible; Googlebot/2.1; +http://www.google.com/bot.html)" 1910 **1/1910021**
208.109.40.231 - - [05/Apr/2026:13:21:07 -0700] "POST /wp-cron.php?doing_wp_cron=1775420467.8621110916137695312500 HTTP/1.1" 200 - "-" "WordPress/6.9.4; https://wanderlustyacht.co" 61 **0/61942**
192.178.4.105 - - [05/Apr/2026:13:21:06 -0700] "GET /?s=5bc0c4 HTTP/1.1" 200 18919 "-" "Mozilla/5.0 (Linux; Android 6.0.1; Nexus 5X Build/MMB29P) AppleWebKit/537.36 (KHTML, like Gecko) Chrome/146.0.7680.177 Mobile Safari/537.36 (compatible; Googlebot/2.1; +http://www.google.com/bot.html)" 1131 **1/1131056**
208.109.40.231 - - [05/Apr/2026:13:24:14 -0700] "POST /wp-cron.php?doing_wp_cron=1775420654.0424089431762695312500 HTTP/1.1" 200 - "-" "WordPress/6.9.4; https://wanderlustyacht.co" 489 **0/489636**
134.209.212.158 - - [05/Apr/2026:13:24:11 -0700] "POST /wp-login.php HTTP/1.1" 200 7573 "-" "Mozilla/5.0" 3208 **3/3208327**
192.178.4.104 - - [05/Apr/2026:13:24:30 -0700] "GET /index.php/?s=4c6c7c HTTP/1.1" 200 18921 "-" "Mozilla/5.0 (Linux; Android 6.0.1; Nexus 5X Build/MMB29P) AppleWebKit/537.36 (KHTML, like Gecko) Chrome/146.0.7680.177 Mobile Safari/537.36 (compatible; Googlebot/2.1; +http://www.google.com/bot.html)" 2403 **2/2403644**
192.178.4.105 - - [05/Apr/2026:13:24:45 -0700] "GET /index.php/?s=5c38dd HTTP/1.1" 200 18921 "-" "Mozilla/5.0 (Linux; Android 6.0.1; Nexus 5X Build/MMB29P) AppleWebKit/537.36 (KHTML, like Gecko) Chrome/146.0.7680.177 Mobile Safari/537.36 (compatible; Googlebot/2.1; +http://www.google.com/bot.html)" 1208 **1/1208466**
208.109.40.231 - - [05/Apr/2026:13:25:03 -0700] "POST /wp-cron.php?doing_wp_cron=1775420703.4373130798339843750000 HTTP/1.1" 200 - "-" "WordPress/6.9.4; https://wanderlustyacht.co" 629 **0/629757**
192.178.4.96 - - [05/Apr/2026:13:25:01 -0700] "GET /index.php/?s=49c64c HTTP/1.1" 200 18920 "-" "Mozilla/5.0 (Linux; Android 6.0.1; Nexus 5X Build/MMB29P) AppleWebKit/537.36 (KHTML, like Gecko) Chrome/146.0.7680.177 Mobile Safari/537.36 (compatible; Googlebot/2.1; +http://www.google.com/bot.html)" 3462 **3/3462799**
192.178.4.104 - - [05/Apr/2026:13:25:15 -0700] "GET /index.php/?s=2dce71 HTTP/1.1" 200 18920 "-" "Mozilla/5.0 (Linux; Android 6.0.1; Nexus 5X Build/MMB29P) AppleWebKit/537.36 (KHTML, like Gecko) Chrome/146.0.7680.177 Mobile Safari/537.36 (compatible; Googlebot/2.1; +http://www.google.com/bot.html)" 1416 **1/1416481**
192.178.4.104 - - [05/Apr/2026:13:25:45 -0700] "GET /index.php/?s=3ccbe9 HTTP/1.1" 200 18919 "-" "Mozilla/5.0 (Linux; Android 6.0.1; Nexus 5X Build/MMB29P) AppleWebKit/537.36 (KHTML, like Gecko) Chrome/146.0.7680.177 Mobile Safari/537.36 (compatible; Googlebot/2.1; +http://www.google.com/bot.html)" 1521 **1/1521118**
208.109.40.231 - - [05/Apr/2026:13:26:02 -0700] "POST /wp-cron.php?doing_wp_cron=1775420762.1468310356140136718750 HTTP/1.1" 200 - "-" "WordPress/6.9.4; https://wanderlustyacht.co" 22 **0/22752**
192.178.4.105 - - [05/Apr/2026:13:26:00 -0700] "GET /index.php/?s=582e61 HTTP/1.1" 200 18920 "-" "Mozilla/5.0 (Linux; Android 6.0.1; Nexus 5X Build/MMB29P) AppleWebKit/537.36 (KHTML, like Gecko) Chrome/146.0.7680.177 Mobile Safari/537.36 (compatible; Googlebot/2.1; +http://www.google.com/bot.html)" 1383 **1/1383364**
192.178.4.105 - - [05/Apr/2026:13:26:15 -0700] "GET /index.php/?s=41b080 HTTP/1.1" 200 18920 "-" "Mozilla/5.0 (Linux; Android 6.0.1; Nexus 5X Build/MMB29P) AppleWebKit/537.36 (KHTML, like Gecko) Chrome/146.0.7680.177 Mobile Safari/537.36 (compatible; Googlebot/2.1; +http://www.google.com/bot.html)" 1209 **1/1209740**
192.178.4.104 - - [05/Apr/2026:13:26:30 -0700] "GET /index.php/?s=493bde HTTP/1.1" 200 18919 "-" "Mozilla/5.0 (Linux; Android 6.0.1; Nexus 5X Build/MMB29P) AppleWebKit/537.36 (KHTML, like Gecko) Chrome/146.0.7680.177 Mobile Safari/537.36 (compatible; Googlebot/2.1; +http://www.google.com/bot.html)" 1202 **1/1202265**
192.178.4.104 - - [05/Apr/2026:13:27:08 -0700] "GET /wp-content/plugins/elementor-pro/assets/css/widget-nav-menu.min.css?ver=3.31.2 HTTP/1.1" 200 3246 "https://wanderlustyacht.co/index.php/?s=582e61" "Mozilla/5.0 (Linux; Android 6.0.1; Nexus 5X Build/MMB29P) AppleWebKit/537.36 (KHTML, like Gecko) Chrome/146.0.7680.177 Mobile Safari/537.36 (compatible; Googlebot/2.1; +http://www.google.com/bot.html)" 14 **0/14697**
192.178.4.104 - - [05/Apr/2026:13:27:25 -0700] "GET /wp-content/plugins/elementor-pro/assets/css/widget-nav-menu.min.css?ver=3.31.2 HTTP/1.1" 200 3246 "https://wanderlustyacht.co/index.php/?s=493bde" "Mozilla/5.0 (Linux; Android 6.0.1; Nexus 5X Build/MMB29P) AppleWebKit/537.36 (KHTML, like Gecko) Chrome/146.0.7680.177 Mobile Safari/537.36 (compatible; Googlebot/2.1; +http://www.google.com/bot.html)" 7 **0/7816**
208.109.40.231 - - [05/Apr/2026:13:27:30 -0700] "POST /wp-cron.php?doing_wp_cron=1775420850.3825280666351318359375 HTTP/1.1" 200 - "-" "WordPress/6.9.4; https://wanderlustyacht.co" 123 **0/123511**
192.178.4.104 - - [05/Apr/2026:13:27:29 -0700] "GET /index.php/?s=4db715 HTTP/1.1" 200 18920 "-" "Mozilla/5.0 (Linux; Android 6.0.1; Nexus 5X Build/MMB29P) AppleWebKit/537.36 (KHTML, like Gecko) Chrome/146.0.7680.177 Mobile Safari/537.36 (compatible; Googlebot/2.1; +http://www.google.com/bot.html)" 1350 **1/1350728**
208.109.40.231 - - [05/Apr/2026:13:27:52 -0700] "POST /wp-cron.php?doing_wp_cron=1775420872.7281229496002197265625 HTTP/1.1" 200 - "-" "WordPress/6.9.4; https://wanderlustyacht.co" 22 **0/22743**
192.178.4.104 - - [05/Apr/2026:13:27:51 -0700] "GET /index.php/?s=2f7ff6 HTTP/1.1" 200 18921 "-" "Mozilla/5.0 (Linux; Android 6.0.1; Nexus 5X Build/MMB29P) AppleWebKit/537.36 (KHTML, like Gecko) Chrome/146.0.7680.177 Mobile Safari/537.36 (compatible; Googlebot/2.1; +http://www.google.com/bot.html)" 833 **0/833489**
192.178.4.104 - - [05/Apr/2026:13:27:52 -0700] "GET /?s=3eef21 HTTP/1.1" 200 18920 "-" "Mozilla/5.0 (Linux; Android 6.0.1; Nexus 5X Build/MMB29P) AppleWebKit/537.36 (KHTML, like Gecko) Chrome/146.0.7680.177 Mobile Safari/537.36 (compatible; Googlebot/2.1; +http://www.google.com/bot.html)" 1209 **1/1209590**
192.178.4.104 - - [05/Apr/2026:13:27:57 -0700] "GET /wp-content/plugins/elementor-pro/assets/css/widget-nav-menu.min.css?ver=3.31.2 HTTP/1.1" 200 3246 "https://wanderlustyacht.co/?s=3eef21" "Mozilla/5.0 (Linux; Android 6.0.1; Nexus 5X Build/MMB29P) AppleWebKit/537.36 (KHTML, like Gecko) Chrome/146.0.7680.177 Mobile Safari/537.36 (compatible; Googlebot/2.1; +http://www.google.com/bot.html)" 8 **0/8361**
208.109.40.231 - - [05/Apr/2026:13:28:55 -0700] "POST /wp-cron.php?doing_wp_cron=1775420935.6689879894256591796875 HTTP/1.1" 200 - "-" "WordPress/6.9.4; https://wanderlustyacht.co" 55 **0/55722**
103.116.53.18 - - [05/Apr/2026:13:28:54 -0700] "GET / HTTP/1.1" 200 23210 "-" "Mozilla/5.0 (Windows NT 10.0; Win64; x64) AppleWebKit/537.36 (KHTML, like Gecko) Chrome/122.0.0.0 Safari/537.36" 1145 **1/1145614**
