66.249.93.199 - - [28/Mar/2026:07:20:10 -0700] "GET /?s=2d3c2b HTTP/1.1" 200 18905 "-" "Mozilla/5.0 (X11; Linux x86_64; Storebot-Google/1.0) AppleWebKit/537.36 (KHTML, like Gecko) Chrome/121.0.0.0 Safari/537.36" 1187 **1/1187784**
66.249.93.200 - - [28/Mar/2026:07:20:12 -0700] "GET /wp-includes/css/dist/block-library/style.min.css?ver=6.9.4 HTTP/1.1" 200 14701 "https://wanderlustyacht.co/?s=2d3c2b" "Mozilla/5.0 (X11; Linux x86_64; Storebot-Google/1.0) AppleWebKit/537.36 (KHTML, like Gecko) Chrome/121.0.0.0 Safari/537.36" 18 **0/18744**
66.249.93.198 - - [28/Mar/2026:07:20:12 -0700] "GET /wp-content/themes/page-builder-framework/css/min/style-min.css?ver=2.11.9 HTTP/1.1" 200 6202 "https://wanderlustyacht.co/?s=2d3c2b" "Mozilla/5.0 (X11; Linux x86_64; Storebot-Google/1.0) AppleWebKit/537.36 (KHTML, like Gecko) Chrome/121.0.0.0 Safari/537.36" 11 **0/11852**
66.249.93.200 - - [28/Mar/2026:07:20:12 -0700] "GET /wp-content/plugins/jet-engine/assets/css/frontend.css?ver=3.6.2 HTTP/1.1" 200 7170 "https://wanderlustyacht.co/?s=2d3c2b" "Mozilla/5.0 (X11; Linux x86_64; Storebot-Google/1.0) AppleWebKit/537.36 (KHTML, like Gecko) Chrome/121.0.0.0 Safari/537.36" 11 **0/11484**
66.249.93.200 - - [28/Mar/2026:07:20:12 -0700] "GET /wp-content/themes/page-builder-framework/css/min/responsive-min.css?ver=2.11.9 HTTP/1.1" 200 1236 "https://wanderlustyacht.co/?s=2d3c2b" "Mozilla/5.0 (X11; Linux x86_64; Storebot-Google/1.0) AppleWebKit/537.36 (KHTML, like Gecko) Chrome/121.0.0.0 Safari/537.36" 11 **0/11313**
66.249.93.199 - - [28/Mar/2026:07:20:12 -0700] "GET /wp-content/plugins/fluentform/assets/css/fluent-forms-elementor-widget.css?ver=6.1.21 HTTP/1.1" 200 772 "https://wanderlustyacht.co/?s=2d3c2b" "Mozilla/5.0 (X11; Linux x86_64; Storebot-Google/1.0) AppleWebKit/537.36 (KHTML, like Gecko) Chrome/121.0.0.0 Safari/537.36" 10 **0/10160**
66.249.93.200 - - [28/Mar/2026:07:20:12 -0700] "GET /wp-content/themes/page-builder-framework/css/min/iconfont-min.css?ver=2.11.9 HTTP/1.1" 200 551 "https://wanderlustyacht.co/?s=2d3c2b" "Mozilla/5.0 (X11; Linux x86_64; Storebot-Google/1.0) AppleWebKit/537.36 (KHTML, like Gecko) Chrome/121.0.0.0 Safari/537.36" 10 **0/10658**
66.249.93.199 - - [28/Mar/2026:07:20:12 -0700] "GET /wp-content/plugins/jet-menu/assets/public/css/public.css?ver=2.4.7.1 HTTP/1.1" 200 6405 "https://wanderlustyacht.co/?s=2d3c2b" "Mozilla/5.0 (X11; Linux x86_64; Storebot-Google/1.0) AppleWebKit/537.36 (KHTML, like Gecko) Chrome/121.0.0.0 Safari/537.36" 11 **0/11753**
66.249.93.198 - - [28/Mar/2026:07:20:12 -0700] "GET /wp-content/plugins/jet-popup/assets/css/jet-popup-frontend.css?ver=2.0.10 HTTP/1.1" 200 2624 "https://wanderlustyacht.co/?s=2d3c2b" "Mozilla/5.0 (X11; Linux x86_64; Storebot-Google/1.0) AppleWebKit/537.36 (KHTML, like Gecko) Chrome/121.0.0.0 Safari/537.36" 14 **0/14800**
66.249.93.199 - - [28/Mar/2026:07:20:12 -0700] "GET /wp-content/plugins/jet-reviews/assets/css/jet-reviews.css?ver=2.3.6 HTTP/1.1" 200 3906 "https://wanderlustyacht.co/?s=2d3c2b" "Mozilla/5.0 (X11; Linux x86_64; Storebot-Google/1.0) AppleWebKit/537.36 (KHTML, like Gecko) Chrome/121.0.0.0 Safari/537.36" 27 **0/27213**
66.249.93.198 - - [28/Mar/2026:07:20:12 -0700] "GET /wp-includes/js/mediaelement/mediaelementplayer-legacy.min.css?ver=4.2.17 HTTP/1.1" 200 2397 "https://wanderlustyacht.co/?s=2d3c2b" "Mozilla/5.0 (X11; Linux x86_64; Storebot-Google/1.0) AppleWebKit/537.36 (KHTML, like Gecko) Chrome/121.0.0.0 Safari/537.36" 12 **0/12417**
66.249.93.200 - - [28/Mar/2026:07:20:12 -0700] "GET /wp-content/plugins/jet-woo-product-gallery/assets/lib/photoswipe/css/default-skin/default-skin.min.css?ver=2.1.20 HTTP/1.1" 200 1730 "https://wanderlustyacht.co/?s=2d3c2b" "Mozilla/5.0 (X11; Linux x86_64; Storebot-Google/1.0) AppleWebKit/537.36 (KHTML, like Gecko) Chrome/121.0.0.0 Safari/537.36" 11 **0/11816**
66.249.93.198 - - [28/Mar/2026:07:20:13 -0700] "GET /wp-content/plugins/jet-woo-product-gallery/assets/lib/photoswipe/css/photoswipe.min.css?ver=2.1.20 HTTP/1.1" 200 857 "https://wanderlustyacht.co/?s=2d3c2b" "Mozilla/5.0 (X11; Linux x86_64; Storebot-Google/1.0) AppleWebKit/537.36 (KHTML, like Gecko) Chrome/121.0.0.0 Safari/537.36" 12 **0/12502**
66.249.93.200 - - [28/Mar/2026:07:20:13 -0700] "GET /wp-content/plugins/jet-woo-product-gallery/assets/css/frontend.css?ver=2.1.20 HTTP/1.1" 200 2531 "https://wanderlustyacht.co/?s=2d3c2b" "Mozilla/5.0 (X11; Linux x86_64; Storebot-Google/1.0) AppleWebKit/537.36 (KHTML, like Gecko) Chrome/121.0.0.0 Safari/537.36" 10 **0/10015**
66.249.93.198 - - [28/Mar/2026:07:20:13 -0700] "GET /wp-content/plugins/jet-woo-product-gallery/assets/css/widgets/gallery-anchor-nav.css?ver=2.1.20 HTTP/1.1" 200 455 "https://wanderlustyacht.co/?s=2d3c2b" "Mozilla/5.0 (X11; Linux x86_64; Storebot-Google/1.0) AppleWebKit/537.36 (KHTML, like Gecko) Chrome/121.0.0.0 Safari/537.36" 12 **0/12774**
66.249.93.199 - - [28/Mar/2026:07:20:13 -0700] "GET /wp-content/plugins/jet-woo-product-gallery/assets/css/widgets/gallery-slider.css?ver=2.1.20 HTTP/1.1" 200 2171 "https://wanderlustyacht.co/?s=2d3c2b" "Mozilla/5.0 (X11; Linux x86_64; Storebot-Google/1.0) AppleWebKit/537.36 (KHTML, like Gecko) Chrome/121.0.0.0 Safari/537.36" 8 **0/8474**
66.249.93.200 - - [28/Mar/2026:07:20:13 -0700] "GET /wp-content/plugins/jet-woo-product-gallery/assets/css/widgets/gallery-grid.css?ver=2.1.20 HTTP/1.1" 200 322 "https://wanderlustyacht.co/?s=2d3c2b" "Mozilla/5.0 (X11; Linux x86_64; Storebot-Google/1.0) AppleWebKit/537.36 (KHTML, like Gecko) Chrome/121.0.0.0 Safari/537.36" 10 **0/10952**
66.249.93.200 - - [28/Mar/2026:07:20:13 -0700] "GET /wp-content/uploads/elementor/css/custom-jet-blocks.css?ver=1.3.16 HTTP/1.1" 200 4674 "https://wanderlustyacht.co/?s=2d3c2b" "Mozilla/5.0 (X11; Linux x86_64; Storebot-Google/1.0) AppleWebKit/537.36 (KHTML, like Gecko) Chrome/121.0.0.0 Safari/537.36" 15 **0/15227**
66.249.93.198 - - [28/Mar/2026:07:20:14 -0700] "GET /wp-content/plugins/jet-theme-core/assets/css/frontend.css?ver=2.2.2.1 HTTP/1.1" 200 1 "https://wanderlustyacht.co/?s=2d3c2b" "Mozilla/5.0 (X11; Linux x86_64; Storebot-Google/1.0) AppleWebKit/537.36 (KHTML, like Gecko) Chrome/121.0.0.0 Safari/537.36" 7 **0/7714**
66.249.93.198 - - [28/Mar/2026:07:20:14 -0700] "GET /wp-content/plugins/elementor/assets/css/frontend.min.css?ver=3.35.9 HTTP/1.1" 200 6618 "https://wanderlustyacht.co/?s=2d3c2b" "Mozilla/5.0 (X11; Linux x86_64; Storebot-Google/1.0) AppleWebKit/537.36 (KHTML, like Gecko) Chrome/121.0.0.0 Safari/537.36" 13 **0/13673**
66.249.93.200 - - [28/Mar/2026:07:20:14 -0700] "GET /wp-content/plugins/jet-search/assets/lib/chosen/chosen.min.css?ver=1.8.7 HTTP/1.1" 200 2051 "https://wanderlustyacht.co/?s=2d3c2b" "Mozilla/5.0 (X11; Linux x86_64; Storebot-Google/1.0) AppleWebKit/537.36 (KHTML, like Gecko) Chrome/121.0.0.0 Safari/537.36" 7 **0/7962**
66.249.93.199 - - [28/Mar/2026:07:20:14 -0700] "GET /wp-content/uploads/elementor/css/post-606.css?ver=1774700461 HTTP/1.1" 200 1366 "-" "Mozilla/5.0 (X11; Linux x86_64; Storebot-Google/1.0) AppleWebKit/537.36 (KHTML, like Gecko) Chrome/121.0.0.0 Safari/537.36" 8 **0/8063**
66.249.93.198 - - [28/Mar/2026:07:20:15 -0700] "GET /wp-content/plugins/wpbf-premium/css/wpbf-premium.css?ver=2.10.4 HTTP/1.1" 200 3541 "https://wanderlustyacht.co/?s=2d3c2b" "Mozilla/5.0 (X11; Linux x86_64; Storebot-Google/1.0) AppleWebKit/537.36 (KHTML, like Gecko) Chrome/121.0.0.0 Safari/537.36" 8 **0/8892**
66.249.93.199 - - [28/Mar/2026:07:20:15 -0700] "GET /wp-content/plugins/jet-tabs/assets/css/jet-tabs-frontend.css?ver=2.2.6.2 HTTP/1.1" 200 3774 "https://wanderlustyacht.co/?s=2d3c2b" "Mozilla/5.0 (X11; Linux x86_64; Storebot-Google/1.0) AppleWebKit/537.36 (KHTML, like Gecko) Chrome/121.0.0.0 Safari/537.36" 11 **0/11312**
66.249.93.200 - - [28/Mar/2026:07:20:15 -0700] "GET /wp-content/uploads/elementor/css/post-17.css?ver=1774700461 HTTP/1.1" 200 342 "-" "Mozilla/5.0 (X11; Linux x86_64; Storebot-Google/1.0) AppleWebKit/537.36 (KHTML, like Gecko) Chrome/121.0.0.0 Safari/537.36" 12 **0/12033**
66.249.93.199 - - [28/Mar/2026:07:20:15 -0700] "GET /wp-includes/js/jquery/jquery.min.js?ver=3.7.1 HTTP/1.1" 200 29769 "https://wanderlustyacht.co/?s=2d3c2b" "Mozilla/5.0 (X11; Linux x86_64; Storebot-Google/1.0) AppleWebKit/537.36 (KHTML, like Gecko) Chrome/121.0.0.0 Safari/537.36" 22 **0/22186**
66.249.93.198 - - [28/Mar/2026:07:20:15 -0700] "GET /wp-content/uploads/2024/09/wanderlust-logo-1-m.png HTTP/1.1" 304 - "-" "Mozilla/5.0 (X11; Linux x86_64; Storebot-Google/1.0) AppleWebKit/537.36 (KHTML, like Gecko) Chrome/121.0.0.0 Safari/537.36" 9 **0/9749**
66.249.93.198 - - [28/Mar/2026:07:20:15 -0700] "GET /wp-includes/js/imagesloaded.min.js?ver=6.9.4 HTTP/1.1" 200 1687 "https://wanderlustyacht.co/?s=2d3c2b" "Mozilla/5.0 (X11; Linux x86_64; Storebot-Google/1.0) AppleWebKit/537.36 (KHTML, like Gecko) Chrome/121.0.0.0 Safari/537.36" 8 **0/8464**
66.249.93.198 - - [28/Mar/2026:07:20:15 -0700] "GET /wp-content/uploads/elementor/css/post-30.css?ver=1774700461 HTTP/1.1" 200 1603 "-" "Mozilla/5.0 (X11; Linux x86_64; Storebot-Google/1.0) AppleWebKit/537.36 (KHTML, like Gecko) Chrome/121.0.0.0 Safari/537.36" 9 **0/9439**
66.249.93.200 - - [28/Mar/2026:07:20:16 -0700] "GET /wp-content/uploads/2024/07/Screenshot.png HTTP/1.1" 304 - "-" "Mozilla/5.0 (X11; Linux x86_64; Storebot-Google/1.0) AppleWebKit/537.36 (KHTML, like Gecko) Chrome/121.0.0.0 Safari/537.36" 7 **0/7266**
66.249.93.198 - - [28/Mar/2026:07:20:16 -0700] "GET /wp-content/plugins/elementor/assets/css/widget-icon-list.min.css?ver=3.35.9 HTTP/1.1" 200 928 "https://wanderlustyacht.co/?s=2d3c2b" "Mozilla/5.0 (X11; Linux x86_64; Storebot-Google/1.0) AppleWebKit/537.36 (KHTML, like Gecko) Chrome/121.0.0.0 Safari/537.36" 9 **0/9035**
66.249.93.200 - - [28/Mar/2026:07:20:16 -0700] "GET /wp-content/plugins/elementor/assets/css/widget-image.min.css?ver=3.35.9 HTTP/1.1" 200 96 "https://wanderlustyacht.co/?s=2d3c2b" "Mozilla/5.0 (X11; Linux x86_64; Storebot-Google/1.0) AppleWebKit/537.36 (KHTML, like Gecko) Chrome/121.0.0.0 Safari/537.36" 10 **0/10200**
66.249.93.200 - - [28/Mar/2026:07:20:16 -0700] "GET /wp-content/plugins/elementor-pro/assets/css/widget-nav-menu.min.css?ver=3.31.2 HTTP/1.1" 200 3246 "https://wanderlustyacht.co/?s=2d3c2b" "Mozilla/5.0 (X11; Linux x86_64; Storebot-Google/1.0) AppleWebKit/537.36 (KHTML, like Gecko) Chrome/121.0.0.0 Safari/537.36" 9 **0/9794**
66.249.93.199 - - [28/Mar/2026:07:20:16 -0700] "GET /wp-content/plugins/elementor/assets/css/widget-heading.min.css?ver=3.35.9 HTTP/1.1" 200 127 "https://wanderlustyacht.co/?s=2d3c2b" "Mozilla/5.0 (X11; Linux x86_64; Storebot-Google/1.0) AppleWebKit/537.36 (KHTML, like Gecko) Chrome/121.0.0.0 Safari/537.36" 9 **0/9189**
66.249.93.198 - - [28/Mar/2026:07:20:16 -0700] "GET /wp-content/uploads/2024/07/footer-cards.png HTTP/1.1" 200 67493 "-" "Mozilla/5.0 (X11; Linux x86_64; Storebot-Google/1.0) AppleWebKit/537.36 (KHTML, like Gecko) Chrome/121.0.0.0 Safari/537.36" 13 **0/13561**
66.249.93.199 - - [28/Mar/2026:07:20:17 -0700] "GET /wp-content/uploads/2024/08/times.ttf HTTP/1.1" 200 190263 "-" "Mozilla/5.0 (X11; Linux x86_64; Storebot-Google/1.0) AppleWebKit/537.36 (KHTML, like Gecko) Chrome/121.0.0.0 Safari/537.36" 85 **0/85771**
66.249.93.199 - - [28/Mar/2026:07:20:17 -0700] "GET /wp-includes/js/underscore.min.js?ver=1.13.7 HTTP/1.1" 200 7201 "https://wanderlustyacht.co/?s=2d3c2b" "Mozilla/5.0 (X11; Linux x86_64; Storebot-Google/1.0) AppleWebKit/537.36 (KHTML, like Gecko) Chrome/121.0.0.0 Safari/537.36" 12 **0/12388**
66.249.93.199 - - [28/Mar/2026:07:20:17 -0700] "GET /wp-content/plugins/fluentform/assets/js/fluent-forms-elementor-widget.js?ver=6.1.21 HTTP/1.1" 200 367 "https://wanderlustyacht.co/?s=2d3c2b" "Mozilla/5.0 (X11; Linux x86_64; Storebot-Google/1.0) AppleWebKit/537.36 (KHTML, like Gecko) Chrome/121.0.0.0 Safari/537.36" 9 **0/9022**
66.249.93.198 - - [28/Mar/2026:07:20:17 -0700] "GET /wp-includes/js/wp-util.min.js?ver=6.9.4 HTTP/1.1" 200 693 "https://wanderlustyacht.co/?s=2d3c2b" "Mozilla/5.0 (X11; Linux x86_64; Storebot-Google/1.0) AppleWebKit/537.36 (KHTML, like Gecko) Chrome/121.0.0.0 Safari/537.36" 11 **0/11576**
66.249.93.199 - - [28/Mar/2026:07:20:17 -0700] "GET /wp-content/plugins/jet-search/assets/lib/chosen/chosen.jquery.min.js?ver=1.8.7 HTTP/1.1" 200 6438 "https://wanderlustyacht.co/?s=2d3c2b" "Mozilla/5.0 (X11; Linux x86_64; Storebot-Google/1.0) AppleWebKit/537.36 (KHTML, like Gecko) Chrome/121.0.0.0 Safari/537.36" 12 **0/12047**
66.249.93.198 - - [28/Mar/2026:07:20:17 -0700] "GET /wp-content/plugins/jet-search/assets/lib/jet-plugins/jet-plugins.js?ver=1.0.0 HTTP/1.1" 200 2171 "https://wanderlustyacht.co/?s=2d3c2b" "Mozilla/5.0 (X11; Linux x86_64; Storebot-Google/1.0) AppleWebKit/537.36 (KHTML, like Gecko) Chrome/121.0.0.0 Safari/537.36" 10 **0/10023**
66.249.93.200 - - [28/Mar/2026:07:20:18 -0700] "GET /wp-content/plugins/jet-search/assets/js/jet-search.js?ver=3.5.5.1 HTTP/1.1" 200 13241 "https://wanderlustyacht.co/?s=2d3c2b" "Mozilla/5.0 (X11; Linux x86_64; Storebot-Google/1.0) AppleWebKit/537.36 (KHTML, like Gecko) Chrome/121.0.0.0 Safari/537.36" 21 **0/21223**
66.249.70.138 - - [28/Mar/2026:07:20:16 -0700] "GET /index.php/?s=59727b HTTP/1.1" 200 18908 "-" "Mozilla/5.0 (Linux; Android 6.0.1; Nexus 5X Build/MMB29P) AppleWebKit/537.36 (KHTML, like Gecko) Chrome/146.0.7680.153 Mobile Safari/537.36 (compatible; Googlebot/2.1; +http://www.google.com/bot.html)" 1909 **1/1909409**
66.249.93.198 - - [28/Mar/2026:07:20:18 -0700] "GET /wp-includes/js/dist/hooks.min.js?ver=dd5603f07f9220ed27f1 HTTP/1.1" 200 1855 "https://wanderlustyacht.co/?s=2d3c2b" "Mozilla/5.0 (X11; Linux x86_64; Storebot-Google/1.0) AppleWebKit/537.36 (KHTML, like Gecko) Chrome/121.0.0.0 Safari/537.36" 8 **0/8610**
66.249.93.198 - - [28/Mar/2026:07:20:18 -0700] "GET /wp-content/plugins/jet-menu/assets/public/js/jet-menu-public-scripts.js?ver=2.4.7.1 HTTP/1.1" 200 10503 "https://wanderlustyacht.co/?s=2d3c2b" "Mozilla/5.0 (X11; Linux x86_64; Storebot-Google/1.0) AppleWebKit/537.36 (KHTML, like Gecko) Chrome/121.0.0.0 Safari/537.36" 18 **0/18581**
66.249.93.199 - - [28/Mar/2026:07:20:18 -0700] "GET /wp-content/themes/page-builder-framework/js/min/site-jquery-min.js?ver=2.11.9 HTTP/1.1" 200 2076 "https://wanderlustyacht.co/?s=2d3c2b" "Mozilla/5.0 (X11; Linux x86_64; Storebot-Google/1.0) AppleWebKit/537.36 (KHTML, like Gecko) Chrome/121.0.0.0 Safari/537.36" 14 **0/14281**
66.249.93.199 - - [28/Mar/2026:07:20:18 -0700] "GET /wp-content/plugins/elementor/assets/js/webpack.runtime.min.js?ver=3.35.9 HTTP/1.1" 200 2282 "https://wanderlustyacht.co/?s=2d3c2b" "Mozilla/5.0 (X11; Linux x86_64; Storebot-Google/1.0) AppleWebKit/537.36 (KHTML, like Gecko) Chrome/121.0.0.0 Safari/537.36" 14 **0/14340**
66.249.93.198 - - [28/Mar/2026:07:20:18 -0700] "GET /wp-content/plugins/jet-elements/assets/js/lib/anime-js/anime.min.js?ver=2.2.0 HTTP/1.1" 200 5935 "https://wanderlustyacht.co/?s=2d3c2b" "Mozilla/5.0 (X11; Linux x86_64; Storebot-Google/1.0) AppleWebKit/537.36 (KHTML, like Gecko) Chrome/121.0.0.0 Safari/537.36" 10 **0/10390**
66.249.93.199 - - [28/Mar/2026:07:20:19 -0700] "GET /wp-content/plugins/jet-popup/assets/js/jet-popup-frontend.js?ver=2.0.10 HTTP/1.1" 200 6520 "https://wanderlustyacht.co/?s=2d3c2b" "Mozilla/5.0 (X11; Linux x86_64; Storebot-Google/1.0) AppleWebKit/537.36 (KHTML, like Gecko) Chrome/121.0.0.0 Safari/537.36" 14 **0/14312**
66.249.93.198 - - [28/Mar/2026:07:20:19 -0700] "GET /wp-content/plugins/elementor/assets/js/frontend-modules.min.js?ver=3.35.9 HTTP/1.1" 200 15429 "https://wanderlustyacht.co/?s=2d3c2b" "Mozilla/5.0 (X11; Linux x86_64; Storebot-Google/1.0) AppleWebKit/537.36 (KHTML, like Gecko) Chrome/121.0.0.0 Safari/537.36" 20 **0/20020**
66.249.93.199 - - [28/Mar/2026:07:20:19 -0700] "GET /wp-includes/js/hoverIntent.min.js?ver=1.10.2 HTTP/1.1" 200 669 "https://wanderlustyacht.co/?s=2d3c2b" "Mozilla/5.0 (X11; Linux x86_64; Storebot-Google/1.0) AppleWebKit/537.36 (KHTML, like Gecko) Chrome/121.0.0.0 Safari/537.36" 8 **0/8886**
66.249.93.199 - - [28/Mar/2026:07:20:19 -0700] "GET /wp-includes/js/jquery/ui/core.min.js?ver=1.13.3 HTTP/1.1" 200 6820 "https://wanderlustyacht.co/?s=2d3c2b" "Mozilla/5.0 (X11; Linux x86_64; Storebot-Google/1.0) AppleWebKit/537.36 (KHTML, like Gecko) Chrome/121.0.0.0 Safari/537.36" 16 **0/16080**
66.249.93.198 - - [28/Mar/2026:07:20:19 -0700] "GET /wp-content/plugins/wpbf-premium/js/site.js?ver=2.10.4 HTTP/1.1" 200 2623 "https://wanderlustyacht.co/?s=2d3c2b" "Mozilla/5.0 (X11; Linux x86_64; Storebot-Google/1.0) AppleWebKit/537.36 (KHTML, like Gecko) Chrome/121.0.0.0 Safari/537.36" 9 **0/9452**
66.249.93.198 - - [28/Mar/2026:07:20:19 -0700] "GET /wp-content/plugins/elementor-pro/assets/lib/smartmenus/jquery.smartmenus.min.js?ver=1.2.1 HTTP/1.1" 200 6877 "https://wanderlustyacht.co/?s=2d3c2b" "Mozilla/5.0 (X11; Linux x86_64; Storebot-Google/1.0) AppleWebKit/537.36 (KHTML, like Gecko) Chrome/121.0.0.0 Safari/537.36" 11 **0/11013**
66.249.93.200 - - [28/Mar/2026:07:20:19 -0700] "GET /wp-content/plugins/elementor-pro/assets/js/webpack-pro.runtime.min.js?ver=3.31.2 HTTP/1.1" 200 2623 "https://wanderlustyacht.co/?s=2d3c2b" "Mozilla/5.0 (X11; Linux x86_64; Storebot-Google/1.0) AppleWebKit/537.36 (KHTML, like Gecko) Chrome/121.0.0.0 Safari/537.36" 10 **0/10544**
66.249.93.199 - - [28/Mar/2026:07:20:20 -0700] "GET /wp-content/plugins/elementor-pro/assets/js/elements-handlers.min.js?ver=3.31.2 HTTP/1.1" 200 10194 "https://wanderlustyacht.co/?s=2d3c2b" "Mozilla/5.0 (X11; Linux x86_64; Storebot-Google/1.0) AppleWebKit/537.36 (KHTML, like Gecko) Chrome/121.0.0.0 Safari/537.36" 13 **0/13546**
66.249.93.200 - - [28/Mar/2026:07:20:20 -0700] "GET /wp-includes/js/dist/i18n.min.js?ver=c26c3dc7bed366793375 HTTP/1.1" 200 2118 "https://wanderlustyacht.co/?s=2d3c2b" "Mozilla/5.0 (X11; Linux x86_64; Storebot-Google/1.0) AppleWebKit/537.36 (KHTML, like Gecko) Chrome/121.0.0.0 Safari/537.36" 20 **0/20990**
66.249.93.198 - - [28/Mar/2026:07:20:20 -0700] "GET /wp-content/plugins/elementor-pro/assets/js/frontend.min.js?ver=3.31.2 HTTP/1.1" 200 6287 "https://wanderlustyacht.co/?s=2d3c2b" "Mozilla/5.0 (X11; Linux x86_64; Storebot-Google/1.0) AppleWebKit/537.36 (KHTML, like Gecko) Chrome/121.0.0.0 Safari/537.36" 14 **0/14664**
66.249.93.198 - - [28/Mar/2026:07:20:20 -0700] "GET /wp-content/plugins/jet-blocks/assets/js/jet-blocks.min.js?ver=1.3.16 HTTP/1.1" 200 5419 "https://wanderlustyacht.co/?s=2d3c2b" "Mozilla/5.0 (X11; Linux x86_64; Storebot-Google/1.0) AppleWebKit/537.36 (KHTML, like Gecko) Chrome/121.0.0.0 Safari/537.36" 21 **0/21560**
66.249.93.198 - - [28/Mar/2026:07:20:20 -0700] "GET /wp-content/plugins/jet-popup/includes/elementor/assets/js/jet-popup-elementor-frontend.js?ver=2.0.10 HTTP/1.1" 200 2147 "https://wanderlustyacht.co/?s=2d3c2b" "Mozilla/5.0 (X11; Linux x86_64; Storebot-Google/1.0) AppleWebKit/537.36 (KHTML, like Gecko) Chrome/121.0.0.0 Safari/537.36" 7 **0/7948**
66.249.93.199 - - [28/Mar/2026:07:20:20 -0700] "GET /wp-content/plugins/jet-menu/includes/elementor/assets/public/js/widgets-scripts.js?ver=2.4.7.1 HTTP/1.1" 200 3278 "https://wanderlustyacht.co/?s=2d3c2b" "Mozilla/5.0 (X11; Linux x86_64; Storebot-Google/1.0) AppleWebKit/537.36 (KHTML, like Gecko) Chrome/121.0.0.0 Safari/537.36" 17 **0/17147**
66.249.93.198 - - [28/Mar/2026:07:20:21 -0700] "GET /wp-content/plugins/jet-elements/assets/js/jet-elements.min.js?ver=2.7.2.1 HTTP/1.1" 200 23789 "https://wanderlustyacht.co/?s=2d3c2b" "Mozilla/5.0 (X11; Linux x86_64; Storebot-Google/1.0) AppleWebKit/537.36 (KHTML, like Gecko) Chrome/121.0.0.0 Safari/537.36" 22 **0/22301**
66.249.93.199 - - [28/Mar/2026:07:20:21 -0700] "GET /wp-includes/js/dist/api-fetch.min.js?ver=3a4d9af2b423048b0dee HTTP/1.1" 200 2304 "https://wanderlustyacht.co/?s=2d3c2b" "Mozilla/5.0 (X11; Linux x86_64; Storebot-Google/1.0) AppleWebKit/537.36 (KHTML, like Gecko) Chrome/121.0.0.0 Safari/537.36" 9 **0/9744**
66.249.93.200 - - [28/Mar/2026:07:20:21 -0700] "GET /wp-content/plugins/jet-tabs/assets/js/jet-tabs-frontend.min.js?ver=2.2.6.2 HTTP/1.1" 200 5807 "https://wanderlustyacht.co/?s=2d3c2b" "Mozilla/5.0 (X11; Linux x86_64; Storebot-Google/1.0) AppleWebKit/537.36 (KHTML, like Gecko) Chrome/121.0.0.0 Safari/537.36" 11 **0/11479**
66.249.93.200 - - [28/Mar/2026:07:20:21 -0700] "GET /wp-includes/js/dist/url.min.js?ver=9e178c9516d1222dc834 HTTP/1.1" 200 3656 "https://wanderlustyacht.co/?s=2d3c2b" "Mozilla/5.0 (X11; Linux x86_64; Storebot-Google/1.0) AppleWebKit/537.36 (KHTML, like Gecko) Chrome/121.0.0.0 Safari/537.36" 14 **0/14821**
66.249.93.199 - - [28/Mar/2026:07:20:21 -0700] "GET /wp-content/plugins/jet-reviews/assets/js/jet-reviews-frontend.js?ver=2.3.6 HTTP/1.1" 200 8919 "https://wanderlustyacht.co/?s=2d3c2b" "Mozilla/5.0 (X11; Linux x86_64; Storebot-Google/1.0) AppleWebKit/537.36 (KHTML, like Gecko) Chrome/121.0.0.0 Safari/537.36" 18 **0/18674**
66.249.93.198 - - [28/Mar/2026:07:20:21 -0700] "GET /wp-content/plugins/jet-blog/assets/js/jet-blog.min.js?ver=2.4.2 HTTP/1.1" 200 3338 "https://wanderlustyacht.co/?s=2d3c2b" "Mozilla/5.0 (X11; Linux x86_64; Storebot-Google/1.0) AppleWebKit/537.36 (KHTML, like Gecko) Chrome/121.0.0.0 Safari/537.36" 17 **0/17430**
66.249.93.200 - - [28/Mar/2026:07:20:22 -0700] "GET /wp-content/uploads/2025/03/cropped-sketch1725223185456-32x32.png HTTP/1.1" 304 - "-" "Mozilla/5.0 (X11; Linux x86_64; Storebot-Google/1.0) AppleWebKit/537.36 (KHTML, like Gecko) Chrome/121.0.0.0 Safari/537.36" 8 **0/8578**
66.249.93.200 - - [28/Mar/2026:07:20:22 -0700] "GET /wp-includes/js/wp-emoji-release.min.js?ver=6.9.4 HTTP/1.1" 200 4940 "https://wanderlustyacht.co/?s=2d3c2b" "Mozilla/5.0 (X11; Linux x86_64; Storebot-Google/1.0) AppleWebKit/537.36 (KHTML, like Gecko) Chrome/121.0.0.0 Safari/537.36" 20 **0/20023**
208.109.40.231 - - [28/Mar/2026:07:20:37 -0700] "POST /wp-cron.php?doing_wp_cron=1774707637.9403409957885742187500 HTTP/1.1" 200 - "-" "WordPress/6.9.4; https://wanderlustyacht.co" 587 **0/587885**
66.249.70.136 - - [28/Mar/2026:07:20:37 -0700] "GET /index.php/?s=37a903 HTTP/1.1" 200 18908 "-" "Mozilla/5.0 (Linux; Android 6.0.1; Nexus 5X Build/MMB29P) AppleWebKit/537.36 (KHTML, like Gecko) Chrome/146.0.7680.153 Mobile Safari/537.36 (compatible; Googlebot/2.1; +http://www.google.com/bot.html)" 1353 **1/1353421**
52.167.144.176 - - [28/Mar/2026:07:20:42 -0700] "GET /?s=57ef69 HTTP/2.0" 200 18905 "-" "Mozilla/5.0 AppleWebKit/537.36 (KHTML, like Gecko; compatible; bingbot/2.0; +http://www.bing.com/bingbot.htm) Chrome/116.0.1938.76 Safari/537.36" 717 **0/717018**
208.109.40.231 - - [28/Mar/2026:07:22:25 -0700] "POST /wp-cron.php?doing_wp_cron=1774707745.1864490509033203125000 HTTP/1.1" 200 - "-" "WordPress/6.9.4; https://wanderlustyacht.co" 19 **0/19346**
52.167.144.189 - - [28/Mar/2026:07:22:24 -0700] "GET /?s=50ef96 HTTP/2.0" 200 18913 "-" "Mozilla/5.0 AppleWebKit/537.36 (KHTML, like Gecko; compatible; bingbot/2.0; +http://www.bing.com/bingbot.htm) Chrome/116.0.1938.76 Safari/537.36" 597 **0/597408**
208.109.40.231 - - [28/Mar/2026:07:23:49 -0700] "POST /wp-cron.php?doing_wp_cron=1774707829.1312100887298583984375 HTTP/1.1" 200 - "-" "WordPress/6.9.4; https://wanderlustyacht.co" 21 **0/21363**
66.249.70.137 - - [28/Mar/2026:07:23:48 -0700] "GET /index.php/?s=4cc34b HTTP/1.1" 200 18904 "-" "Mozilla/5.0 (compatible; Googlebot/2.1; +http://www.google.com/bot.html)" 667 **0/667416**
208.109.40.231 - - [28/Mar/2026:07:24:50 -0700] "POST /wp-cron.php?doing_wp_cron=1774707890.6999790668487548828125 HTTP/1.1" 200 - "-" "WordPress/6.9.4; https://wanderlustyacht.co" 26 **0/26600**
66.249.70.136 - - [28/Mar/2026:07:24:50 -0700] "GET /?s=489545 HTTP/1.1" 200 18907 "-" "Mozilla/5.0 (Linux; Android 6.0.1; Nexus 5X Build/MMB29P) AppleWebKit/537.36 (KHTML, like Gecko) Chrome/146.0.7680.153 Mobile Safari/537.36 (compatible; Googlebot/2.1; +http://www.google.com/bot.html)" 706 **0/706212**
66.249.70.138 - - [28/Mar/2026:07:25:02 -0700] "GET /?s=44d138 HTTP/1.1" 200 18907 "-" "Mozilla/5.0 (Linux; Android 6.0.1; Nexus 5X Build/MMB29P) AppleWebKit/537.36 (KHTML, like Gecko) Chrome/146.0.7680.153 Mobile Safari/537.36 (compatible; Googlebot/2.1; +http://www.google.com/bot.html)" 1626 **1/1626300**
208.109.40.231 - - [28/Mar/2026:07:26:16 -0700] "POST /wp-cron.php?doing_wp_cron=1774707976.4697151184082031250000 HTTP/1.1" 200 - "-" "WordPress/6.9.4; https://wanderlustyacht.co" 21 **0/21168**
66.249.70.138 - - [28/Mar/2026:07:26:15 -0700] "GET /?s=42e6a7 HTTP/1.1" 200 18908 "-" "Mozilla/5.0 (Linux; Android 6.0.1; Nexus 5X Build/MMB29P) AppleWebKit/537.36 (KHTML, like Gecko) Chrome/146.0.7680.153 Mobile Safari/537.36 (compatible; Googlebot/2.1; +http://www.google.com/bot.html)" 637 **0/637086**
208.109.40.231 - - [28/Mar/2026:07:27:55 -0700] "POST /wp-cron.php?doing_wp_cron=1774708075.4122560024261474609375 HTTP/1.1" 200 - "-" "WordPress/6.9.4; https://wanderlustyacht.co" 21 **0/21712**
40.77.167.56 - - [28/Mar/2026:07:27:54 -0700] "GET /?s=621689 HTTP/2.0" 200 18904 "-" "Mozilla/5.0 AppleWebKit/537.36 (KHTML, like Gecko; compatible; bingbot/2.0; +http://www.bing.com/bingbot.htm) Chrome/116.0.1938.76 Safari/537.36" 661 **0/661217**
40.77.167.56 - - [28/Mar/2026:07:28:14 -0700] "GET /?s=5bde6f HTTP/2.0" 200 18905 "-" "Mozilla/5.0 AppleWebKit/537.36 (KHTML, like Gecko; compatible; bingbot/2.0; +http://www.bing.com/bingbot.htm) Chrome/116.0.1938.76 Safari/537.36" 603 **0/603355**
208.109.40.231 - - [28/Mar/2026:07:29:38 -0700] "POST /wp-cron.php?doing_wp_cron=1774708178.6663858890533447265625 HTTP/1.1" 200 - "-" "WordPress/6.9.4; https://wanderlustyacht.co" 35 **0/35871**
52.167.144.176 - - [28/Mar/2026:07:29:38 -0700] "GET /?s=4a6f7e HTTP/2.0" 200 18905 "-" "Mozilla/5.0 AppleWebKit/537.36 (KHTML, like Gecko; compatible; bingbot/2.0; +http://www.bing.com/bingbot.htm) Chrome/116.0.1938.76 Safari/537.36" 680 **0/680538**
40.77.167.56 - - [28/Mar/2026:07:30:14 -0700] "GET /?s=36fbbb HTTP/2.0" 200 18904 "-" "Mozilla/5.0 AppleWebKit/537.36 (KHTML, like Gecko; compatible; bingbot/2.0; +http://www.bing.com/bingbot.htm) Chrome/116.0.1938.76 Safari/537.36" 1236 **1/1236920**
208.109.40.231 - - [28/Mar/2026:07:31:37 -0700] "POST /wp-cron.php?doing_wp_cron=1774708297.8273470401763916015625 HTTP/1.1" 200 - "-" "WordPress/6.9.4; https://wanderlustyacht.co" 20 **0/20138**
40.77.167.57 - - [28/Mar/2026:07:31:37 -0700] "GET /?s=443e7e HTTP/2.0" 200 18912 "-" "Mozilla/5.0 AppleWebKit/537.36 (KHTML, like Gecko; compatible; bingbot/2.0; +http://www.bing.com/bingbot.htm) Chrome/116.0.1938.76 Safari/537.36" 702 **0/702649**
66.249.70.138 - - [28/Mar/2026:07:32:13 -0700] "GET /index.php/?s=5a827e HTTP/1.1" 200 18907 "-" "Mozilla/5.0 (Linux; Android 6.0.1; Nexus 5X Build/MMB29P) AppleWebKit/537.36 (KHTML, like Gecko) Chrome/146.0.7680.153 Mobile Safari/537.36 (compatible; Googlebot/2.1; +http://www.google.com/bot.html)" 564 **0/564584**
208.109.40.231 - - [28/Mar/2026:07:37:28 -0700] "POST /wp-cron.php?doing_wp_cron=1774708648.5026390552520751953125 HTTP/1.1" 200 - "-" "WordPress/6.9.4; https://wanderlustyacht.co" 56 **0/56880**
66.249.70.138 - - [28/Mar/2026:07:37:25 -0700] "GET /index.php/?s=3e2230 HTTP/1.1" 200 18907 "-" "Mozilla/5.0 (Linux; Android 6.0.1; Nexus 5X Build/MMB29P) AppleWebKit/537.36 (KHTML, like Gecko) Chrome/146.0.7680.153 Mobile Safari/537.36 (compatible; Googlebot/2.1; +http://www.google.com/bot.html)" 3396 **3/3396435**
208.109.40.231 - - [28/Mar/2026:07:49:48 -0700] "POST /wp-cron.php?doing_wp_cron=1774709387.9979441165924072265625 HTTP/1.1" 200 - "-" "WordPress/6.9.4; https://wanderlustyacht.co" 18 **0/18598**
40.77.167.156 - - [28/Mar/2026:07:49:44 -0700] "GET /?s=4a6f7e HTTP/2.0" 200 18904 "-" "Mozilla/5.0 AppleWebKit/537.36 (KHTML, like Gecko; compatible; bingbot/2.0; +http://www.bing.com/bingbot.htm) Chrome/116.0.1938.76 Safari/537.36" 3465 **3/3465324**
208.109.40.231 - - [28/Mar/2026:07:50:52 -0700] "POST /wp-cron.php?doing_wp_cron=1774709452.7845959663391113281250 HTTP/1.1" 200 - "-" "WordPress/6.9.4; https://wanderlustyacht.co" 31 **0/31157**
66.249.70.137 - - [28/Mar/2026:07:50:52 -0700] "GET /?s=5569d1 HTTP/1.1" 200 18904 "-" "Mozilla/5.0 (compatible; Googlebot/2.1; +http://www.google.com/bot.html)" 741 **0/741604**
66.249.70.137 - - [28/Mar/2026:07:50:59 -0700] "GET /index.php/?s=62b188 HTTP/1.1" 200 18906 "-" "Mozilla/5.0 (Linux; Android 6.0.1; Nexus 5X Build/MMB29P) AppleWebKit/537.36 (KHTML, like Gecko) Chrome/146.0.7680.153 Mobile Safari/537.36 (compatible; Googlebot/2.1; +http://www.google.com/bot.html)" 833 **0/833182**
66.249.70.136 - - [28/Mar/2026:07:51:06 -0700] "GET /wp-includes/js/jquery/ui/core.min.js?ver=1.13.3 HTTP/1.1" 200 6820 "https://wanderlustyacht.co/index.php/?s=62b188" "Mozilla/5.0 (Linux; Android 6.0.1; Nexus 5X Build/MMB29P) AppleWebKit/537.36 (KHTML, like Gecko) Chrome/146.0.7680.153 Mobile Safari/537.36 (compatible; Googlebot/2.1; +http://www.google.com/bot.html)" 10 **0/10459**
66.249.70.136 - - [28/Mar/2026:07:51:06 -0700] "GET /wp-content/plugins/jet-woo-product-gallery/assets/css/widgets/gallery-anchor-nav.css?ver=2.1.20 HTTP/1.1" 200 455 "https://wanderlustyacht.co/index.php/?s=62b188" "Mozilla/5.0 (Linux; Android 6.0.1; Nexus 5X Build/MMB29P) AppleWebKit/537.36 (KHTML, like Gecko) Chrome/146.0.7680.153 Mobile Safari/537.36 (compatible; Googlebot/2.1; +http://www.google.com/bot.html)" 11 **0/11189**
66.249.70.136 - - [28/Mar/2026:07:51:13 -0700] "GET /?s=60955d HTTP/1.1" 200 18908 "-" "Mozilla/5.0 (Linux; Android 6.0.1; Nexus 5X Build/MMB29P) AppleWebKit/537.36 (KHTML, like Gecko) Chrome/146.0.7680.153 Mobile Safari/537.36 (compatible; Googlebot/2.1; +http://www.google.com/bot.html)" 843 **0/843572**
66.249.70.136 - - [28/Mar/2026:07:51:15 -0700] "GET /?s=2c748e HTTP/1.1" 200 18905 "-" "Mozilla/5.0 (compatible; Googlebot/2.1; +http://www.google.com/bot.html)" 894 **0/894262**
40.77.167.156 - - [28/Mar/2026:07:51:25 -0700] "GET /?s=56639e HTTP/2.0" 200 18904 "-" "Mozilla/5.0 AppleWebKit/537.36 (KHTML, like Gecko; compatible; bingbot/2.0; +http://www.bing.com/bingbot.htm) Chrome/116.0.1938.76 Safari/537.36" 685 **0/685048**
208.109.40.231 - - [28/Mar/2026:07:53:10 -0700] "POST /wp-cron.php?doing_wp_cron=1774709590.2198948860168457031250 HTTP/1.1" 200 - "-" "WordPress/6.9.4; https://wanderlustyacht.co" 16 **0/16569**
40.77.167.132 - - [28/Mar/2026:07:53:09 -0700] "GET /?s=64a3ee HTTP/2.0" 200 18904 "-" "Mozilla/5.0 AppleWebKit/537.36 (KHTML, like Gecko; compatible; bingbot/2.0; +http://www.bing.com/bingbot.htm) Chrome/116.0.1938.76 Safari/537.36" 687 **0/687336**
208.109.40.231 - - [28/Mar/2026:07:54:11 -0700] "POST /wp-cron.php?doing_wp_cron=1774709651.4122290611267089843750 HTTP/1.1" 200 - "-" "WordPress/6.9.4; https://wanderlustyacht.co" 15 **0/15983**
66.249.70.138 - - [28/Mar/2026:07:54:10 -0700] "GET /?s=481b0f HTTP/1.1" 200 18906 "-" "Mozilla/5.0 (Linux; Android 6.0.1; Nexus 5X Build/MMB29P) AppleWebKit/537.36 (KHTML, like Gecko) Chrome/146.0.7680.153 Mobile Safari/537.36 (compatible; Googlebot/2.1; +http://www.google.com/bot.html)" 657 **0/657352**
208.109.40.231 - - [28/Mar/2026:07:57:58 -0700] "POST /wp-cron.php?doing_wp_cron=1774709878.5032610893249511718750 HTTP/1.1" 200 - "-" "WordPress/6.9.4; https://wanderlustyacht.co" 21 **0/21872**
66.249.70.138 - - [28/Mar/2026:07:57:57 -0700] "GET /?s=5b2109 HTTP/1.1" 200 18904 "-" "Mozilla/5.0 (compatible; Googlebot/2.1; +http://www.google.com/bot.html)" 782 **0/782707**
170.106.11.141 - - [28/Mar/2026:07:58:51 -0700] "GET / HTTP/1.1" 200 23209 "http://www.wanderlustyacht.co" "Mozilla/5.0 (iPhone; CPU iPhone OS 13_2_3 like Mac OS X) AppleWebKit/605.1.15 (KHTML, like Gecko) Version/13.0.3 Mobile/15E148 Safari/604.1" 670 **0/670756**
208.109.40.231 - - [28/Mar/2026:08:04:11 -0700] "POST /wp-cron.php?doing_wp_cron=1774710251.0164899826049804687500 HTTP/1.1" 200 - "-" "WordPress/6.9.4; https://wanderlustyacht.co" 22 **0/22749**
66.249.70.138 - - [28/Mar/2026:08:04:10 -0700] "GET /?s=397415 HTTP/1.1" 200 18905 "-" "Mozilla/5.0 (compatible; Googlebot/2.1; +http://www.google.com/bot.html)" 801 **0/801000**
208.109.40.231 - - [28/Mar/2026:08:04:37 -0700] "POST /wp-cron.php?doing_wp_cron=1774710277.3780539035797119140625 HTTP/1.1" 200 - "-" "WordPress/6.9.4; https://wanderlustyacht.co" 160 **0/160292**
40.77.167.247 - - [28/Mar/2026:08:04:36 -0700] "GET /?s=621689 HTTP/2.0" 200 18905 "-" "Mozilla/5.0 AppleWebKit/537.36 (KHTML, like Gecko; compatible; bingbot/2.0; +http://www.bing.com/bingbot.htm) Chrome/116.0.1938.76 Safari/537.36" 865 **0/865348**
208.109.40.231 - - [28/Mar/2026:08:07:49 -0700] "POST /wp-cron.php?doing_wp_cron=1774710469.5123560428619384765625 HTTP/1.1" 200 - "-" "WordPress/6.9.4; https://wanderlustyacht.co" 36 **0/36142**
66.249.70.137 - - [28/Mar/2026:08:07:48 -0700] "GET /?s=65d9ec HTTP/1.1" 200 18904 "-" "Mozilla/5.0 (compatible; Googlebot/2.1; +http://www.google.com/bot.html)" 677 **0/677812**
208.109.40.231 - - [28/Mar/2026:08:08:32 -0700] "POST /wp-cron.php?doing_wp_cron=1774710512.7440021038055419921875 HTTP/1.1" 200 - "-" "WordPress/6.9.4; https://wanderlustyacht.co" 23 **0/23100**
66.249.70.137 - - [28/Mar/2026:08:08:31 -0700] "GET /?s=4defce HTTP/1.1" 200 18905 "-" "Mozilla/5.0 (compatible; Googlebot/2.1; +http://www.google.com/bot.html)" 841 **0/841961**
66.249.70.137 - - [28/Mar/2026:08:08:52 -0700] "GET /index.php/?s=33c1ba HTTP/1.1" 200 18908 "-" "Mozilla/5.0 (Linux; Android 6.0.1; Nexus 5X Build/MMB29P) AppleWebKit/537.36 (KHTML, like Gecko) Chrome/146.0.7680.153 Mobile Safari/537.36 (compatible; Googlebot/2.1; +http://www.google.com/bot.html)" 743 **0/743383**
66.249.70.136 - - [28/Mar/2026:08:09:00 -0700] "GET /wp-content/plugins/jet-woo-product-gallery/assets/css/widgets/gallery-anchor-nav.css?ver=2.1.20 HTTP/1.1" 200 455 "https://wanderlustyacht.co/index.php/?s=33c1ba" "Mozilla/5.0 (Linux; Android 6.0.1; Nexus 5X Build/MMB29P) AppleWebKit/537.36 (KHTML, like Gecko) Chrome/146.0.7680.153 Mobile Safari/537.36 (compatible; Googlebot/2.1; +http://www.google.com/bot.html)" 11 **0/11784**
208.109.40.231 - - [28/Mar/2026:08:11:42 -0700] "POST /wp-cron.php?doing_wp_cron=1774710702.4170169830322265625000 HTTP/1.1" 200 - "-" "WordPress/6.9.4; https://wanderlustyacht.co" 21 **0/21595**
66.249.70.136 - - [28/Mar/2026:08:11:41 -0700] "GET /?s=3b46ef HTTP/1.1" 200 18908 "-" "Mozilla/5.0 (Linux; Android 6.0.1; Nexus 5X Build/MMB29P) AppleWebKit/537.36 (KHTML, like Gecko) Chrome/146.0.7680.153 Mobile Safari/537.36 (compatible; Googlebot/2.1; +http://www.google.com/bot.html)" 908 **0/908450**
66.249.70.136 - - [28/Mar/2026:08:11:44 -0700] "GET /?s=5ecae0 HTTP/1.1" 200 18907 "-" "Mozilla/5.0 (Linux; Android 6.0.1; Nexus 5X Build/MMB29P) AppleWebKit/537.36 (KHTML, like Gecko) Chrome/146.0.7680.153 Mobile Safari/537.36 (compatible; GoogleOther)" 774 **0/774656**
66.249.70.137 - - [28/Mar/2026:08:11:45 -0700] "GET /?s=4c511e&nocache=1774706993&jet_blog_ajax=1 HTTP/1.1" 200 18907 "-" "Mozilla/5.0 (Linux; Android 6.0.1; Nexus 5X Build/MMB29P) AppleWebKit/537.36 (KHTML, like Gecko) Chrome/146.0.7680.153 Mobile Safari/537.36 (compatible; GoogleOther)" 672 **0/672480**
208.109.40.231 - - [28/Mar/2026:08:13:04 -0700] "POST /wp-cron.php?doing_wp_cron=1774710784.3719139099121093750000 HTTP/1.1" 200 - "-" "WordPress/6.9.4; https://wanderlustyacht.co" 56 **0/56378**
66.249.70.137 - - [28/Mar/2026:08:13:03 -0700] "GET /search/572e82/feed/rss2/ HTTP/1.1" 200 497 "-" "Mozilla/5.0 (Linux; Android 6.0.1; Nexus 5X Build/MMB29P) AppleWebKit/537.36 (KHTML, like Gecko) Chrome/146.0.7680.153 Mobile Safari/537.36 (compatible; GoogleOther)" 1199 **1/1199727**
208.109.40.231 - - [28/Mar/2026:08:13:58 -0700] "POST /wp-cron.php?doing_wp_cron=1774710838.0286490917205810546875 HTTP/1.1" 200 - "-" "WordPress/6.9.4; https://wanderlustyacht.co" 75 **0/75190**
40.77.167.247 - - [28/Mar/2026:08:13:57 -0700] "GET /?s=621689 HTTP/2.0" 200 18905 "-" "Mozilla/5.0 AppleWebKit/537.36 (KHTML, like Gecko; compatible; bingbot/2.0; +http://www.bing.com/bingbot.htm) Chrome/116.0.1938.76 Safari/537.36" 876 **0/876043**
208.109.40.231 - - [28/Mar/2026:08:15:49 -0700] "POST /wp-cron.php?doing_wp_cron=1774710949.0430641174316406250000 HTTP/1.1" 200 - "-" "WordPress/6.9.4; https://wanderlustyacht.co" 20 **0/20797**
66.249.70.138 - - [28/Mar/2026:08:15:48 -0700] "GET /search/3e8e17/feed/rss2/ HTTP/1.1" 200 497 "-" "Mozilla/5.0 (Linux; Android 6.0.1; Nexus 5X Build/MMB29P) AppleWebKit/537.36 (KHTML, like Gecko) Chrome/146.0.7680.153 Mobile Safari/537.36 (compatible; GoogleOther)" 539 **0/539951**
18.210.23.190 - - [28/Mar/2026:08:20:10 -0700] "GET / HTTP/2.0" 200 120648 "-" "Mozilla/5.0 (Macintosh; Intel Mac OS X 10_15_7) AppleWebKit/537.36 (KHTML, like Gecko) Chrome/119.0.0.0 Safari/537.36" 1544 **1/1544980**
74.7.230.1 - - [28/Mar/2026:08:25:33 -0700] "GET /robots.txt HTTP/2.0" 401 53 "-" "Mozilla/5.0 (Macintosh; Intel Mac OS X 10_15_7) AppleWebKit/537.36 (KHTML, like Gecko) Chrome/131.0.0.0 Safari/537.36; compatible; OAI-SearchBot/1.3; robots.txt; +https://openai.com/searchbot" 36 **0/36680**
208.109.40.231 - - [28/Mar/2026:08:27:26 -0700] "POST /wp-cron.php?doing_wp_cron=1774711646.6517078876495361328125 HTTP/1.1" 200 - "-" "WordPress/6.9.4; https://wanderlustyacht.co" 155 **0/155878**
66.249.70.137 - - [28/Mar/2026:08:27:22 -0700] "GET /?s=56b65a HTTP/1.1" 200 18908 "-" "Mozilla/5.0 (Linux; Android 6.0.1; Nexus 5X Build/MMB29P) AppleWebKit/537.36 (KHTML, like Gecko) Chrome/146.0.7680.153 Mobile Safari/537.36 (compatible; Googlebot/2.1; +http://www.google.com/bot.html)" 4031 **4/4031208**
66.249.70.136 - - [28/Mar/2026:08:27:31 -0700] "GET /wp-content/plugins/jet-woo-product-gallery/assets/css/widgets/gallery-anchor-nav.css?ver=2.1.20 HTTP/1.1" 200 455 "https://wanderlustyacht.co/?s=56b65a" "Mozilla/5.0 (Linux; Android 6.0.1; Nexus 5X Build/MMB29P) AppleWebKit/537.36 (KHTML, like Gecko) Chrome/146.0.7680.153 Mobile Safari/537.36 (compatible; Googlebot/2.1; +http://www.google.com/bot.html)" 11 **0/11848**
208.109.40.231 - - [28/Mar/2026:08:29:43 -0700] "POST /wp-cron.php?doing_wp_cron=1774711783.2551059722900390625000 HTTP/1.1" 200 - "-" "WordPress/6.9.4; https://wanderlustyacht.co" 18 **0/18044**
66.249.70.137 - - [28/Mar/2026:08:29:42 -0700] "GET /?s=3e8e98 HTTP/1.1" 200 18908 "-" "Mozilla/5.0 (Linux; Android 6.0.1; Nexus 5X Build/MMB29P) AppleWebKit/537.36 (KHTML, like Gecko) Chrome/146.0.7680.153 Mobile Safari/537.36 (compatible; Googlebot/2.1; +http://www.google.com/bot.html)" 915 **0/915005**
66.249.70.136 - - [28/Mar/2026:08:29:46 -0700] "GET /wp-content/plugins/jet-woo-product-gallery/assets/css/widgets/gallery-anchor-nav.css?ver=2.1.20 HTTP/1.1" 200 455 "https://wanderlustyacht.co/?s=3e8e98" "Mozilla/5.0 (Linux; Android 6.0.1; Nexus 5X Build/MMB29P) AppleWebKit/537.36 (KHTML, like Gecko) Chrome/146.0.7680.153 Mobile Safari/537.36 (compatible; Googlebot/2.1; +http://www.google.com/bot.html)" 9 **0/9930**
40.77.167.50 - - [28/Mar/2026:08:30:19 -0700] "GET /?s=39810f HTTP/2.0" 200 18905 "-" "Mozilla/5.0 AppleWebKit/537.36 (KHTML, like Gecko; compatible; bingbot/2.0; +http://www.bing.com/bingbot.htm) Chrome/116.0.1938.76 Safari/537.36" 1015 **1/1015481**
208.109.40.231 - - [28/Mar/2026:08:34:13 -0700] "POST /wp-cron.php?doing_wp_cron=1774712053.8769910335540771484375 HTTP/1.1" 200 - "-" "WordPress/6.9.4; https://wanderlustyacht.co" 46 **0/46796**
66.249.70.137 - - [28/Mar/2026:08:34:13 -0700] "GET /index.php/?s=4d5471 HTTP/1.1" 200 18907 "-" "Mozilla/5.0 (Linux; Android 6.0.1; Nexus 5X Build/MMB29P) AppleWebKit/537.36 (KHTML, like Gecko) Chrome/146.0.7680.153 Mobile Safari/537.36 (compatible; Googlebot/2.1; +http://www.google.com/bot.html)" 721 **0/721127**
208.109.40.231 - - [28/Mar/2026:08:39:44 -0700] "POST /wp-cron.php?doing_wp_cron=1774712384.7231919765472412109375 HTTP/1.1" 200 - "-" "WordPress/6.9.4; https://wanderlustyacht.co" 85 **0/85172**
40.77.167.6 - - [28/Mar/2026:08:39:41 -0700] "GET /?s=3b99cb HTTP/2.0" 200 18905 "-" "Mozilla/5.0 AppleWebKit/537.36 (KHTML, like Gecko; compatible; bingbot/2.0; +http://www.bing.com/bingbot.htm) Chrome/116.0.1938.76 Safari/537.36" 3805 **3/3805588**
66.249.70.138 - - [28/Mar/2026:08:39:56 -0700] "GET /?s=472415 HTTP/1.1" 200 18908 "-" "Mozilla/5.0 (Linux; Android 6.0.1; Nexus 5X Build/MMB29P) AppleWebKit/537.36 (KHTML, like Gecko) Chrome/146.0.7680.153 Mobile Safari/537.36 (compatible; Googlebot/2.1; +http://www.google.com/bot.html)" 1029 **1/1029729**
66.249.70.136 - - [28/Mar/2026:08:40:00 -0700] "GET /wp-content/plugins/elementor-pro/assets/js/webpack-pro.runtime.min.js?ver=3.31.2 HTTP/1.1" 200 2623 "https://wanderlustyacht.co/?s=472415" "Mozilla/5.0 (Linux; Android 6.0.1; Nexus 5X Build/MMB29P) AppleWebKit/537.36 (KHTML, like Gecko) Chrome/146.0.7680.153 Mobile Safari/537.36 (compatible; Googlebot/2.1; +http://www.google.com/bot.html)" 7 **0/7731**
66.249.70.137 - - [28/Mar/2026:08:40:06 -0700] "GET /?s=6527c2 HTTP/1.1" 200 18906 "-" "Mozilla/5.0 (compatible; Googlebot/2.1; +http://www.google.com/bot.html)" 1007 **1/1007132**
208.109.40.231 - - [28/Mar/2026:08:41:05 -0700] "POST /wp-cron.php?doing_wp_cron=1774712465.4585280418395996093750 HTTP/1.1" 200 - "-" "WordPress/6.9.4; https://wanderlustyacht.co" 110 **0/110970**
52.167.144.210 - - [28/Mar/2026:08:41:04 -0700] "GET /?s=5a2297 HTTP/2.0" 200 18905 "-" "Mozilla/5.0 AppleWebKit/537.36 (KHTML, like Gecko; compatible; bingbot/2.0; +http://www.bing.com/bingbot.htm) Chrome/116.0.1938.76 Safari/537.36" 831 **0/831317**
208.109.40.231 - - [28/Mar/2026:08:42:13 -0700] "POST /wp-cron.php?doing_wp_cron=1774712533.0000209808349609375000 HTTP/1.1" 200 - "-" "WordPress/6.9.4; https://wanderlustyacht.co" 28 **0/28169**
66.249.70.136 - - [28/Mar/2026:08:42:12 -0700] "GET /index.php/?s=4d1f46 HTTP/1.1" 200 18908 "-" "Mozilla/5.0 (Linux; Android 6.0.1; Nexus 5X Build/MMB29P) AppleWebKit/537.36 (KHTML, like Gecko) Chrome/146.0.7680.153 Mobile Safari/537.36 (compatible; Googlebot/2.1; +http://www.google.com/bot.html)" 698 **0/698038**
66.249.70.137 - - [28/Mar/2026:08:42:18 -0700] "GET /wp-content/plugins/jet-woo-product-gallery/assets/css/widgets/gallery-anchor-nav.css?ver=2.1.20 HTTP/1.1" 200 455 "https://wanderlustyacht.co/index.php/?s=4d1f46" "Mozilla/5.0 (Linux; Android 6.0.1; Nexus 5X Build/MMB29P) AppleWebKit/537.36 (KHTML, like Gecko) Chrome/146.0.7680.153 Mobile Safari/537.36 (compatible; Googlebot/2.1; +http://www.google.com/bot.html)" 8 **0/8602**
208.109.40.231 - - [28/Mar/2026:08:46:54 -0700] "POST /wp-cron.php?doing_wp_cron=1774712814.0909159183502197265625 HTTP/1.1" 200 - "-" "WordPress/6.9.4; https://wanderlustyacht.co" 127 **0/127938**
66.249.70.138 - - [28/Mar/2026:08:46:50 -0700] "GET /?s=3e41b6 HTTP/1.1" 200 18905 "-" "Mozilla/5.0 (compatible; Googlebot/2.1; +http://www.google.com/bot.html)" 3620 **3/3620478**
52.167.144.210 - - [28/Mar/2026:08:47:17 -0700] "GET /?s=668256 HTTP/2.0" 200 18905 "-" "Mozilla/5.0 AppleWebKit/537.36 (KHTML, like Gecko; compatible; bingbot/2.0; +http://www.bing.com/bingbot.htm) Chrome/116.0.1938.76 Safari/537.36" 965 **0/965230**
208.109.40.231 - - [28/Mar/2026:08:49:53 -0700] "POST /wp-cron.php?doing_wp_cron=1774712993.8815069198608398437500 HTTP/1.1" 200 - "-" "WordPress/6.9.4; https://wanderlustyacht.co" 61 **0/61140**
66.249.70.137 - - [28/Mar/2026:08:49:53 -0700] "GET /?s=4a6773&nocache=1774698369&jet_blog_ajax=1 HTTP/1.1" 200 18908 "-" "Mozilla/5.0 (Linux; Android 6.0.1; Nexus 5X Build/MMB29P) AppleWebKit/537.36 (KHTML, like Gecko) Chrome/146.0.7680.153 Mobile Safari/537.36 (compatible; GoogleOther)" 948 **0/948055**
208.109.40.231 - - [28/Mar/2026:08:51:07 -0700] "POST /wp-cron.php?doing_wp_cron=1774713067.3812479972839355468750 HTTP/1.1" 200 - "-" "WordPress/6.9.4; https://wanderlustyacht.co" 438 **0/438308**
66.249.70.138 - - [28/Mar/2026:08:51:06 -0700] "GET /index.php/?s=581d37 HTTP/1.1" 200 18906 "-" "Mozilla/5.0 (compatible; Googlebot/2.1; +http://www.google.com/bot.html)" 1546 **1/1546985**
208.109.40.231 - - [28/Mar/2026:08:52:22 -0700] "POST /wp-cron.php?doing_wp_cron=1774713142.3277060985565185546875 HTTP/1.1" 200 - "-" "WordPress/6.9.4; https://wanderlustyacht.co" 65 **0/65487**
40.77.167.55 - - [28/Mar/2026:08:52:21 -0700] "GET /?s=3614da HTTP/2.0" 200 18905 "-" "Mozilla/5.0 AppleWebKit/537.36 (KHTML, like Gecko; compatible; bingbot/2.0; +http://www.bing.com/bingbot.htm) Chrome/116.0.1938.76 Safari/537.36" 782 **0/782823**
208.109.40.231 - - [28/Mar/2026:08:55:10 -0700] "POST /wp-cron.php?doing_wp_cron=1774713310.6793899536132812500000 HTTP/1.1" 200 - "-" "WordPress/6.9.4; https://wanderlustyacht.co" 135 **0/135584**
66.249.70.136 - - [28/Mar/2026:08:55:09 -0700] "GET /?s=415700 HTTP/1.1" 200 18908 "-" "Mozilla/5.0 (Linux; Android 6.0.1; Nexus 5X Build/MMB29P) AppleWebKit/537.36 (KHTML, like Gecko) Chrome/146.0.7680.153 Mobile Safari/537.36 (compatible; Googlebot/2.1; +http://www.google.com/bot.html)" 1565 **1/1565993**
208.109.40.231 - - [28/Mar/2026:08:58:33 -0700] "POST /wp-cron.php?doing_wp_cron=1774713513.2257120609283447265625 HTTP/1.1" 200 - "-" "WordPress/6.9.4; https://wanderlustyacht.co" 113 **0/113528**
40.77.167.55 - - [28/Mar/2026:08:58:32 -0700] "GET /?s=64cf87 HTTP/2.0" 200 18906 "-" "Mozilla/5.0 AppleWebKit/537.36 (KHTML, like Gecko; compatible; bingbot/2.0; +http://www.bing.com/bingbot.htm) Chrome/116.0.1938.76 Safari/537.36" 1034 **1/1034812**
208.109.40.231 - - [28/Mar/2026:09:01:47 -0700] "POST /wp-cron.php?doing_wp_cron=1774713707.5850369930267333984375 HTTP/1.1" 200 - "-" "WordPress/6.9.4; https://wanderlustyacht.co" 61 **0/61922**
40.77.167.74 - - [28/Mar/2026:09:01:46 -0700] "GET /?s=61eae1 HTTP/2.0" 200 18913 "-" "Mozilla/5.0 AppleWebKit/537.36 (KHTML, like Gecko; compatible; bingbot/2.0; +http://www.bing.com/bingbot.htm) Chrome/116.0.1938.76 Safari/537.36" 815 **0/815654**
208.109.40.231 - - [28/Mar/2026:09:02:27 -0700] "POST /wp-cron.php?doing_wp_cron=1774713747.6982529163360595703125 HTTP/1.1" 200 - "-" "WordPress/6.9.4; https://wanderlustyacht.co" 27 **0/27224**
66.249.70.136 - - [28/Mar/2026:09:02:26 -0700] "GET /index.php/?s=48a822 HTTP/1.1" 200 18908 "-" "Mozilla/5.0 (Linux; Android 6.0.1; Nexus 5X Build/MMB29P) AppleWebKit/537.36 (KHTML, like Gecko) Chrome/146.0.7680.153 Mobile Safari/537.36 (compatible; Googlebot/2.1; +http://www.google.com/bot.html)" 859 **0/859410**
66.249.70.136 - - [28/Mar/2026:09:02:41 -0700] "GET /wp-content/plugins/jet-woo-product-gallery/assets/css/widgets/gallery-anchor-nav.css?ver=2.1.20 HTTP/1.1" 200 455 "https://wanderlustyacht.co/index.php/?s=48a822" "Mozilla/5.0 (Linux; Android 6.0.1; Nexus 5X Build/MMB29P) AppleWebKit/537.36 (KHTML, like Gecko) Chrome/146.0.7680.153 Mobile Safari/537.36 (compatible; Googlebot/2.1; +http://www.google.com/bot.html)" 7 **0/7121**
208.109.40.231 - - [28/Mar/2026:09:03:33 -0700] "POST /wp-cron.php?doing_wp_cron=1774713813.5857670307159423828125 HTTP/1.1" 200 - "-" "WordPress/6.9.4; https://wanderlustyacht.co" 52 **0/52216**
40.77.167.25 - - [28/Mar/2026:09:03:32 -0700] "GET /?s=40eaf7 HTTP/2.0" 200 18906 "-" "Mozilla/5.0 AppleWebKit/537.36 (KHTML, like Gecko; compatible; bingbot/2.0; +http://www.bing.com/bingbot.htm) Chrome/116.0.1938.76 Safari/537.36" 872 **0/872721**
208.109.40.231 - - [28/Mar/2026:09:09:11 -0700] "POST /wp-cron.php?doing_wp_cron=1774714151.5289471149444580078125 HTTP/1.1" 200 - "-" "WordPress/6.9.4; https://wanderlustyacht.co" 22 **0/22078**
40.77.167.25 - - [28/Mar/2026:09:09:10 -0700] "GET /sitemap.xml HTTP/2.0" 301 1 "-" "Mozilla/5.0 AppleWebKit/537.36 (KHTML, like Gecko; compatible; bingbot/2.0; +http://www.bing.com/bingbot.htm) Chrome/116.0.1938.76 Safari/537.36" 648 **0/648083**
40.77.167.25 - - [28/Mar/2026:09:09:12 -0700] "GET /wp-sitemap.xml HTTP/2.0" 200 205 "-" "Mozilla/5.0 AppleWebKit/537.36 (KHTML, like Gecko; compatible; bingbot/2.0; +http://www.bing.com/bingbot.htm) Chrome/116.0.1938.76 Safari/537.36" 598 **0/598193**
208.109.40.231 - - [28/Mar/2026:09:18:27 -0700] "POST /wp-cron.php?doing_wp_cron=1774714707.7569758892059326171875 HTTP/1.1" 200 - "-" "WordPress/6.9.4; https://wanderlustyacht.co" 70 **0/70493**
203.161.29.194 - - [28/Mar/2026:09:18:24 -0700] "GET /yacht-management-blend-art-science/ HTTP/1.1" 200 21018 "-" "Mozilla/5.0 (iPad; CPU iPad OS 9_3_6 like Mac OS X) AppleWebKit/535.2 (KHTML, like Gecko) CriOS/53.0.878.0 Mobile/81N139 Safari/535.2" 3746 **3/3746749**
208.109.40.231 - - [28/Mar/2026:09:19:29 -0700] "POST /wp-cron.php?doing_wp_cron=1774714769.0418150424957275390625 HTTP/1.1" 200 - "-" "WordPress/6.9.4; https://wanderlustyacht.co" 386 **0/386686**
40.77.167.6 - - [28/Mar/2026:09:19:28 -0700] "GET /?s=44f65d HTTP/2.0" 200 18906 "-" "Mozilla/5.0 AppleWebKit/537.36 (KHTML, like Gecko; compatible; bingbot/2.0; +http://www.bing.com/bingbot.htm) Chrome/116.0.1938.76 Safari/537.36" 1123 **1/1123721**
208.109.40.231 - - [28/Mar/2026:09:21:23 -0700] "POST /wp-cron.php?doing_wp_cron=1774714883.4293780326843261718750 HTTP/1.1" 200 - "-" "WordPress/6.9.4; https://wanderlustyacht.co" 82 **0/82879**
66.249.70.136 - - [28/Mar/2026:09:21:22 -0700] "GET /?s=5d4694 HTTP/1.1" 200 18906 "-" "Mozilla/5.0 (compatible; Googlebot/2.1; +http://www.google.com/bot.html)" 774 **0/774662**
216.73.216.26 - - [28/Mar/2026:09:23:01 -0700] "GET /robots.txt HTTP/2.0" 200 28 "-" "Mozilla/5.0 AppleWebKit/537.36 (KHTML, like Gecko; compatible; ClaudeBot/1.0; +claudebot@anthropic.com)" 8 **0/8589**
208.109.40.231 - - [28/Mar/2026:09:23:01 -0700] "POST /wp-cron.php?doing_wp_cron=1774714981.9061410427093505859375 HTTP/1.1" 200 - "-" "WordPress/6.9.4; https://wanderlustyacht.co" 105 **0/105334**
216.73.216.26 - - [28/Mar/2026:09:23:01 -0700] "GET /sitemap.xml HTTP/2.0" 301 1 "-" "Mozilla/5.0 AppleWebKit/537.36 (KHTML, like Gecko; compatible; ClaudeBot/1.0; +claudebot@anthropic.com)" 1213 **1/1213231**
216.73.216.26 - - [28/Mar/2026:09:23:02 -0700] "GET /wp-sitemap.xml HTTP/2.0" 200 205 "https://wanderlustyacht.co/sitemap.xml" "Mozilla/5.0 AppleWebKit/537.36 (KHTML, like Gecko; compatible; ClaudeBot/1.0; +claudebot@anthropic.com)" 1134 **1/1134601**
