66.249.70.136 - - [28/Mar/2026:05:16:40 -0700] "GET /?s=2b48cd HTTP/1.1" 200 18909 "-" "Mozilla/5.0 (Linux; Android 6.0.1; Nexus 5X Build/MMB29P) AppleWebKit/537.36 (KHTML, like Gecko) Chrome/146.0.7680.153 Mobile Safari/537.36 (compatible; GoogleOther)" 526 **0/526223**
66.249.70.136 - - [28/Mar/2026:05:16:42 -0700] "GET /?s=3a9fd2 HTTP/1.1" 200 18909 "-" "Mozilla/5.0 (Linux; Android 6.0.1; Nexus 5X Build/MMB29P) AppleWebKit/537.36 (KHTML, like Gecko) Chrome/146.0.7680.153 Mobile Safari/537.36 (compatible; GoogleOther)" 567 **0/567162**
66.249.70.136 - - [28/Mar/2026:05:16:49 -0700] "GET /?s=59d0d6 HTTP/1.1" 200 18909 "-" "Mozilla/5.0 (Linux; Android 6.0.1; Nexus 5X Build/MMB29P) AppleWebKit/537.36 (KHTML, like Gecko) Chrome/146.0.7680.153 Mobile Safari/537.36 (compatible; GoogleOther)" 689 **0/689150**
66.249.70.136 - - [28/Mar/2026:05:16:51 -0700] "GET /?s=2f26b6 HTTP/1.1" 200 18909 "-" "Mozilla/5.0 (Linux; Android 6.0.1; Nexus 5X Build/MMB29P) AppleWebKit/537.36 (KHTML, like Gecko) Chrome/146.0.7680.153 Mobile Safari/537.36 (compatible; GoogleOther)" 579 **0/579783**
66.249.70.136 - - [28/Mar/2026:05:16:54 -0700] "GET /wp-content/plugins/elementor/assets/css/widget-icon-list.min.css?ver=3.35.9 HTTP/1.1" 200 928 "https://wanderlustyacht.co/?s=59d0d6" "Mozilla/5.0 (Linux; Android 6.0.1; Nexus 5X Build/MMB29P) AppleWebKit/537.36 (KHTML, like Gecko) Chrome/146.0.7680.153 Mobile Safari/537.36 (compatible; GoogleOther)" 6 **0/6637**
66.249.70.136 - - [28/Mar/2026:05:16:55 -0700] "GET /wp-content/plugins/jet-blog/assets/js/jet-blog.min.js?ver=2.4.2 HTTP/1.1" 200 3338 "https://wanderlustyacht.co/?s=2f26b6" "Mozilla/5.0 (Linux; Android 6.0.1; Nexus 5X Build/MMB29P) AppleWebKit/537.36 (KHTML, like Gecko) Chrome/146.0.7680.153 Mobile Safari/537.36 (compatible; GoogleOther)" 10 **0/10238**
66.249.70.136 - - [28/Mar/2026:05:16:59 -0700] "GET /?s=416428 HTTP/1.1" 200 18909 "-" "Mozilla/5.0 (Linux; Android 6.0.1; Nexus 5X Build/MMB29P) AppleWebKit/537.36 (KHTML, like Gecko) Chrome/146.0.7680.153 Mobile Safari/537.36 (compatible; GoogleOther)" 891 **0/891126**
66.249.70.136 - - [28/Mar/2026:05:17:09 -0700] "GET /?s=549ddb HTTP/1.1" 200 18909 "-" "Mozilla/5.0 (Linux; Android 6.0.1; Nexus 5X Build/MMB29P) AppleWebKit/537.36 (KHTML, like Gecko) Chrome/146.0.7680.153 Mobile Safari/537.36 (compatible; GoogleOther)" 682 **0/682239**
66.249.70.136 - - [28/Mar/2026:05:17:20 -0700] "GET /index.php/?s=4431c9 HTTP/1.1" 200 18907 "-" "Mozilla/5.0 (compatible; Googlebot/2.1; +http://www.google.com/bot.html)" 684 **0/684343**
208.109.40.231 - - [28/Mar/2026:05:19:42 -0700] "POST /wp-cron.php?doing_wp_cron=1774700382.3070600032806396484375 HTTP/1.1" 200 - "-" "WordPress/6.9.4; https://wanderlustyacht.co" 20 **0/20786**
66.249.70.136 - - [28/Mar/2026:05:19:41 -0700] "GET /?s=5a34a7 HTTP/1.1" 200 18909 "-" "Mozilla/5.0 (Linux; Android 6.0.1; Nexus 5X Build/MMB29P) AppleWebKit/537.36 (KHTML, like Gecko) Chrome/146.0.7680.153 Mobile Safari/537.36 (compatible; Googlebot/2.1; +http://www.google.com/bot.html)" 853 **0/853910**
208.109.40.231 - - [28/Mar/2026:05:19:47 -0700] "GET /?wp_scrape_key=489458cacc6f2e3843a8fb3e186b932a&wp_scrape_nonce=1774700385 HTTP/1.1" 200 23253 "-" "WordPress/6.9.4; https://wanderlustyacht.co" 569 **0/569958**
208.109.40.231 - - [28/Mar/2026:05:21:01 -0700] "POST /wp-cron.php?doing_wp_cron=1774700461.8137030601501464843750 HTTP/1.1" 200 - "-" "WordPress/6.9.4; https://wanderlustyacht.co" 37 **0/37784**
52.167.144.172 - - [28/Mar/2026:05:21:00 -0700] "GET /?s=531ea7 HTTP/2.0" 200 18923 "-" "Mozilla/5.0 AppleWebKit/537.36 (KHTML, like Gecko; compatible; bingbot/2.0; +http://www.bing.com/bingbot.htm) Chrome/116.0.1938.76 Safari/537.36" 1647 **1/1647685**
208.109.40.231 - - [28/Mar/2026:05:21:56 -0700] "POST /wp-cron.php?doing_wp_cron=1774700516.3723220825195312500000 HTTP/1.1" 200 - "-" "WordPress/6.9.4; https://wanderlustyacht.co" 86 **0/86411**
66.249.70.138 - - [28/Mar/2026:05:21:55 -0700] "GET /index.php/?s=2c5524 HTTP/1.1" 200 18906 "-" "Mozilla/5.0 (Linux; Android 6.0.1; Nexus 5X Build/MMB29P) AppleWebKit/537.36 (KHTML, like Gecko) Chrome/146.0.7680.153 Mobile Safari/537.36 (compatible; Googlebot/2.1; +http://www.google.com/bot.html)" 876 **0/876077**
123.20.174.96 - - [28/Mar/2026:05:21:57 -0700] "GET /management HTTP/1.1" 301 1 "-" "Mozilla/5.0 (Macintosh; U; PPC Mac OS X 10_12_6 rv:3.0; szl-PL) AppleWebKit/533.19.3 (KHTML, like Gecko) Version/4.0.3 Safari/533.19.3" 420 **0/420956**
187.62.98.163 - - [28/Mar/2026:05:22:10 -0700] "GET /management/ HTTP/1.1" 200 20787 "-" "Mozilla/5.0 (compatible; MSIE 9.0; Windows 95; Trident/5.0)" 1302 **1/1302600**
208.109.40.231 - - [28/Mar/2026:05:23:45 -0700] "POST /wp-cron.php?doing_wp_cron=1774700625.6709940433502197265625 HTTP/1.1" 200 - "-" "WordPress/6.9.4; https://wanderlustyacht.co" 128 **0/128382**
66.249.70.138 - - [28/Mar/2026:05:23:44 -0700] "GET /?s=5bd5eb HTTP/1.1" 200 18903 "-" "Mozilla/5.0 (compatible; Googlebot/2.1; +http://www.google.com/bot.html)" 965 **0/965768**
208.109.40.231 - - [28/Mar/2026:05:25:04 -0700] "POST /wp-cron.php?doing_wp_cron=1774700704.3499159812927246093750 HTTP/1.1" 200 - "-" "WordPress/6.9.4; https://wanderlustyacht.co" 47 **0/47869**
52.167.144.171 - - [28/Mar/2026:05:25:02 -0700] "GET /?s=5e9ff6 HTTP/2.0" 200 18905 "-" "Mozilla/5.0 AppleWebKit/537.36 (KHTML, like Gecko; compatible; bingbot/2.0; +http://www.bing.com/bingbot.htm) Chrome/116.0.1938.76 Safari/537.36" 1976 **1/1976166**
208.109.40.231 - - [28/Mar/2026:05:28:19 -0700] "POST /wp-cron.php?doing_wp_cron=1774700899.6491749286651611328125 HTTP/1.1" 200 - "-" "WordPress/6.9.4; https://wanderlustyacht.co" 63 **0/63544**
66.249.70.137 - - [28/Mar/2026:05:28:16 -0700] "GET /?s=668c2a HTTP/1.1" 200 18905 "-" "Mozilla/5.0 (Linux; Android 6.0.1; Nexus 5X Build/MMB29P) AppleWebKit/537.36 (KHTML, like Gecko) Chrome/146.0.7680.153 Mobile Safari/537.36 (compatible; Googlebot/2.1; +http://www.google.com/bot.html)" 3248 **3/3248499**
66.249.70.136 - - [28/Mar/2026:05:28:28 -0700] "GET /wp-content/plugins/elementor-pro/assets/js/webpack-pro.runtime.min.js?ver=3.31.2 HTTP/1.1" 200 2623 "https://wanderlustyacht.co/?s=668c2a" "Mozilla/5.0 (Linux; Android 6.0.1; Nexus 5X Build/MMB29P) AppleWebKit/537.36 (KHTML, like Gecko) Chrome/146.0.7680.153 Mobile Safari/537.36 (compatible; Googlebot/2.1; +http://www.google.com/bot.html)" 7 **0/7054**
208.109.40.231 - - [28/Mar/2026:05:28:54 -0700] "POST /wp-cron.php?doing_wp_cron=1774700934.8854620456695556640625 HTTP/1.1" 200 - "-" "WordPress/6.9.4; https://wanderlustyacht.co" 73 **0/73959**
66.249.70.136 - - [28/Mar/2026:05:28:54 -0700] "GET /?s=42f281 HTTP/1.1" 200 18904 "-" "Mozilla/5.0 (compatible; Googlebot/2.1; +http://www.google.com/bot.html)" 950 **0/950950**
66.249.70.136 - - [28/Mar/2026:05:29:14 -0700] "GET /index.php/?s=482386 HTTP/1.1" 200 18905 "-" "Mozilla/5.0 (Linux; Android 6.0.1; Nexus 5X Build/MMB29P) AppleWebKit/537.36 (KHTML, like Gecko) Chrome/146.0.7680.153 Mobile Safari/537.36 (compatible; Googlebot/2.1; +http://www.google.com/bot.html)" 757 **0/757517**
208.109.40.231 - - [28/Mar/2026:05:31:05 -0700] "POST /wp-cron.php?doing_wp_cron=1774701065.6608209609985351562500 HTTP/1.1" 200 - "-" "WordPress/6.9.4; https://wanderlustyacht.co" 59 **0/59592**
40.77.167.47 - - [28/Mar/2026:05:31:04 -0700] "GET /?s=54aaae HTTP/2.0" 200 18904 "-" "Mozilla/5.0 AppleWebKit/537.36 (KHTML, like Gecko; compatible; bingbot/2.0; +http://www.bing.com/bingbot.htm) Chrome/116.0.1938.76 Safari/537.36" 1227 **1/1227620**
208.109.40.231 - - [28/Mar/2026:05:33:40 -0700] "POST /wp-cron.php?doing_wp_cron=1774701220.9323799610137939453125 HTTP/1.1" 200 - "-" "WordPress/6.9.4; https://wanderlustyacht.co" 118 **0/118165**
40.77.167.72 - - [28/Mar/2026:05:33:39 -0700] "GET /?s=5eb806 HTTP/2.0" 200 18905 "-" "Mozilla/5.0 AppleWebKit/537.36 (KHTML, like Gecko; compatible; bingbot/2.0; +http://www.bing.com/bingbot.htm) Chrome/116.0.1938.76 Safari/537.36" 1201 **1/1201494**
208.109.40.231 - - [28/Mar/2026:05:34:54 -0700] "POST /wp-cron.php?doing_wp_cron=1774701294.1901340484619140625000 HTTP/1.1" 200 - "-" "WordPress/6.9.4; https://wanderlustyacht.co" 257 **0/257652**
40.77.167.116 - - [28/Mar/2026:05:34:53 -0700] "GET /?s=2e796a HTTP/2.0" 200 18905 "-" "Mozilla/5.0 AppleWebKit/537.36 (KHTML, like Gecko; compatible; bingbot/2.0; +http://www.bing.com/bingbot.htm) Chrome/116.0.1938.76 Safari/537.36" 919 **0/919535**
40.77.167.154 - - [28/Mar/2026:05:34:59 -0700] "GET /?s=503bbf HTTP/2.0" 200 18913 "-" "Mozilla/5.0 AppleWebKit/537.36 (KHTML, like Gecko; compatible; bingbot/2.0; +http://www.bing.com/bingbot.htm) Chrome/116.0.1938.76 Safari/537.36" 1013 **1/1013682**
66.249.70.137 - - [28/Mar/2026:05:35:16 -0700] "GET /index.php/?s=56cafb HTTP/1.1" 200 18908 "-" "Mozilla/5.0 (Linux; Android 6.0.1; Nexus 5X Build/MMB29P) AppleWebKit/537.36 (KHTML, like Gecko) Chrome/146.0.7680.153 Mobile Safari/537.36 (compatible; Googlebot/2.1; +http://www.google.com/bot.html)" 1052 **1/1052090**
208.109.40.231 - - [28/Mar/2026:05:35:27 -0700] "POST /wp-cron.php?doing_wp_cron=1774701327.8662960529327392578125 HTTP/1.1" 200 - "-" "WordPress/6.9.4; https://wanderlustyacht.co" 27 **0/27252**
66.249.70.137 - - [28/Mar/2026:05:35:27 -0700] "GET /?s=3bbd6c HTTP/1.1" 200 18907 "-" "Mozilla/5.0 (Linux; Android 6.0.1; Nexus 5X Build/MMB29P) AppleWebKit/537.36 (KHTML, like Gecko) Chrome/146.0.7680.153 Mobile Safari/537.36 (compatible; GoogleOther)" 668 **0/668411**
66.249.70.137 - - [28/Mar/2026:05:35:28 -0700] "GET /?s=5f52dc&nocache=1774699456&jet_blog_ajax=1 HTTP/1.1" 200 18907 "-" "Mozilla/5.0 (Linux; Android 6.0.1; Nexus 5X Build/MMB29P) AppleWebKit/537.36 (KHTML, like Gecko) Chrome/146.0.7680.153 Mobile Safari/537.36 (compatible; GoogleOther)" 700 **0/700083**
66.249.70.136 - - [28/Mar/2026:05:35:29 -0700] "GET /?s=572e82 HTTP/1.1" 200 18907 "-" "Mozilla/5.0 (Linux; Android 6.0.1; Nexus 5X Build/MMB29P) AppleWebKit/537.36 (KHTML, like Gecko) Chrome/146.0.7680.153 Mobile Safari/537.36 (compatible; GoogleOther)" 1142 **1/1142543**
66.249.70.136 - - [28/Mar/2026:05:35:30 -0700] "GET /?s=587a6b&nocache=1774698888&jet_blog_ajax=1 HTTP/1.1" 200 18907 "-" "Mozilla/5.0 (Linux; Android 6.0.1; Nexus 5X Build/MMB29P) AppleWebKit/537.36 (KHTML, like Gecko) Chrome/146.0.7680.153 Mobile Safari/537.36 (compatible; GoogleOther)" 1143 **1/1143914**
66.249.70.136 - - [28/Mar/2026:05:35:32 -0700] "GET /?s=2cef4f&nocache=1774699581&jet_blog_ajax=1 HTTP/1.1" 200 18908 "-" "Mozilla/5.0 (Linux; Android 6.0.1; Nexus 5X Build/MMB29P) AppleWebKit/537.36 (KHTML, like Gecko) Chrome/146.0.7680.153 Mobile Safari/537.36 (compatible; GoogleOther)" 1090 **1/1090581**
66.249.70.136 - - [28/Mar/2026:05:35:42 -0700] "GET /wp-content/plugins/jet-woo-product-gallery/assets/css/widgets/gallery-anchor-nav.css?ver=2.1.20 HTTP/1.1" 200 455 "https://wanderlustyacht.co/index.php/?s=56cafb" "Mozilla/5.0 (Linux; Android 6.0.1; Nexus 5X Build/MMB29P) AppleWebKit/537.36 (KHTML, like Gecko) Chrome/146.0.7680.153 Mobile Safari/537.36 (compatible; Googlebot/2.1; +http://www.google.com/bot.html)" 11 **0/11318**
66.249.70.136 - - [28/Mar/2026:05:35:41 -0700] "GET /?s=597897&nocache=1774697637&jet_blog_ajax=1 HTTP/1.1" 200 18908 "-" "Mozilla/5.0 (Linux; Android 6.0.1; Nexus 5X Build/MMB29P) AppleWebKit/537.36 (KHTML, like Gecko) Chrome/146.0.7680.153 Mobile Safari/537.36 (compatible; GoogleOther)" 935 **0/935575**
66.249.70.137 - - [28/Mar/2026:05:36:05 -0700] "GET /?s=604eef HTTP/1.1" 200 18907 "-" "Mozilla/5.0 (Linux; Android 6.0.1; Nexus 5X Build/MMB29P) AppleWebKit/537.36 (KHTML, like Gecko) Chrome/146.0.7680.153 Mobile Safari/537.36 (compatible; GoogleOther)" 727 **0/727762**
66.249.70.137 - - [28/Mar/2026:05:36:15 -0700] "GET /?s=5c660b&nocache=1774682589&jet_blog_ajax=1 HTTP/1.1" 200 18907 "-" "Mozilla/5.0 (Linux; Android 6.0.1; Nexus 5X Build/MMB29P) AppleWebKit/537.36 (KHTML, like Gecko) Chrome/146.0.7680.153 Mobile Safari/537.36 (compatible; GoogleOther)" 913 **0/913026**
208.109.40.231 - - [28/Mar/2026:05:36:53 -0700] "POST /wp-cron.php?doing_wp_cron=1774701413.9813420772552490234375 HTTP/1.1" 200 - "-" "WordPress/6.9.4; https://wanderlustyacht.co" 70 **0/70935**
40.77.167.159 - - [28/Mar/2026:05:36:53 -0700] "GET /?s=580a07 HTTP/2.0" 200 18913 "-" "Mozilla/5.0 AppleWebKit/537.36 (KHTML, like Gecko; compatible; bingbot/2.0; +http://www.bing.com/bingbot.htm) Chrome/116.0.1938.76 Safari/537.36" 810 **0/810273**
40.77.167.116 - - [28/Mar/2026:05:37:23 -0700] "GET /?s=63f3f3 HTTP/2.0" 200 18905 "-" "Mozilla/5.0 AppleWebKit/537.36 (KHTML, like Gecko; compatible; bingbot/2.0; +http://www.bing.com/bingbot.htm) Chrome/116.0.1938.76 Safari/537.36" 787 **0/787152**
208.109.40.231 - - [28/Mar/2026:05:37:29 -0700] "POST /wp-cron.php?doing_wp_cron=1774701449.7134931087493896484375 HTTP/1.1" 200 - "-" "WordPress/6.9.4; https://wanderlustyacht.co" 20 **0/20875**
66.249.70.137 - - [28/Mar/2026:05:37:29 -0700] "GET /index.php/?s=422935 HTTP/1.1" 200 18907 "-" "Mozilla/5.0 (Linux; Android 6.0.1; Nexus 5X Build/MMB29P) AppleWebKit/537.36 (KHTML, like Gecko) Chrome/146.0.7680.153 Mobile Safari/537.36 (compatible; Googlebot/2.1; +http://www.google.com/bot.html)" 755 **0/755353**
208.109.40.231 - - [28/Mar/2026:05:39:48 -0700] "POST /wp-cron.php?doing_wp_cron=1774701588.8461298942565917968750 HTTP/1.1" 200 - "-" "WordPress/6.9.4; https://wanderlustyacht.co" 39 **0/39850**
179.60.66.233 - - [28/Mar/2026:05:39:48 -0700] "GET /comments/feed/ HTTP/1.1" 200 342 "-" "Opera/8.43.(X11; Linux x86_64; gv-GB) Presto/2.9.190 Version/11.00" 640 **0/640322**
66.249.70.138 - - [28/Mar/2026:05:39:50 -0700] "GET /?s=44cbfe HTTP/1.1" 200 18906 "-" "Mozilla/5.0 (Linux; Android 6.0.1; Nexus 5X Build/MMB29P) AppleWebKit/537.36 (KHTML, like Gecko) Chrome/146.0.7680.153 Mobile Safari/537.36 (compatible; Googlebot/2.1; +http://www.google.com/bot.html)" 690 **0/690256**
66.249.70.136 - - [28/Mar/2026:05:40:17 -0700] "GET /?s=541d21 HTTP/1.1" 200 18904 "-" "Mozilla/5.0 (compatible; Googlebot/2.1; +http://www.google.com/bot.html)" 1093 **1/1093928**
208.109.40.231 - - [28/Mar/2026:05:40:35 -0700] "POST /wp-cron.php?doing_wp_cron=1774701635.1722450256347656250000 HTTP/1.1" 200 - "-" "WordPress/6.9.4; https://wanderlustyacht.co" 163 **0/163477**
66.249.70.136 - - [28/Mar/2026:05:40:34 -0700] "GET /search/6589a2/feed/rss2/ HTTP/1.1" 200 495 "-" "Mozilla/5.0 (Linux; Android 6.0.1; Nexus 5X Build/MMB29P) AppleWebKit/537.36 (KHTML, like Gecko) Chrome/146.0.7680.153 Mobile Safari/537.36 (compatible; GoogleOther)" 871 **0/871994**
40.77.167.72 - - [28/Mar/2026:05:40:47 -0700] "GET /?s=4e5500 HTTP/2.0" 200 18904 "-" "Mozilla/5.0 AppleWebKit/537.36 (KHTML, like Gecko; compatible; bingbot/2.0; +http://www.bing.com/bingbot.htm) Chrome/116.0.1938.76 Safari/537.36" 929 **0/929047**
208.109.40.231 - - [28/Mar/2026:05:42:34 -0700] "POST /wp-cron.php?doing_wp_cron=1774701754.5004351139068603515625 HTTP/1.1" 200 - "-" "WordPress/6.9.4; https://wanderlustyacht.co" 26 **0/26794**
66.249.70.138 - - [28/Mar/2026:05:42:33 -0700] "GET /index.php/?s=2f4154 HTTP/1.1" 200 18907 "-" "Mozilla/5.0 (Linux; Android 6.0.1; Nexus 5X Build/MMB29P) AppleWebKit/537.36 (KHTML, like Gecko) Chrome/146.0.7680.153 Mobile Safari/537.36 (compatible; Googlebot/2.1; +http://www.google.com/bot.html)" 777 **0/777346**
66.249.70.136 - - [28/Mar/2026:05:43:14 -0700] "GET /search/4485c6/feed/rss2/ HTTP/1.1" 200 497 "-" "Mozilla/5.0 (Linux; Android 6.0.1; Nexus 5X Build/MMB29P) AppleWebKit/537.36 (KHTML, like Gecko) Chrome/146.0.7680.153 Mobile Safari/537.36 (compatible; GoogleOther)" 503 **0/503375**
208.109.40.231 - - [28/Mar/2026:05:44:38 -0700] "POST /wp-cron.php?doing_wp_cron=1774701878.7151958942413330078125 HTTP/1.1" 200 - "-" "WordPress/6.9.4; https://wanderlustyacht.co" 95 **0/95552**
66.249.70.137 - - [28/Mar/2026:05:44:38 -0700] "GET /?s=2f7618 HTTP/1.1" 200 18905 "-" "Mozilla/5.0 (compatible; Googlebot/2.1; +http://www.google.com/bot.html)" 763 **0/763989**
208.109.40.231 - - [28/Mar/2026:05:45:57 -0700] "POST /wp-cron.php?doing_wp_cron=1774701957.4484150409698486328125 HTTP/1.1" 200 - "-" "WordPress/6.9.4; https://wanderlustyacht.co" 147 **0/147868**
66.249.70.137 - - [28/Mar/2026:05:45:53 -0700] "GET /search/3ad580/feed/rss2/ HTTP/1.1" 200 495 "-" "Mozilla/5.0 (Linux; Android 6.0.1; Nexus 5X Build/MMB29P) AppleWebKit/537.36 (KHTML, like Gecko) Chrome/146.0.7680.153 Mobile Safari/537.36 (compatible; GoogleOther)" 4280 **4/4280898**
208.109.40.231 - - [28/Mar/2026:05:46:43 -0700] "POST /wp-cron.php?doing_wp_cron=1774702003.1237161159515380859375 HTTP/1.1" 200 - "-" "WordPress/6.9.4; https://wanderlustyacht.co" 20 **0/20949**
66.249.70.138 - - [28/Mar/2026:05:46:41 -0700] "GET /?s=572288 HTTP/1.1" 200 18904 "-" "Mozilla/5.0 (compatible; Googlebot/2.1; +http://www.google.com/bot.html)" 1569 **1/1569326**
208.109.40.231 - - [28/Mar/2026:05:48:33 -0700] "POST /wp-cron.php?doing_wp_cron=1774702113.4636580944061279296875 HTTP/1.1" 200 - "-" "WordPress/6.9.4; https://wanderlustyacht.co" 169 **0/169182**
66.249.70.137 - - [28/Mar/2026:05:48:32 -0700] "GET /search/30be33/feed/rss2/ HTTP/1.1" 200 496 "-" "Mozilla/5.0 (Linux; Android 6.0.1; Nexus 5X Build/MMB29P) AppleWebKit/537.36 (KHTML, like Gecko) Chrome/146.0.7680.153 Mobile Safari/537.36 (compatible; GoogleOther)" 704 **0/704645**
208.109.40.231 - - [28/Mar/2026:05:49:39 -0700] "POST /wp-cron.php?doing_wp_cron=1774702179.1489500999450683593750 HTTP/1.1" 200 - "-" "WordPress/6.9.4; https://wanderlustyacht.co" 164 **0/164359**
40.77.167.230 - - [28/Mar/2026:05:49:38 -0700] "GET /?s=4dd500 HTTP/2.0" 200 18913 "-" "Mozilla/5.0 AppleWebKit/537.36 (KHTML, like Gecko; compatible; bingbot/2.0; +http://www.bing.com/bingbot.htm) Chrome/116.0.1938.76 Safari/537.36" 940 **0/940167**
208.109.40.231 - - [28/Mar/2026:05:51:12 -0700] "POST /wp-cron.php?doing_wp_cron=1774702272.8388190269470214843750 HTTP/1.1" 200 - "-" "WordPress/6.9.4; https://wanderlustyacht.co" 31 **0/31759**
66.249.70.137 - - [28/Mar/2026:05:51:12 -0700] "GET /search/5e4fd5/feed/rss2/ HTTP/1.1" 200 497 "-" "Mozilla/5.0 (Linux; Android 6.0.1; Nexus 5X Build/MMB29P) AppleWebKit/537.36 (KHTML, like Gecko) Chrome/146.0.7680.153 Mobile Safari/537.36 (compatible; GoogleOther)" 427 **0/427803**
208.109.40.231 - - [28/Mar/2026:05:52:16 -0700] "POST /wp-cron.php?doing_wp_cron=1774702336.2604160308837890625000 HTTP/1.1" 200 - "-" "WordPress/6.9.4; https://wanderlustyacht.co" 83 **0/83683**
52.167.144.142 - - [28/Mar/2026:05:52:15 -0700] "GET /?s=53fc9a HTTP/2.0" 200 18905 "-" "Mozilla/5.0 AppleWebKit/537.36 (KHTML, like Gecko; compatible; bingbot/2.0; +http://www.bing.com/bingbot.htm) Chrome/116.0.1938.76 Safari/537.36" 813 **0/813459**
208.109.40.231 - - [28/Mar/2026:05:54:10 -0700] "POST /wp-cron.php?doing_wp_cron=1774702450.2716379165649414062500 HTTP/1.1" 200 - "-" "WordPress/6.9.4; https://wanderlustyacht.co" 73 **0/73920**
52.167.144.172 - - [28/Mar/2026:05:54:09 -0700] "GET /?s=64ae9b HTTP/2.0" 200 18905 "-" "Mozilla/5.0 AppleWebKit/537.36 (KHTML, like Gecko; compatible; bingbot/2.0; +http://www.bing.com/bingbot.htm) Chrome/116.0.1938.76 Safari/537.36" 798 **0/798339**
208.109.40.231 - - [28/Mar/2026:05:54:53 -0700] "POST /wp-cron.php?doing_wp_cron=1774702493.4463250637054443359375 HTTP/1.1" 200 - "-" "WordPress/6.9.4; https://wanderlustyacht.co" 283 **0/283843**
66.249.70.137 - - [28/Mar/2026:05:54:52 -0700] "GET /index.php/?s=41a0b4 HTTP/1.1" 200 18907 "-" "Mozilla/5.0 (Linux; Android 6.0.1; Nexus 5X Build/MMB29P) AppleWebKit/537.36 (KHTML, like Gecko) Chrome/146.0.7680.153 Mobile Safari/537.36 (compatible; Googlebot/2.1; +http://www.google.com/bot.html)" 1110 **1/1110740**
66.249.70.138 - - [28/Mar/2026:05:55:13 -0700] "GET /?s=534309 HTTP/1.1" 200 18907 "-" "Mozilla/5.0 (Linux; Android 6.0.1; Nexus 5X Build/MMB29P) AppleWebKit/537.36 (KHTML, like Gecko) Chrome/146.0.7680.153 Mobile Safari/537.36 (compatible; Googlebot/2.1; +http://www.google.com/bot.html)" 1020 **1/1020803**
208.109.40.231 - - [28/Mar/2026:05:55:36 -0700] "POST /wp-cron.php?doing_wp_cron=1774702536.4275979995727539062500 HTTP/1.1" 200 - "-" "WordPress/6.9.4; https://wanderlustyacht.co" 54 **0/54624**
52.167.144.224 - - [28/Mar/2026:05:55:35 -0700] "GET /?s=2fc700 HTTP/2.0" 200 18913 "-" "Mozilla/5.0 AppleWebKit/537.36 (KHTML, like Gecko; compatible; bingbot/2.0; +http://www.bing.com/bingbot.htm) Chrome/116.0.1938.76 Safari/537.36" 747 **0/747860**
52.167.144.142 - - [28/Mar/2026:05:55:46 -0700] "GET /?s=50f2e3 HTTP/2.0" 200 18905 "-" "Mozilla/5.0 AppleWebKit/537.36 (KHTML, like Gecko; compatible; bingbot/2.0; +http://www.bing.com/bingbot.htm) Chrome/116.0.1938.76 Safari/537.36" 633 **0/633828**
66.249.70.137 - - [28/Mar/2026:05:55:51 -0700] "GET /?s=2ad770 HTTP/1.1" 200 18907 "-" "Mozilla/5.0 (Linux; Android 6.0.1; Nexus 5X Build/MMB29P) AppleWebKit/537.36 (KHTML, like Gecko) Chrome/146.0.7680.153 Mobile Safari/537.36 (compatible; Googlebot/2.1; +http://www.google.com/bot.html)" 695 **0/695227**
52.167.144.224 - - [28/Mar/2026:05:56:06 -0700] "GET /?s=57d5d0 HTTP/2.0" 200 18913 "-" "Mozilla/5.0 AppleWebKit/537.36 (KHTML, like Gecko; compatible; bingbot/2.0; +http://www.bing.com/bingbot.htm) Chrome/116.0.1938.76 Safari/537.36" 784 **0/784073**
208.109.40.231 - - [28/Mar/2026:05:56:31 -0700] "POST /wp-cron.php?doing_wp_cron=1774702591.8488440513610839843750 HTTP/1.1" 200 - "-" "WordPress/6.9.4; https://wanderlustyacht.co" 82 **0/82073**
66.249.70.137 - - [28/Mar/2026:05:56:31 -0700] "GET /search/415dea/feed/rss2/ HTTP/1.1" 200 495 "-" "Mozilla/5.0 (Linux; Android 6.0.1; Nexus 5X Build/MMB29P) AppleWebKit/537.36 (KHTML, like Gecko) Chrome/146.0.7680.153 Mobile Safari/537.36 (compatible; GoogleOther)" 622 **0/622084**
208.109.40.231 - - [28/Mar/2026:05:57:41 -0700] "POST /wp-cron.php?doing_wp_cron=1774702661.6461629867553710937500 HTTP/1.1" 200 - "-" "WordPress/6.9.4; https://wanderlustyacht.co" 129 **0/129239**
40.77.167.18 - - [28/Mar/2026:05:57:40 -0700] "GET /?s=40d070 HTTP/2.0" 200 18905 "-" "Mozilla/5.0 AppleWebKit/537.36 (KHTML, like Gecko; compatible; bingbot/2.0; +http://www.bing.com/bingbot.htm) Chrome/116.0.1938.76 Safari/537.36" 950 **0/950050**
208.109.40.231 - - [28/Mar/2026:05:59:05 -0700] "POST /wp-cron.php?doing_wp_cron=1774702745.1405930519104003906250 HTTP/1.1" 200 - "-" "WordPress/6.9.4; https://wanderlustyacht.co" 24 **0/24020**
66.249.70.136 - - [28/Mar/2026:05:59:04 -0700] "GET /?s=3e8e17 HTTP/1.1" 200 18907 "-" "Mozilla/5.0 (Linux; Android 6.0.1; Nexus 5X Build/MMB29P) AppleWebKit/537.36 (KHTML, like Gecko) Chrome/146.0.7680.153 Mobile Safari/537.36 (compatible; Googlebot/2.1; +http://www.google.com/bot.html)" 797 **0/797919**
208.109.40.231 - - [28/Mar/2026:06:00:01 -0700] "POST /wp-cron.php?doing_wp_cron=1774702801.1185619831085205078125 HTTP/1.1" 200 - "-" "WordPress/6.9.4; https://wanderlustyacht.co" 301 **0/301624**
66.249.70.136 - - [28/Mar/2026:06:00:00 -0700] "GET /search/5d6e69/feed/rss2/ HTTP/1.1" 200 497 "-" "Mozilla/5.0 (Linux; Android 6.0.1; Nexus 5X Build/MMB29P) AppleWebKit/537.36 (KHTML, like Gecko) Chrome/146.0.7680.153 Mobile Safari/537.36 (compatible; GoogleOther)" 846 **0/846239**
52.167.144.224 - - [28/Mar/2026:06:00:07 -0700] "GET /?s=5be0da HTTP/2.0" 200 18912 "-" "Mozilla/5.0 AppleWebKit/537.36 (KHTML, like Gecko; compatible; bingbot/2.0; +http://www.bing.com/bingbot.htm) Chrome/116.0.1938.76 Safari/537.36" 967 **0/967866**
208.109.40.231 - - [28/Mar/2026:06:02:07 -0700] "POST /wp-cron.php?doing_wp_cron=1774702927.9372999668121337890625 HTTP/1.1" 200 - "-" "WordPress/6.9.4; https://wanderlustyacht.co" 91 **0/91099**
52.167.144.224 - - [28/Mar/2026:06:02:07 -0700] "GET /?s=557d58 HTTP/2.0" 200 18905 "-" "Mozilla/5.0 AppleWebKit/537.36 (KHTML, like Gecko; compatible; bingbot/2.0; +http://www.bing.com/bingbot.htm) Chrome/116.0.1938.76 Safari/537.36" 796 **0/796914**
208.109.40.231 - - [28/Mar/2026:06:02:42 -0700] "POST /wp-cron.php?doing_wp_cron=1774702962.2933950424194335937500 HTTP/1.1" 200 - "-" "WordPress/6.9.4; https://wanderlustyacht.co" 48 **0/48430**
66.249.70.137 - - [28/Mar/2026:06:02:41 -0700] "GET /?s=5749ae HTTP/1.1" 200 18905 "-" "Mozilla/5.0 (compatible; Googlebot/2.1; +http://www.google.com/bot.html)" 656 **0/656541**
216.73.216.26 - - [28/Mar/2026:06:03:22 -0700] "GET /robots.txt HTTP/2.0" 200 28 "-" "Mozilla/5.0 AppleWebKit/537.36 (KHTML, like Gecko; compatible; ClaudeBot/1.0; +claudebot@anthropic.com)" 14 **0/14729**
216.73.216.26 - - [28/Mar/2026:06:03:22 -0700] "GET /sitemap.xml HTTP/2.0" 301 1 "-" "Mozilla/5.0 AppleWebKit/537.36 (KHTML, like Gecko; compatible; ClaudeBot/1.0; +claudebot@anthropic.com)" 563 **0/563639**
216.73.216.26 - - [28/Mar/2026:06:03:23 -0700] "GET /wp-sitemap.xml HTTP/2.0" 200 205 "https://wanderlustyacht.co/sitemap.xml" "Mozilla/5.0 AppleWebKit/537.36 (KHTML, like Gecko; compatible; ClaudeBot/1.0; +claudebot@anthropic.com)" 491 **0/491957**
208.109.40.231 - - [28/Mar/2026:06:03:26 -0700] "POST /wp-cron.php?doing_wp_cron=1774703006.1692430973052978515625 HTTP/1.1" 200 - "-" "WordPress/6.9.4; https://wanderlustyacht.co" 54 **0/54873**
66.249.70.138 - - [28/Mar/2026:06:03:25 -0700] "GET /index.php/?s=397e6f HTTP/1.1" 200 18905 "-" "Mozilla/5.0 (compatible; Googlebot/2.1; +http://www.google.com/bot.html)" 688 **0/688707**
66.249.70.136 - - [28/Mar/2026:06:03:29 -0700] "GET /search/349c8f/feed/rss2/ HTTP/1.1" 200 497 "-" "Mozilla/5.0 (Linux; Android 6.0.1; Nexus 5X Build/MMB29P) AppleWebKit/537.36 (KHTML, like Gecko) Chrome/146.0.7680.153 Mobile Safari/537.36 (compatible; GoogleOther)" 486 **0/486690**
66.249.70.136 - - [28/Mar/2026:06:03:54 -0700] "GET /?s=5d86b7 HTTP/1.1" 200 18905 "-" "Mozilla/5.0 (compatible; Googlebot/2.1; +http://www.google.com/bot.html)" 699 **0/699143**
208.109.40.231 - - [28/Mar/2026:06:04:42 -0700] "POST /wp-cron.php?doing_wp_cron=1774703082.5601480007171630859375 HTTP/1.1" 200 - "-" "WordPress/6.9.4; https://wanderlustyacht.co" 23 **0/23412**
66.249.70.138 - - [28/Mar/2026:06:04:41 -0700] "GET /?s=570e2f HTTP/1.1" 200 18905 "-" "Mozilla/5.0 (compatible; Googlebot/2.1; +http://www.google.com/bot.html)" 625 **0/625463**
66.249.70.137 - - [28/Mar/2026:06:05:03 -0700] "GET /index.php/?s=66330d HTTP/1.1" 200 18905 "-" "Mozilla/5.0 (compatible; Googlebot/2.1; +http://www.google.com/bot.html)" 1488 **1/1488675**
208.109.40.231 - - [28/Mar/2026:06:05:27 -0700] "POST /wp-cron.php?doing_wp_cron=1774703127.0693829059600830078125 HTTP/1.1" 200 - "-" "WordPress/6.9.4; https://wanderlustyacht.co" 65 **0/65888**
40.77.167.14 - - [28/Mar/2026:06:05:26 -0700] "GET /?s=480e4d HTTP/2.0" 200 18913 "-" "Mozilla/5.0 AppleWebKit/537.36 (KHTML, like Gecko; compatible; bingbot/2.0; +http://www.bing.com/bingbot.htm) Chrome/116.0.1938.76 Safari/537.36" 880 **0/880084**
208.109.40.231 - - [28/Mar/2026:06:06:59 -0700] "POST /wp-cron.php?doing_wp_cron=1774703219.2653191089630126953125 HTTP/1.1" 200 - "-" "WordPress/6.9.4; https://wanderlustyacht.co" 79 **0/79321**
66.249.70.136 - - [28/Mar/2026:06:06:58 -0700] "GET /search/4abd7e/feed/rss2/ HTTP/1.1" 200 495 "-" "Mozilla/5.0 (Linux; Android 6.0.1; Nexus 5X Build/MMB29P) AppleWebKit/537.36 (KHTML, like Gecko) Chrome/146.0.7680.153 Mobile Safari/537.36 (compatible; GoogleOther)" 603 **0/603611**
208.109.40.231 - - [28/Mar/2026:06:08:19 -0700] "POST /wp-cron.php?doing_wp_cron=1774703299.2684609889984130859375 HTTP/1.1" 200 - "-" "WordPress/6.9.4; https://wanderlustyacht.co" 94 **0/94051**
144.31.35.87 - - [28/Mar/2026:06:08:17 -0700] "GET /wp-json/wp/v2/pages/188 HTTP/1.1" 200 17920 "-" "Mozilla/5.0 (Macintosh; Intel Mac OS X 10_15_7) AppleWebKit/537.36 (KHTML, like Gecko) Chrome/135.0.0.0 Safari/537.36" 1630 **1/1630419**
208.109.40.231 - - [28/Mar/2026:06:08:38 -0700] "POST /wp-cron.php?doing_wp_cron=1774703318.9697389602661132812500 HTTP/1.1" 200 - "-" "WordPress/6.9.4; https://wanderlustyacht.co" 52 **0/52021**
66.249.70.138 - - [28/Mar/2026:06:08:38 -0700] "GET /?s=33bd8d HTTP/1.1" 200 18907 "-" "Mozilla/5.0 (Linux; Android 6.0.1; Nexus 5X Build/MMB29P) AppleWebKit/537.36 (KHTML, like Gecko) Chrome/146.0.7680.153 Mobile Safari/537.36 (compatible; Googlebot/2.1; +http://www.google.com/bot.html)" 784 **0/784575**
208.109.40.231 - - [28/Mar/2026:06:09:36 -0700] "POST /wp-cron.php?doing_wp_cron=1774703375.9990520477294921875000 HTTP/1.1" 200 - "-" "WordPress/6.9.4; https://wanderlustyacht.co" 29 **0/29157**
66.249.70.138 - - [28/Mar/2026:06:09:35 -0700] "GET /?s=666aef HTTP/1.1" 200 18904 "-" "Mozilla/5.0 (compatible; Googlebot/2.1; +http://www.google.com/bot.html)" 973 **0/973599**
208.109.40.231 - - [28/Mar/2026:06:10:28 -0700] "POST /wp-cron.php?doing_wp_cron=1774703428.3927168846130371093750 HTTP/1.1" 200 - "-" "WordPress/6.9.4; https://wanderlustyacht.co" 38 **0/38559**
66.249.70.138 - - [28/Mar/2026:06:10:27 -0700] "GET /search/551b2d/feed/rss2/ HTTP/1.1" 200 496 "-" "Mozilla/5.0 (Linux; Android 6.0.1; Nexus 5X Build/MMB29P) AppleWebKit/537.36 (KHTML, like Gecko) Chrome/146.0.7680.153 Mobile Safari/537.36 (compatible; GoogleOther)" 624 **0/624947**
208.109.40.231 - - [28/Mar/2026:06:12:13 -0700] "POST /wp-cron.php?doing_wp_cron=1774703533.0472989082336425781250 HTTP/1.1" 200 - "-" "WordPress/6.9.4; https://wanderlustyacht.co" 22 **0/22626**
66.249.70.137 - - [28/Mar/2026:06:12:12 -0700] "GET /search/2ff5f7/feed/rss2/ HTTP/1.1" 200 496 "-" "Mozilla/5.0 (Linux; Android 6.0.1; Nexus 5X Build/MMB29P) AppleWebKit/537.36 (KHTML, like Gecko) Chrome/146.0.7680.153 Mobile Safari/537.36 (compatible; GoogleOther)" 850 **0/850263**
40.77.167.70 - - [28/Mar/2026:06:12:17 -0700] "GET /?s=659d34 HTTP/2.0" 200 18905 "-" "Mozilla/5.0 AppleWebKit/537.36 (KHTML, like Gecko; compatible; bingbot/2.0; +http://www.bing.com/bingbot.htm) Chrome/116.0.1938.76 Safari/537.36" 1040 **1/1040495**
208.109.40.231 - - [28/Mar/2026:06:12:56 -0700] "POST /wp-cron.php?doing_wp_cron=1774703576.7078371047973632812500 HTTP/1.1" 200 - "-" "WordPress/6.9.4; https://wanderlustyacht.co" 91 **0/91555**
66.249.83.74 - - [28/Mar/2026:06:12:55 -0700] "GET /?s=2d3c2b HTTP/1.1" 200 18905 "-" "Mozilla/5.0 (X11; Linux x86_64; Storebot-Google/1.0) AppleWebKit/537.36 (KHTML, like Gecko) Chrome/121.0.0.0 Safari/537.36" 1108 **1/1108077**
66.249.83.74 - - [28/Mar/2026:06:12:57 -0700] "GET /wp-content/themes/page-builder-framework/css/min/responsive-min.css?ver=2.11.9 HTTP/1.1" 200 1236 "https://wanderlustyacht.co/?s=2d3c2b" "Mozilla/5.0 (X11; Linux x86_64; Storebot-Google/1.0) AppleWebKit/537.36 (KHTML, like Gecko) Chrome/121.0.0.0 Safari/537.36" 10 **0/10560**
66.249.83.73 - - [28/Mar/2026:06:12:57 -0700] "GET /wp-content/plugins/jet-engine/assets/css/frontend.css?ver=3.6.2 HTTP/1.1" 200 7170 "https://wanderlustyacht.co/?s=2d3c2b" "Mozilla/5.0 (X11; Linux x86_64; Storebot-Google/1.0) AppleWebKit/537.36 (KHTML, like Gecko) Chrome/121.0.0.0 Safari/537.36" 16 **0/16058**
66.249.83.72 - - [28/Mar/2026:06:12:57 -0700] "GET /wp-content/themes/page-builder-framework/css/min/iconfont-min.css?ver=2.11.9 HTTP/1.1" 200 551 "https://wanderlustyacht.co/?s=2d3c2b" "Mozilla/5.0 (X11; Linux x86_64; Storebot-Google/1.0) AppleWebKit/537.36 (KHTML, like Gecko) Chrome/121.0.0.0 Safari/537.36" 9 **0/9095**
66.249.83.73 - - [28/Mar/2026:06:12:57 -0700] "GET /wp-content/plugins/fluentform/assets/css/fluent-forms-elementor-widget.css?ver=6.1.21 HTTP/1.1" 200 772 "https://wanderlustyacht.co/?s=2d3c2b" "Mozilla/5.0 (X11; Linux x86_64; Storebot-Google/1.0) AppleWebKit/537.36 (KHTML, like Gecko) Chrome/121.0.0.0 Safari/537.36" 28 **0/28679**
66.249.83.73 - - [28/Mar/2026:06:12:57 -0700] "GET /wp-content/themes/page-builder-framework/css/min/style-min.css?ver=2.11.9 HTTP/1.1" 200 6202 "https://wanderlustyacht.co/?s=2d3c2b" "Mozilla/5.0 (X11; Linux x86_64; Storebot-Google/1.0) AppleWebKit/537.36 (KHTML, like Gecko) Chrome/121.0.0.0 Safari/537.36" 19 **0/19772**
66.249.83.73 - - [28/Mar/2026:06:12:57 -0700] "GET /wp-includes/css/dist/block-library/style.min.css?ver=6.9.4 HTTP/1.1" 200 14701 "https://wanderlustyacht.co/?s=2d3c2b" "Mozilla/5.0 (X11; Linux x86_64; Storebot-Google/1.0) AppleWebKit/537.36 (KHTML, like Gecko) Chrome/121.0.0.0 Safari/537.36" 40 **0/40046**
66.249.83.73 - - [28/Mar/2026:06:12:57 -0700] "GET /wp-content/plugins/jet-reviews/assets/css/jet-reviews.css?ver=2.3.6 HTTP/1.1" 200 3906 "https://wanderlustyacht.co/?s=2d3c2b" "Mozilla/5.0 (X11; Linux x86_64; Storebot-Google/1.0) AppleWebKit/537.36 (KHTML, like Gecko) Chrome/121.0.0.0 Safari/537.36" 13 **0/13514**
66.249.83.72 - - [28/Mar/2026:06:12:57 -0700] "GET /wp-content/plugins/jet-woo-product-gallery/assets/lib/photoswipe/css/default-skin/default-skin.min.css?ver=2.1.20 HTTP/1.1" 200 1730 "https://wanderlustyacht.co/?s=2d3c2b" "Mozilla/5.0 (X11; Linux x86_64; Storebot-Google/1.0) AppleWebKit/537.36 (KHTML, like Gecko) Chrome/121.0.0.0 Safari/537.36" 33 **0/33479**
66.249.83.72 - - [28/Mar/2026:06:12:57 -0700] "GET /wp-content/plugins/jet-woo-product-gallery/assets/css/frontend.css?ver=2.1.20 HTTP/1.1" 200 2531 "https://wanderlustyacht.co/?s=2d3c2b" "Mozilla/5.0 (X11; Linux x86_64; Storebot-Google/1.0) AppleWebKit/537.36 (KHTML, like Gecko) Chrome/121.0.0.0 Safari/537.36" 11 **0/11660**
66.249.83.72 - - [28/Mar/2026:06:12:57 -0700] "GET /wp-content/plugins/jet-woo-product-gallery/assets/lib/photoswipe/css/photoswipe.min.css?ver=2.1.20 HTTP/1.1" 200 857 "https://wanderlustyacht.co/?s=2d3c2b" "Mozilla/5.0 (X11; Linux x86_64; Storebot-Google/1.0) AppleWebKit/537.36 (KHTML, like Gecko) Chrome/121.0.0.0 Safari/537.36" 25 **0/25072**
66.249.83.72 - - [28/Mar/2026:06:12:57 -0700] "GET /wp-content/plugins/jet-woo-product-gallery/assets/css/widgets/gallery-anchor-nav.css?ver=2.1.20 HTTP/1.1" 200 455 "https://wanderlustyacht.co/?s=2d3c2b" "Mozilla/5.0 (X11; Linux x86_64; Storebot-Google/1.0) AppleWebKit/537.36 (KHTML, like Gecko) Chrome/121.0.0.0 Safari/537.36" 8 **0/8044**
66.249.83.73 - - [28/Mar/2026:06:12:57 -0700] "GET /wp-content/plugins/jet-woo-product-gallery/assets/css/widgets/gallery-grid.css?ver=2.1.20 HTTP/1.1" 200 322 "https://wanderlustyacht.co/?s=2d3c2b" "Mozilla/5.0 (X11; Linux x86_64; Storebot-Google/1.0) AppleWebKit/537.36 (KHTML, like Gecko) Chrome/121.0.0.0 Safari/537.36" 24 **0/24165**
66.249.83.73 - - [28/Mar/2026:06:12:58 -0700] "GET /wp-content/plugins/jet-popup/assets/css/jet-popup-frontend.css?ver=2.0.10 HTTP/1.1" 200 2624 "https://wanderlustyacht.co/?s=2d3c2b" "Mozilla/5.0 (X11; Linux x86_64; Storebot-Google/1.0) AppleWebKit/537.36 (KHTML, like Gecko) Chrome/121.0.0.0 Safari/537.36" 16 **0/16365**
66.249.83.72 - - [28/Mar/2026:06:12:58 -0700] "GET /wp-content/plugins/jet-woo-product-gallery/assets/css/widgets/gallery-modern.css?ver=2.1.20 HTTP/1.1" 200 199 "https://wanderlustyacht.co/?s=2d3c2b" "Mozilla/5.0 (X11; Linux x86_64; Storebot-Google/1.0) AppleWebKit/537.36 (KHTML, like Gecko) Chrome/121.0.0.0 Safari/537.36" 13 **0/13971**
66.249.83.73 - - [28/Mar/2026:06:12:58 -0700] "GET /wp-content/plugins/jet-menu/assets/public/css/public.css?ver=2.4.7.1 HTTP/1.1" 200 6405 "https://wanderlustyacht.co/?s=2d3c2b" "Mozilla/5.0 (X11; Linux x86_64; Storebot-Google/1.0) AppleWebKit/537.36 (KHTML, like Gecko) Chrome/121.0.0.0 Safari/537.36" 35 **0/35837**
66.249.83.74 - - [28/Mar/2026:06:12:58 -0700] "GET /wp-content/plugins/jet-woo-product-gallery/assets/css/widgets/gallery-slider.css?ver=2.1.20 HTTP/1.1" 200 2171 "https://wanderlustyacht.co/?s=2d3c2b" "Mozilla/5.0 (X11; Linux x86_64; Storebot-Google/1.0) AppleWebKit/537.36 (KHTML, like Gecko) Chrome/121.0.0.0 Safari/537.36" 10 **0/10717**
66.249.83.74 - - [28/Mar/2026:06:12:58 -0700] "GET /wp-includes/js/mediaelement/mediaelementplayer-legacy.min.css?ver=4.2.17 HTTP/1.1" 200 2397 "https://wanderlustyacht.co/?s=2d3c2b" "Mozilla/5.0 (X11; Linux x86_64; Storebot-Google/1.0) AppleWebKit/537.36 (KHTML, like Gecko) Chrome/121.0.0.0 Safari/537.36" 14 **0/14420**
66.249.83.74 - - [28/Mar/2026:06:12:58 -0700] "GET /wp-content/plugins/jet-theme-core/assets/css/frontend.css?ver=2.2.2.1 HTTP/1.1" 200 1 "https://wanderlustyacht.co/?s=2d3c2b" "Mozilla/5.0 (X11; Linux x86_64; Storebot-Google/1.0) AppleWebKit/537.36 (KHTML, like Gecko) Chrome/121.0.0.0 Safari/537.36" 12 **0/12564**
66.249.83.74 - - [28/Mar/2026:06:12:58 -0700] "GET /wp-content/uploads/elementor/css/post-17.css?ver=1774700461 HTTP/1.1" 200 342 "-" "Mozilla/5.0 (X11; Linux x86_64; Storebot-Google/1.0) AppleWebKit/537.36 (KHTML, like Gecko) Chrome/121.0.0.0 Safari/537.36" 12 **0/12996**
66.249.83.73 - - [28/Mar/2026:06:12:58 -0700] "GET /wp-content/plugins/jet-tabs/assets/css/jet-tabs-frontend.css?ver=2.2.6.2 HTTP/1.1" 200 3774 "https://wanderlustyacht.co/?s=2d3c2b" "Mozilla/5.0 (X11; Linux x86_64; Storebot-Google/1.0) AppleWebKit/537.36 (KHTML, like Gecko) Chrome/121.0.0.0 Safari/537.36" 23 **0/23586**
66.249.83.72 - - [28/Mar/2026:06:12:58 -0700] "GET /wp-content/uploads/elementor/css/custom-jet-blocks.css?ver=1.3.16 HTTP/1.1" 200 4674 "https://wanderlustyacht.co/?s=2d3c2b" "Mozilla/5.0 (X11; Linux x86_64; Storebot-Google/1.0) AppleWebKit/537.36 (KHTML, like Gecko) Chrome/121.0.0.0 Safari/537.36" 17 **0/17911**
66.249.83.72 - - [28/Mar/2026:06:12:58 -0700] "GET /wp-content/plugins/elementor/assets/css/frontend.min.css?ver=3.35.9 HTTP/1.1" 200 6618 "https://wanderlustyacht.co/?s=2d3c2b" "Mozilla/5.0 (X11; Linux x86_64; Storebot-Google/1.0) AppleWebKit/537.36 (KHTML, like Gecko) Chrome/121.0.0.0 Safari/537.36" 27 **0/27812**
66.249.83.73 - - [28/Mar/2026:06:12:58 -0700] "GET /wp-content/plugins/wpbf-premium/css/wpbf-premium.css?ver=2.10.4 HTTP/1.1" 200 3541 "https://wanderlustyacht.co/?s=2d3c2b" "Mozilla/5.0 (X11; Linux x86_64; Storebot-Google/1.0) AppleWebKit/537.36 (KHTML, like Gecko) Chrome/121.0.0.0 Safari/537.36" 21 **0/21927**
66.249.83.72 - - [28/Mar/2026:06:12:58 -0700] "GET /wp-content/plugins/jet-blog/assets/css/jet-blog.css?ver=2.4.2 HTTP/1.1" 200 8169 "https://wanderlustyacht.co/?s=2d3c2b" "Mozilla/5.0 (X11; Linux x86_64; Storebot-Google/1.0) AppleWebKit/537.36 (KHTML, like Gecko) Chrome/121.0.0.0 Safari/537.36" 38 **0/38087**
66.249.83.74 - - [28/Mar/2026:06:12:59 -0700] "GET /wp-content/uploads/elementor/css/post-606.css?ver=1774700461 HTTP/1.1" 200 1366 "-" "Mozilla/5.0 (X11; Linux x86_64; Storebot-Google/1.0) AppleWebKit/537.36 (KHTML, like Gecko) Chrome/121.0.0.0 Safari/537.36" 16 **0/16164**
66.249.83.73 - - [28/Mar/2026:06:12:59 -0700] "GET /wp-includes/js/imagesloaded.min.js?ver=6.9.4 HTTP/1.1" 200 1687 "https://wanderlustyacht.co/?s=2d3c2b" "Mozilla/5.0 (X11; Linux x86_64; Storebot-Google/1.0) AppleWebKit/537.36 (KHTML, like Gecko) Chrome/121.0.0.0 Safari/537.36" 8 **0/8642**
66.249.83.74 - - [28/Mar/2026:06:12:59 -0700] "GET /wp-content/uploads/2024/09/wanderlust-logo-1-m.png HTTP/1.1" 200 81812 "-" "Mozilla/5.0 (X11; Linux x86_64; Storebot-Google/1.0) AppleWebKit/537.36 (KHTML, like Gecko) Chrome/121.0.0.0 Safari/537.36" 9 **0/9099**
66.249.83.74 - - [28/Mar/2026:06:12:59 -0700] "GET /wp-content/plugins/jet-search/assets/lib/chosen/chosen.min.css?ver=1.8.7 HTTP/1.1" 200 2051 "https://wanderlustyacht.co/?s=2d3c2b" "Mozilla/5.0 (X11; Linux x86_64; Storebot-Google/1.0) AppleWebKit/537.36 (KHTML, like Gecko) Chrome/121.0.0.0 Safari/537.36" 17 **0/17910**
66.249.83.74 - - [28/Mar/2026:06:12:59 -0700] "GET /wp-content/plugins/jet-search/assets/css/jet-search.css?ver=3.5.5.1 HTTP/1.1" 200 8246 "https://wanderlustyacht.co/?s=2d3c2b" "Mozilla/5.0 (X11; Linux x86_64; Storebot-Google/1.0) AppleWebKit/537.36 (KHTML, like Gecko) Chrome/121.0.0.0 Safari/537.36" 17 **0/17724**
66.249.83.72 - - [28/Mar/2026:06:12:59 -0700] "GET /wp-includes/js/jquery/jquery.min.js?ver=3.7.1 HTTP/1.1" 200 29769 "https://wanderlustyacht.co/?s=2d3c2b" "Mozilla/5.0 (X11; Linux x86_64; Storebot-Google/1.0) AppleWebKit/537.36 (KHTML, like Gecko) Chrome/121.0.0.0 Safari/537.36" 37 **0/37079**
66.249.83.73 - - [28/Mar/2026:06:12:59 -0700] "GET /wp-includes/js/jquery/jquery-migrate.min.js?ver=3.4.1 HTTP/1.1" 200 4685 "https://wanderlustyacht.co/?s=2d3c2b" "Mozilla/5.0 (X11; Linux x86_64; Storebot-Google/1.0) AppleWebKit/537.36 (KHTML, like Gecko) Chrome/121.0.0.0 Safari/537.36" 12 **0/12680**
66.249.83.72 - - [28/Mar/2026:06:12:59 -0700] "GET /wp-content/uploads/2024/07/Screenshot.png HTTP/1.1" 200 26062 "-" "Mozilla/5.0 (X11; Linux x86_64; Storebot-Google/1.0) AppleWebKit/537.36 (KHTML, like Gecko) Chrome/121.0.0.0 Safari/537.36" 26 **0/26969**
66.249.83.72 - - [28/Mar/2026:06:12:59 -0700] "GET /wp-content/uploads/elementor/css/post-30.css?ver=1774700461 HTTP/1.1" 200 1603 "-" "Mozilla/5.0 (X11; Linux x86_64; Storebot-Google/1.0) AppleWebKit/537.36 (KHTML, like Gecko) Chrome/121.0.0.0 Safari/537.36" 14 **0/14934**
66.249.83.72 - - [28/Mar/2026:06:12:59 -0700] "GET /wp-content/plugins/elementor/assets/css/widget-image.min.css?ver=3.35.9 HTTP/1.1" 200 96 "https://wanderlustyacht.co/?s=2d3c2b" "Mozilla/5.0 (X11; Linux x86_64; Storebot-Google/1.0) AppleWebKit/537.36 (KHTML, like Gecko) Chrome/121.0.0.0 Safari/537.36" 16 **0/16109**
66.249.83.74 - - [28/Mar/2026:06:12:59 -0700] "GET /wp-content/plugins/jet-popup/assets/js/jet-popup-frontend.js?ver=2.0.10 HTTP/1.1" 200 6520 "https://wanderlustyacht.co/?s=2d3c2b" "Mozilla/5.0 (X11; Linux x86_64; Storebot-Google/1.0) AppleWebKit/537.36 (KHTML, like Gecko) Chrome/121.0.0.0 Safari/537.36" 20 **0/20276**
66.249.83.73 - - [28/Mar/2026:06:12:59 -0700] "GET /wp-content/plugins/elementor/assets/js/frontend.min.js?ver=3.35.9 HTTP/1.1" 200 10063 "https://wanderlustyacht.co/?s=2d3c2b" "Mozilla/5.0 (X11; Linux x86_64; Storebot-Google/1.0) AppleWebKit/537.36 (KHTML, like Gecko) Chrome/121.0.0.0 Safari/537.36" 16 **0/16319**
66.249.83.73 - - [28/Mar/2026:06:12:59 -0700] "GET /wp-includes/js/hoverIntent.min.js?ver=1.10.2 HTTP/1.1" 200 669 "https://wanderlustyacht.co/?s=2d3c2b" "Mozilla/5.0 (X11; Linux x86_64; Storebot-Google/1.0) AppleWebKit/537.36 (KHTML, like Gecko) Chrome/121.0.0.0 Safari/537.36" 8 **0/8945**
66.249.83.74 - - [28/Mar/2026:06:12:59 -0700] "GET /wp-includes/js/jquery/ui/core.min.js?ver=1.13.3 HTTP/1.1" 200 6820 "https://wanderlustyacht.co/?s=2d3c2b" "Mozilla/5.0 (X11; Linux x86_64; Storebot-Google/1.0) AppleWebKit/537.36 (KHTML, like Gecko) Chrome/121.0.0.0 Safari/537.36" 22 **0/22880**
66.249.83.73 - - [28/Mar/2026:06:12:59 -0700] "GET /wp-content/uploads/2024/08/times.ttf HTTP/1.1" 200 190263 "-" "Mozilla/5.0 (X11; Linux x86_64; Storebot-Google/1.0) AppleWebKit/537.36 (KHTML, like Gecko) Chrome/121.0.0.0 Safari/537.36" 99 **0/99017**
66.249.83.72 - - [28/Mar/2026:06:13:00 -0700] "GET /wp-content/plugins/elementor-pro/assets/js/webpack-pro.runtime.min.js?ver=3.31.2 HTTP/1.1" 200 2623 "https://wanderlustyacht.co/?s=2d3c2b" "Mozilla/5.0 (X11; Linux x86_64; Storebot-Google/1.0) AppleWebKit/537.36 (KHTML, like Gecko) Chrome/121.0.0.0 Safari/537.36" 17 **0/17857**
66.249.83.74 - - [28/Mar/2026:06:13:00 -0700] "GET /wp-content/plugins/elementor-pro/assets/lib/smartmenus/jquery.smartmenus.min.js?ver=1.2.1 HTTP/1.1" 200 6877 "https://wanderlustyacht.co/?s=2d3c2b" "Mozilla/5.0 (X11; Linux x86_64; Storebot-Google/1.0) AppleWebKit/537.36 (KHTML, like Gecko) Chrome/121.0.0.0 Safari/537.36" 41 **0/41955**
66.249.83.74 - - [28/Mar/2026:06:13:00 -0700] "GET /wp-includes/js/dist/i18n.min.js?ver=c26c3dc7bed366793375 HTTP/1.1" 200 2118 "https://wanderlustyacht.co/?s=2d3c2b" "Mozilla/5.0 (X11; Linux x86_64; Storebot-Google/1.0) AppleWebKit/537.36 (KHTML, like Gecko) Chrome/121.0.0.0 Safari/537.36" 22 **0/22301**
66.249.83.73 - - [28/Mar/2026:06:13:00 -0700] "GET /wp-content/plugins/elementor/assets/js/frontend-modules.min.js?ver=3.35.9 HTTP/1.1" 200 15429 "https://wanderlustyacht.co/?s=2d3c2b" "Mozilla/5.0 (X11; Linux x86_64; Storebot-Google/1.0) AppleWebKit/537.36 (KHTML, like Gecko) Chrome/121.0.0.0 Safari/537.36" 38 **0/38088**
66.249.83.73 - - [28/Mar/2026:06:13:00 -0700] "GET /wp-content/plugins/elementor-pro/assets/js/elements-handlers.min.js?ver=3.31.2 HTTP/1.1" 200 10194 "https://wanderlustyacht.co/?s=2d3c2b" "Mozilla/5.0 (X11; Linux x86_64; Storebot-Google/1.0) AppleWebKit/537.36 (KHTML, like Gecko) Chrome/121.0.0.0 Safari/537.36" 18 **0/18575**
66.249.83.72 - - [28/Mar/2026:06:13:00 -0700] "GET /wp-content/plugins/elementor-pro/assets/css/widget-nav-menu.min.css?ver=3.31.2 HTTP/1.1" 200 3246 "https://wanderlustyacht.co/?s=2d3c2b" "Mozilla/5.0 (X11; Linux x86_64; Storebot-Google/1.0) AppleWebKit/537.36 (KHTML, like Gecko) Chrome/121.0.0.0 Safari/537.36" 25 **0/25376**
66.249.83.73 - - [28/Mar/2026:06:13:00 -0700] "GET /wp-content/uploads/2024/07/footer-cards.png HTTP/1.1" 200 67493 "-" "Mozilla/5.0 (X11; Linux x86_64; Storebot-Google/1.0) AppleWebKit/537.36 (KHTML, like Gecko) Chrome/121.0.0.0 Safari/537.36" 19 **0/19114**
66.249.83.73 - - [28/Mar/2026:06:13:00 -0700] "GET /wp-content/plugins/jet-elements/assets/js/jet-elements.min.js?ver=2.7.2.1 HTTP/1.1" 200 23789 "https://wanderlustyacht.co/?s=2d3c2b" "Mozilla/5.0 (X11; Linux x86_64; Storebot-Google/1.0) AppleWebKit/537.36 (KHTML, like Gecko) Chrome/121.0.0.0 Safari/537.36" 27 **0/27291**
66.249.83.72 - - [28/Mar/2026:06:13:00 -0700] "GET /wp-content/plugins/jet-blocks/assets/js/jet-blocks.min.js?ver=1.3.16 HTTP/1.1" 200 5419 "https://wanderlustyacht.co/?s=2d3c2b" "Mozilla/5.0 (X11; Linux x86_64; Storebot-Google/1.0) AppleWebKit/537.36 (KHTML, like Gecko) Chrome/121.0.0.0 Safari/537.36" 48 **0/48850**
66.249.83.72 - - [28/Mar/2026:06:13:01 -0700] "GET /wp-content/plugins/jet-menu/includes/elementor/assets/public/js/widgets-scripts.js?ver=2.4.7.1 HTTP/1.1" 200 3278 "https://wanderlustyacht.co/?s=2d3c2b" "Mozilla/5.0 (X11; Linux x86_64; Storebot-Google/1.0) AppleWebKit/537.36 (KHTML, like Gecko) Chrome/121.0.0.0 Safari/537.36" 16 **0/16555**
66.249.83.74 - - [28/Mar/2026:06:13:01 -0700] "GET /wp-content/plugins/elementor/assets/css/widget-icon-list.min.css?ver=3.35.9 HTTP/1.1" 200 928 "https://wanderlustyacht.co/?s=2d3c2b" "Mozilla/5.0 (X11; Linux x86_64; Storebot-Google/1.0) AppleWebKit/537.36 (KHTML, like Gecko) Chrome/121.0.0.0 Safari/537.36" 21 **0/21941**
66.249.83.74 - - [28/Mar/2026:06:13:01 -0700] "GET /wp-content/plugins/jet-popup/includes/elementor/assets/js/jet-popup-elementor-frontend.js?ver=2.0.10 HTTP/1.1" 200 2147 "https://wanderlustyacht.co/?s=2d3c2b" "Mozilla/5.0 (X11; Linux x86_64; Storebot-Google/1.0) AppleWebKit/537.36 (KHTML, like Gecko) Chrome/121.0.0.0 Safari/537.36" 37 **0/37721**
66.249.83.73 - - [28/Mar/2026:06:13:01 -0700] "GET /wp-includes/js/dist/url.min.js?ver=9e178c9516d1222dc834 HTTP/1.1" 200 3656 "https://wanderlustyacht.co/?s=2d3c2b" "Mozilla/5.0 (X11; Linux x86_64; Storebot-Google/1.0) AppleWebKit/537.36 (KHTML, like Gecko) Chrome/121.0.0.0 Safari/537.36" 12 **0/12843**
66.249.83.74 - - [28/Mar/2026:06:13:01 -0700] "GET /wp-includes/js/dist/api-fetch.min.js?ver=3a4d9af2b423048b0dee HTTP/1.1" 200 2304 "https://wanderlustyacht.co/?s=2d3c2b" "Mozilla/5.0 (X11; Linux x86_64; Storebot-Google/1.0) AppleWebKit/537.36 (KHTML, like Gecko) Chrome/121.0.0.0 Safari/537.36" 17 **0/17477**
66.249.83.74 - - [28/Mar/2026:06:13:01 -0700] "GET /wp-content/plugins/jet-reviews/assets/js/jet-reviews-frontend.js?ver=2.3.6 HTTP/1.1" 200 8919 "https://wanderlustyacht.co/?s=2d3c2b" "Mozilla/5.0 (X11; Linux x86_64; Storebot-Google/1.0) AppleWebKit/537.36 (KHTML, like Gecko) Chrome/121.0.0.0 Safari/537.36" 44 **0/44549**
66.249.83.72 - - [28/Mar/2026:06:13:01 -0700] "GET /wp-content/plugins/elementor/assets/css/widget-heading.min.css?ver=3.35.9 HTTP/1.1" 200 127 "https://wanderlustyacht.co/?s=2d3c2b" "Mozilla/5.0 (X11; Linux x86_64; Storebot-Google/1.0) AppleWebKit/537.36 (KHTML, like Gecko) Chrome/121.0.0.0 Safari/537.36" 39 **0/39079**
66.249.83.72 - - [28/Mar/2026:06:13:01 -0700] "GET /wp-content/plugins/jet-tabs/assets/js/jet-tabs-frontend.min.js?ver=2.2.6.2 HTTP/1.1" 200 5807 "https://wanderlustyacht.co/?s=2d3c2b" "Mozilla/5.0 (X11; Linux x86_64; Storebot-Google/1.0) AppleWebKit/537.36 (KHTML, like Gecko) Chrome/121.0.0.0 Safari/537.36" 44 **0/44868**
66.249.83.74 - - [28/Mar/2026:06:13:01 -0700] "GET /wp-content/plugins/jet-blog/assets/js/jet-blog.min.js?ver=2.4.2 HTTP/1.1" 200 3338 "https://wanderlustyacht.co/?s=2d3c2b" "Mozilla/5.0 (X11; Linux x86_64; Storebot-Google/1.0) AppleWebKit/537.36 (KHTML, like Gecko) Chrome/121.0.0.0 Safari/537.36" 38 **0/38588**
66.249.83.72 - - [28/Mar/2026:06:13:01 -0700] "GET /wp-content/plugins/elementor/assets/js/webpack.runtime.min.js?ver=3.35.9 HTTP/1.1" 200 2282 "https://wanderlustyacht.co/?s=2d3c2b" "Mozilla/5.0 (X11; Linux x86_64; Storebot-Google/1.0) AppleWebKit/537.36 (KHTML, like Gecko) Chrome/121.0.0.0 Safari/537.36" 14 **0/14812**
66.249.83.72 - - [28/Mar/2026:06:13:01 -0700] "GET /wp-content/plugins/jet-elements/assets/js/lib/anime-js/anime.min.js?ver=2.2.0 HTTP/1.1" 200 5935 "https://wanderlustyacht.co/?s=2d3c2b" "Mozilla/5.0 (X11; Linux x86_64; Storebot-Google/1.0) AppleWebKit/537.36 (KHTML, like Gecko) Chrome/121.0.0.0 Safari/537.36" 18 **0/18855**
66.249.83.72 - - [28/Mar/2026:06:13:01 -0700] "GET /wp-content/plugins/fluentform/assets/js/fluent-forms-elementor-widget.js?ver=6.1.21 HTTP/1.1" 200 367 "https://wanderlustyacht.co/?s=2d3c2b" "Mozilla/5.0 (X11; Linux x86_64; Storebot-Google/1.0) AppleWebKit/537.36 (KHTML, like Gecko) Chrome/121.0.0.0 Safari/537.36" 38 **0/38510**
66.249.83.74 - - [28/Mar/2026:06:13:01 -0700] "GET /wp-content/plugins/jet-menu/assets/public/js/jet-menu-public-scripts.js?ver=2.4.7.1 HTTP/1.1" 200 10503 "https://wanderlustyacht.co/?s=2d3c2b" "Mozilla/5.0 (X11; Linux x86_64; Storebot-Google/1.0) AppleWebKit/537.36 (KHTML, like Gecko) Chrome/121.0.0.0 Safari/537.36" 28 **0/28250**
66.249.83.74 - - [28/Mar/2026:06:13:01 -0700] "GET /wp-includes/js/dist/hooks.min.js?ver=dd5603f07f9220ed27f1 HTTP/1.1" 200 1855 "https://wanderlustyacht.co/?s=2d3c2b" "Mozilla/5.0 (X11; Linux x86_64; Storebot-Google/1.0) AppleWebKit/537.36 (KHTML, like Gecko) Chrome/121.0.0.0 Safari/537.36" 16 **0/16453**
